245
CDUS43 KJKL 240523
CLIJKL

CLIMATE REPORT
NATIONAL WEATHER SERVICE JACKSON KY
123 AM EDT SUN APR 24 2016

...................................

...THE JACKSON KY CLIMATE SUMMARY FOR APRIL 23 2016...

CLIMATE NORMAL PERIOD 1981 TO 2010
CLIMATE RECORD PERIOD 1981 TO 2016

WEATHER ITEM   OBSERVED TIME   RECORD YEAR NORMAL DEPARTURE LAST
                VALUE   (LST)  VALUE       VALUE  FROM      YEAR
                                                  NORMAL
..................................................................
TEMPERATURE (F)
 YESTERDAY
  MAXIMUM         65    508 PM  88    1988  70     -5       60
  MINIMUM         51   1159 PM  25    1986  49      2       36
  AVERAGE         58                        60     -2       48

PRECIPITATION (IN)
  YESTERDAY        0.00          1.82 1995   0.14  -0.14     0.00
  MONTH TO DATE    1.18                      2.88  -1.70     9.54
  SINCE MAR 1      3.56                      7.00  -3.44    15.80
  SINCE JAN 1     13.12                     14.36  -1.24    21.98

SNOWFALL (IN)
  YESTERDAY        0.0           0.0  2002   0.0    0.0      0.0
  MONTH TO DATE    0.1                       1.0   -0.9      0.0
  SINCE MAR 1      2.9                       3.9   -1.0      3.7
  SINCE JUL 1     32.5                      23.5    9.0     29.1
  SNOW DEPTH       0

DEGREE DAYS
 HEATING
  YESTERDAY        7                         7      0       17
  MONTH TO DATE  217                       226     -9      134
  SINCE MAR 1    556                       779   -223      682
  SINCE JUL 1   3310                      4079   -769     4447

 COOLING
  YESTERDAY        0                         2     -2        0
  MONTH TO DATE   27                        27      0       25
  SINCE MAR 1     35                        34      1       25
  SINCE JAN 1     35                        34      1       25
..................................................................

WIND (MPH)
  HIGHEST WIND SPEED     9   HIGHEST WIND DIRECTION     N (340)
  HIGHEST GUST SPEED    13   HIGHEST GUST DIRECTION    NW (310)
  AVERAGE WIND SPEED     3.2

SKY COVER
  POSSIBLE SUNSHINE  MM
  AVERAGE SKY COVER 0.6

WEATHER CONDITIONS
 THE FOLLOWING WEATHER WAS RECORDED YESTERDAY.
  FOG
  HAZE

RELATIVE HUMIDITY (PERCENT)
 HIGHEST    96           100 AM
 LOWEST     52           600 PM
 AVERAGE    74

..........................................................

THE JACKSON KY CLIMATE NORMALS FOR TODAY
                         NORMAL    RECORD    YEAR
 MAXIMUM TEMPERATURE (F)   70        90      2009
 MINIMUM TEMPERATURE (F)   49        32      2005

SUNRISE AND SUNSET
APRIL 24 2016.........SUNRISE   646 AM EDT   SUNSET   817 PM EDT
APRIL 25 2016.........SUNRISE   644 AM EDT   SUNSET   818 PM EDT

-  INDICATES NEGATIVE NUMBERS.
R  INDICATES RECORD WAS SET OR TIED.
MM INDICATES DATA IS MISSING.
T  INDICATES TRACE AMOUNT.

$$

ABE
