000
CDUS43 KJKL 122020
CLIJKL

CLIMATE REPORT
NATIONAL WEATHER SERVICE JACKSON KY
420 PM EDT TUE SEP 12 2017

...................................

...THE JACKSON KY CLIMATE SUMMARY FOR SEPTEMBER 12 2017...
VALID TODAY AS OF 0400 PM LOCAL TIME.

CLIMATE NORMAL PERIOD 1981 TO 2010
CLIMATE RECORD PERIOD 1981 TO 2017

WEATHER ITEM   OBSERVED TIME   RECORD YEAR NORMAL DEPARTURE LAST
                VALUE   (LST)  VALUE       VALUE  FROM      YEAR
                                                  NORMAL
..................................................................
TEMPERATURE (F)
 TODAY
  MAXIMUM         77    255 PM  91    1999  79     -2       85
  MINIMUM         55    228 AM  50    1992  60     -5       58
  AVERAGE         66                        70     -4       72

PRECIPITATION (IN)
  TODAY            0.07          1.18 1986   0.12  -0.05     0.00
  MONTH TO DATE    2.66                      1.32   1.34     0.17
  SINCE SEP 1      2.66                      1.32   1.34     0.17
  SINCE JAN 1     40.98                     34.87   6.11    41.16

SNOWFALL (IN)
  TODAY            0.0                       0.0    0.0      0.0
  MONTH TO DATE    0.0                       0.0    0.0      0.0
  SINCE SEP 1      0.0                       0.0    0.0      0.0
  SINCE JUL 1      0.0                       0.0    0.0      0.0
  SNOW DEPTH       0

DEGREE DAYS
 HEATING
  TODAY            0                         1     -1        0
  MONTH TO DATE   26                         4     22        0
  SINCE SEP 1     26                         4     22        0
  SINCE JUL 1     26                         6     20        0

 COOLING
  TODAY            1                         5     -4        7
  MONTH TO DATE   14                        80    -66      107
  SINCE SEP 1     14                        80    -66      107
  SINCE JAN 1   1016                      1058    -42     1339
..................................................................

WIND (MPH)
  HIGHEST WIND SPEED     9   HIGHEST WIND DIRECTION     E (80)
  HIGHEST GUST SPEED    15   HIGHEST GUST DIRECTION    NE (60)
  AVERAGE WIND SPEED     2.6

SKY COVER
  POSSIBLE SUNSHINE  MM
  AVERAGE SKY COVER 0.6

WEATHER CONDITIONS
 THE FOLLOWING WEATHER WAS RECORDED TODAY.
  LIGHT RAIN
  FOG

RELATIVE HUMIDITY (PERCENT)
 HIGHEST    93          1200 AM
 LOWEST     60           300 PM
 AVERAGE    77

..........................................................

THE JACKSON KY CLIMATE NORMALS FOR TOMORROW
                         NORMAL    RECORD    YEAR
 MAXIMUM TEMPERATURE (F)   79        95      1991
 MINIMUM TEMPERATURE (F)   59        45      1985

SUNRISE AND SUNSET
SEPTEMBER 12 2017.....SUNRISE   713 AM EDT   SUNSET   745 PM EDT
SEPTEMBER 13 2017.....SUNRISE   714 AM EDT   SUNSET   744 PM EDT

-  INDICATES NEGATIVE NUMBERS.
R  INDICATES RECORD WAS SET OR TIED.
MM INDICATES DATA IS MISSING.
T  INDICATES TRACE AMOUNT.

$$

CARICO
