000
CDUS43 KJKL 030542
CLIJKL

CLIMATE REPORT
NATIONAL WEATHER SERVICE JACKSON KY
1245 AM EST FRI FEB 3 2017

...................................

...THE JACKSON KY CLIMATE SUMMARY FOR FEBRUARY 2 2017...

CLIMATE NORMAL PERIOD 1981 TO 2010
CLIMATE RECORD PERIOD 1981 TO 2017

WEATHER ITEM   OBSERVED TIME   RECORD YEAR NORMAL DEPARTURE LAST
                VALUE   (LST)  VALUE       VALUE  FROM      YEAR
                                                  NORMAL
..................................................................
TEMPERATURE (F)
 YESTERDAY
  MAXIMUM         46    208 PM  74    2016  45      1       74
  MINIMUM         30   1159 PM   6    1996  28      2       42
  AVERAGE         38                        36      2       58

PRECIPITATION (IN)
  YESTERDAY        0.00          0.96 1988   0.14  -0.14      T
  MONTH TO DATE    0.00                      0.27  -0.27     0.69
  SINCE DEC 1     10.87                      8.06   2.81     8.62
  SINCE JAN 1      4.71                      3.88   0.83     3.98

SNOWFALL (IN)
  YESTERDAY        0.0           6.0  1996   0.3   -0.3      0.0
  MONTH TO DATE    0.0                       0.6   -0.6      0.0
  SINCE DEC 1      4.6                      12.6   -8.0     21.4
  SINCE JUL 1      4.6                      13.2   -8.6     21.4
  SNOW DEPTH       0

DEGREE DAYS
 HEATING
  YESTERDAY       27                        29     -2        7
  MONTH TO DATE   44                        58    -14       20
  SINCE DEC 1   1539                      1824   -285     1434
  SINCE JUL 1   2065                      2624   -559     2032

 COOLING
  YESTERDAY        0                         0      0        0
  MONTH TO DATE    0                         0      0        0
  SINCE DEC 1      0                         1     -1        2
  SINCE JAN 1      0                         0      0        0
..................................................................

WIND (MPH)
  HIGHEST WIND SPEED    13   HIGHEST WIND DIRECTION     W (270)
  HIGHEST GUST SPEED    18   HIGHEST GUST DIRECTION     W (280)
  AVERAGE WIND SPEED     4.5

SKY COVER
  POSSIBLE SUNSHINE  MM
  AVERAGE SKY COVER 0.0

WEATHER CONDITIONS
 THE FOLLOWING WEATHER WAS RECORDED YESTERDAY.
  NO SIGNIFICANT WEATHER WAS OBSERVED.

RELATIVE HUMIDITY (PERCENT)
 HIGHEST    72           700 AM
 LOWEST     24           400 PM
 AVERAGE    48
..........................................................

THE JACKSON KY CLIMATE NORMALS FOR TODAY
                         NORMAL    RECORD    YEAR
 MAXIMUM TEMPERATURE (F)   45        65      2016
 MINIMUM TEMPERATURE (F)   28         1      1996

SUNRISE AND SUNSET
FEBRUARY  3 2017......SUNRISE   735 AM EST   SUNSET   600 PM EST
FEBRUARY  4 2017......SUNRISE   734 AM EST   SUNSET   601 PM EST

-  INDICATES NEGATIVE NUMBERS.
R  INDICATES RECORD WAS SET OR TIED.
MM INDICATES DATA IS MISSING.
T  INDICATES TRACE AMOUNT.

$$
GREIF
