000
CDUS43 KJKL 100534
CLIJKL

CLIMATE REPORT
NATIONAL WEATHER SERVICE JACKSON KY
120 AM EDT FRI OCT 10 2014

...................................

...THE JACKSON KY CLIMATE SUMMARY FOR OCTOBER 9 2014...

CLIMATE NORMAL PERIOD 1981 TO 2010
CLIMATE RECORD PERIOD 1981 TO 2014

WEATHER ITEM   OBSERVED TIME   RECORD YEAR NORMAL DEPARTURE LAST
                VALUE   (LST)  VALUE       VALUE  FROM      YEAR
                                                  NORMAL
..................................................................
TEMPERATURE (F)
 YESTERDAY
  MAXIMUM         67   1216 PM  84    1997  70     -3       74
  MINIMUM         50    647 AM  31    1989  50      0       49
  AVERAGE         59                        60     -1       62

PRECIPITATION (IN)
  YESTERDAY        0.01          1.58 1999   0.10  -0.09     0.00
  MONTH TO DATE    2.99                      0.91   2.08     0.63
  SINCE SEP 1      5.34                      4.37   0.97     1.90
  SINCE JAN 1     43.64                     37.92   5.72    45.12

SNOWFALL (IN)
  YESTERDAY        0.0                       0.0    0.0      0.0
  MONTH TO DATE    0.0                       0.0    0.0      0.0
  SINCE SEP 1      0.0                       0.0    0.0      0.0
  SINCE JUL 1      0.0                       0.0    0.0      0.0
  SNOW DEPTH       0

DEGREE DAYS
 HEATING
  YESTERDAY        6                         6      0        3
  MONTH TO DATE   57                        49      8       18
  SINCE SEP 1     90                        99     -9       46
  SINCE JUL 1     93                       101     -8       48

 COOLING
  YESTERDAY        0                         1     -1        0
  MONTH TO DATE   11                        15     -4       39
  SINCE SEP 1    156                       158     -2      170
  SINCE JAN 1   1157                      1136     21     1065
..................................................................

WIND (MPH)
  HIGHEST WIND SPEED     6   HIGHEST WIND DIRECTION    SE (130)
  HIGHEST GUST SPEED    11   HIGHEST GUST DIRECTION     W (280)
  AVERAGE WIND SPEED     1.4

SKY COVER
  POSSIBLE SUNSHINE  MM
  AVERAGE SKY COVER 0.2

WEATHER CONDITIONS
 THE FOLLOWING WEATHER WAS RECORDED YESTERDAY.
  LIGHT RAIN

RELATIVE HUMIDITY (PERCENT)
 HIGHEST    93          1100 PM
 LOWEST     67          1200 AM
 AVERAGE    80
..........................................................

THE JACKSON KY CLIMATE NORMALS FOR TODAY
                         NORMAL    RECORD    YEAR
 MAXIMUM TEMPERATURE (F)   70        84      2010
 MINIMUM TEMPERATURE (F)   50        32      2000

SUNRISE AND SUNSET
OCTOBER 10 2014.......SUNRISE   737 AM EDT   SUNSET   703 PM EDT
OCTOBER 11 2014.......SUNRISE   738 AM EDT   SUNSET   702 PM EDT

-  INDICATES NEGATIVE NUMBERS.
R  INDICATES RECORD WAS SET OR TIED.
MM INDICATES DATA IS MISSING.
T  INDICATES TRACE AMOUNT.

$$

SHALLENBERGER
