000
CDUS43 KJKL 162120
CLIJKL

CLIMATE REPORT
NATIONAL WEATHER SERVICE JACKSON KY
421 PM EST SUN NOV 16 2014

...................................
...THE JACKSON KY CLIMATE SUMMARY FOR NOVEMBER 16 2014...VALID TODAY
AS OF 0400 PM LOCAL TIME.

CLIMATE NORMAL PERIOD 1981 TO 2010
CLIMATE RECORD PERIOD 1981 TO 2014

WEATHER ITEM   OBSERVED TIME   RECORD YEAR NORMAL DEPARTURE LAST
                VALUE   (LST)  VALUE       VALUE  FROM      YEAR
                                                  NORMAL
..................................................................
TEMPERATURE (F)
 TODAY
  MAXIMUM         42   1108 AM  75    1987  57    -15       65
  MINIMUM         34    201 AM  22    1992  39     -5       46
  AVERAGE         38                        48    -10       56

PRECIPITATION (IN)
  TODAY            0.31          1.67 2011   0.14   0.17     0.00
  MONTH TO DATE    1.64                      2.00  -0.36     1.02
  SINCE SEP 1     11.76                      8.65   3.11     4.42
  SINCE JAN 1     50.06                     42.20   7.86    47.64

SNOWFALL (IN)
  TODAY            T                         0.0    0.0      0.0
  MONTH TO DATE    0.8                       0.1    0.7      0.9
  SINCE SEP 1      0.8                       0.2    0.6      1.0
  SINCE JUL 1      0.8                       0.2    0.6      1.0
  SNOW DEPTH       0

DEGREE DAYS
 HEATING
  TODAY           27                        17     10        9
  MONTH TO DATE  347                       227    120      260
  SINCE SEP 1    643                       522    121      528
  SINCE JUL 1    646                       524    122      530

 COOLING
  TODAY            0                         0      0        0
  MONTH TO DATE    0                         0      0        0
  SINCE SEP 1    164                       172     -8      174
  SINCE JAN 1   1165                      1150     15     1069
..................................................................

WIND (MPH)
  HIGHEST WIND SPEED     8   HIGHEST WIND DIRECTION     S (190)
  HIGHEST GUST SPEED    12   HIGHEST GUST DIRECTION     S (200)
  AVERAGE WIND SPEED     1.0

SKY COVER
  POSSIBLE SUNSHINE  MM
  AVERAGE SKY COVER 1.0

WEATHER CONDITIONS
 THE FOLLOWING WEATHER WAS RECORDED TODAY.
  RAIN
  LIGHT RAIN
  SLEET
  FOG

RELATIVE HUMIDITY (PERCENT)
 HIGHEST   100           300 PM
 LOWEST     51          1200 AM
 AVERAGE    76
..........................................................

THE JACKSON KY CLIMATE NORMALS FOR TOMORROW
                         NORMAL    RECORD    YEAR
 MAXIMUM TEMPERATURE (F)   57        71      2009
                                             1993
 MINIMUM TEMPERATURE (F)   39        20      1997

SUNRISE AND SUNSET
NOVEMBER 16 2014......SUNRISE   714 AM EST   SUNSET   522 PM EST
NOVEMBER 17 2014......SUNRISE   715 AM EST   SUNSET   521 PM EST

-  INDICATES NEGATIVE NUMBERS.
R  INDICATES RECORD WAS SET OR TIED.
MM INDICATES DATA IS MISSING.
T  INDICATES TRACE AMOUNT.

$$

TAB
