000
CDUS43 KJKL 172019
CLIJKL

CLIMATE REPORT
NATIONAL WEATHER SERVICE JACKSON KY
419 PM EDT WED MAY 17 2017

...................................

...THE JACKSON KY CLIMATE SUMMARY FOR MAY 17 2017...
VALID TODAY AS OF 0400 PM LOCAL TIME.

CLIMATE NORMAL PERIOD 1981 TO 2010
CLIMATE RECORD PERIOD 1981 TO 2017

WEATHER ITEM   OBSERVED TIME   RECORD YEAR NORMAL DEPARTURE LAST
                VALUE   (LST)  VALUE       VALUE  FROM      YEAR
                                                  NORMAL
..................................................................
TEMPERATURE (F)
 TODAY
  MAXIMUM         87R   214 PM  87    1986  75     12       59
  MINIMUM         68    546 AM  35    1983  55     13       46
  AVERAGE         78                        65     13       53

PRECIPITATION (IN)
  TODAY            0.00          1.45 1995   0.18  -0.18     0.27
  MONTH TO DATE    2.45                      2.79  -0.34     5.55
  SINCE MAR 1     10.89                     10.74   0.15    11.75
  SINCE JAN 1     18.46                     18.10   0.36    21.31

SNOWFALL (IN)
  TODAY            0.0                       0.0    0.0      0.0
  MONTH TO DATE    0.0                       0.0    0.0      0.0
  SINCE MAR 1      0.2                       3.9   -3.7      2.9
  SINCE JUL 1      4.8                      23.5  -18.7     32.5
  SNOW DEPTH       0

DEGREE DAYS
 HEATING
  TODAY            0                         3     -3       12
  MONTH TO DATE   74                        69      5      107
  SINCE MAR 1    703                       890   -187      670
  SINCE JUL 1   3195                      4190   -995     3424

 COOLING
  TODAY           13                         3     10        0
  MONTH TO DATE   41                        40      1       22
  SINCE MAR 1    137                        86     51       76
  SINCE JAN 1    139                        86     53       76
..................................................................

WIND (MPH)
  HIGHEST WIND SPEED    10   HIGHEST WIND DIRECTION     S (170)
  HIGHEST GUST SPEED    17   HIGHEST GUST DIRECTION     S (160)
  AVERAGE WIND SPEED     2.0

SKY COVER
  POSSIBLE SUNSHINE  MM
  AVERAGE SKY COVER 0.0

WEATHER CONDITIONS
 THE FOLLOWING WEATHER WAS RECORDED TODAY.
  NO SIGNIFICANT WEATHER WAS OBSERVED.

RELATIVE HUMIDITY (PERCENT)
 HIGHEST    73           500 AM
 LOWEST     36           200 PM
 AVERAGE    55
..........................................................

THE JACKSON KY CLIMATE NORMALS FOR TOMORROW
                         NORMAL    RECORD    YEAR
 MAXIMUM TEMPERATURE (F)   75        88      1996
                                             1982
 MINIMUM TEMPERATURE (F)   55        41      2002

SUNRISE AND SUNSET
MAY 17 2017...........SUNRISE   622 AM EDT   SUNSET   838 PM EDT
MAY 18 2017...........SUNRISE   621 AM EDT   SUNSET   839 PM EDT

-  INDICATES NEGATIVE NUMBERS.
R  INDICATES RECORD WAS SET OR TIED.
MM INDICATES DATA IS MISSING.
T  INDICATES TRACE AMOUNT.

$$

TAB
