000
CDUS43 KJKL 020607
CLIJKL

CLIMATE REPORT
NATIONAL WEATHER SERVICE JACKSON KY
105 AM EST THU FEB 2 2017

...................................

...THE JACKSON KY CLIMATE SUMMARY FOR FEBRUARY 1 2017...

CLIMATE NORMAL PERIOD 1981 TO 2010
CLIMATE RECORD PERIOD 1981 TO 2017

WEATHER ITEM   OBSERVED TIME   RECORD YEAR NORMAL DEPARTURE LAST
                VALUE   (LST)  VALUE       VALUE  FROM      YEAR
                                                  NORMAL
..................................................................
TEMPERATURE (F)
 YESTERDAY
  MAXIMUM         54    212 PM  73    1989  45      9       61
  MINIMUM         41   1159 PM   9    2013  28     13       42
  AVERAGE         48                        36     12       52

PRECIPITATION (IN)
  YESTERDAY        0.00          2.10 1981   0.13  -0.13     0.69
  MONTH TO DATE    0.00                      0.13  -0.13     0.69
  SINCE DEC 1     10.87                      7.92   2.95     8.62
  SINCE JAN 1      4.71                      3.74   0.97     3.98

SNOWFALL (IN)
  YESTERDAY        0.0           7.3  1985   0.3   -0.3      0.0
  MONTH TO DATE    0.0                       0.3   -0.3      0.0
  SINCE DEC 1      4.6                      12.3   -7.7     21.4
  SINCE JUL 1      4.6                      12.9   -8.3     21.4
  SNOW DEPTH       0

DEGREE DAYS
 HEATING
  YESTERDAY       17                        29    -12       13
  MONTH TO DATE   17                        29    -12       13
  SINCE DEC 1   1512                      1795   -283     1427
  SINCE JUL 1   2038                      2595   -557     2025

 COOLING
  YESTERDAY        0                         0      0        0
  MONTH TO DATE    0                         0      0        0
  SINCE DEC 1      0                         1     -1        2
  SINCE JAN 1      0                         0      0        0
..................................................................

WIND (MPH)
  HIGHEST WIND SPEED     8   HIGHEST WIND DIRECTION    NE (30)
  HIGHEST GUST SPEED    14   HIGHEST GUST DIRECTION     N (10)
  AVERAGE WIND SPEED     2.3

SKY COVER
  POSSIBLE SUNSHINE  MM
  AVERAGE SKY COVER 0.2

WEATHER CONDITIONS
 THE FOLLOWING WEATHER WAS RECORDED YESTERDAY.
  NO SIGNIFICANT WEATHER WAS OBSERVED.

RELATIVE HUMIDITY (PERCENT)
 HIGHEST    62          1100 PM
 LOWEST     34          1200 AM
 AVERAGE    48
..........................................................

THE JACKSON KY CLIMATE NORMALS FOR TODAY
                         NORMAL    RECORD    YEAR
 MAXIMUM TEMPERATURE (F)   45        74      2016
 MINIMUM TEMPERATURE (F)   28         6      1996

SUNRISE AND SUNSET
FEBRUARY  2 2017......SUNRISE   736 AM EST   SUNSET   559 PM EST
FEBRUARY  3 2017......SUNRISE   735 AM EST   SUNSET   600 PM EST

-  INDICATES NEGATIVE NUMBERS.
R  INDICATES RECORD WAS SET OR TIED.
MM INDICATES DATA IS MISSING.
T  INDICATES TRACE AMOUNT.

$$
GREIF
