000
CDUS43 KJKL 080523
CLIJKL

CLIMATE REPORT
NATIONAL WEATHER SERVICE JACKSON KY
122 AM EDT FRI SEP 8 2017

...................................

...THE JACKSON KY CLIMATE SUMMARY FOR SEPTEMBER 7 2017...

CLIMATE NORMAL PERIOD 1981 TO 2010
CLIMATE RECORD PERIOD 1981 TO 2017


WEATHER ITEM   OBSERVED TIME   RECORD YEAR NORMAL DEPARTURE LAST
                VALUE   (LST)  VALUE       VALUE  FROM      YEAR
                                                  NORMAL
..................................................................
TEMPERATURE (F)
 YESTERDAY
  MAXIMUM         70    201 PM  94    1990  81    -11       89
  MINIMUM         47R   612 AM  47    1988  61    -14       66
  AVERAGE         59                        71    -12       78

PRECIPITATION (IN)
  YESTERDAY        0.00          1.04 2004   0.11  -0.11     0.00
  MONTH TO DATE    2.55                      0.75   1.80      T
  SINCE SEP 1      2.55                      0.75   1.80      T
  SINCE JAN 1     40.87                     34.30   6.57    40.99

SNOWFALL (IN)
  YESTERDAY        0.0                       0.0    0.0      0.0
  MONTH TO DATE    0.0                       0.0    0.0      0.0
  SINCE SEP 1      0.0                       0.0    0.0      0.0
  SINCE JUL 1      0.0                       0.0    0.0      0.0
  SNOW DEPTH       0

DEGREE DAYS
 HEATING
  YESTERDAY        6                         0      6        0
  MONTH TO DATE   13                         0     13        0
  SINCE SEP 1     13                         0     13        0
  SINCE JUL 1     13                         2     11        0

 COOLING
  YESTERDAY        0                         7     -7       13
  MONTH TO DATE   13                        51    -38       54
  SINCE SEP 1     13                        51    -38       54
  SINCE JAN 1   1015                      1029    -14     1286
..................................................................


WIND (MPH)
  HIGHEST WIND SPEED     8   HIGHEST WIND DIRECTION     W (270)
  HIGHEST GUST SPEED    14   HIGHEST GUST DIRECTION     W (260)
  AVERAGE WIND SPEED     1.3


SKY COVER
  POSSIBLE SUNSHINE  MM
  AVERAGE SKY COVER 0.3


WEATHER CONDITIONS
 THE FOLLOWING WEATHER WAS RECORDED YESTERDAY.
  FOG
  FOG W/VISIBILITY <= 1/4 MILE


RELATIVE HUMIDITY (PERCENT)
 HIGHEST    96           800 AM
 LOWEST     45           300 PM
 AVERAGE    71

..........................................................


THE JACKSON KY CLIMATE NORMALS FOR TODAY
                         NORMAL    RECORD    YEAR
 MAXIMUM TEMPERATURE (F)   81        94      2007
 MINIMUM TEMPERATURE (F)   61        51      1988
                                             1986


SUNRISE AND SUNSET
SEPTEMBER  8 2017.....SUNRISE   710 AM EDT   SUNSET   751 PM EDT
SEPTEMBER  9 2017.....SUNRISE   710 AM EDT   SUNSET   750 PM EDT


-  INDICATES NEGATIVE NUMBERS.
R  INDICATES RECORD WAS SET OR TIED.
MM INDICATES DATA IS MISSING.
T  INDICATES TRACE AMOUNT.




$$
