000
CDUS43 KJKL 290535
CLIJKL

CLIMATE REPORT
NATIONAL WEATHER SERVICE JACKSON KY
135 AM EDT SUN OCT 29 2017

...................................

...THE JACKSON KY CLIMATE SUMMARY FOR OCTOBER 28 2017...

CLIMATE NORMAL PERIOD 1981 TO 2010
CLIMATE RECORD PERIOD 1981 TO 2017

WEATHER ITEM   OBSERVED TIME   RECORD YEAR NORMAL DEPARTURE LAST
                VALUE   (LST)  VALUE       VALUE  FROM      YEAR
                                                  NORMAL
..................................................................
TEMPERATURE (F)
 YESTERDAY
  MAXIMUM         57   1210 AM  78    1989  65     -8       71
  MINIMUM         37   1159 PM  31    1997  45     -8       47
  AVERAGE         47                        55     -8       59

PRECIPITATION (IN)
  YESTERDAY        0.63          1.19 2002   0.12   0.51     0.00
  MONTH TO DATE    5.25                      2.86   2.39     1.51
  SINCE SEP 1      8.58                      6.32   2.26     2.83
  SINCE JAN 1     46.90                     39.87   7.03    43.82

SNOWFALL (IN)
  YESTERDAY        0.0           T    2011   0.0    0.0      0.0
  MONTH TO DATE    0.0                       0.1   -0.1      0.0
  SINCE SEP 1      0.0                       0.1   -0.1      0.0
  SINCE JUL 1      0.0                       0.1   -0.1      0.0
  SNOW DEPTH       0

DEGREE DAYS
 HEATING
  YESTERDAY       18                        11      7        6
  MONTH TO DATE  132                       211    -79      106
  SINCE SEP 1    166                       261    -95      122
  SINCE JUL 1    166                       263    -97      122

 COOLING
  YESTERDAY        0                         0      0        0
  MONTH TO DATE   59                        30     29       68
  SINCE SEP 1    193                       173     20      316
  SINCE JAN 1   1195                      1151     44     1548
..................................................................

WIND (MPH)
  HIGHEST WIND SPEED    13   HIGHEST WIND DIRECTION    NW (300)
  HIGHEST GUST SPEED    20   HIGHEST GUST DIRECTION    NW (300)
  AVERAGE WIND SPEED     2.6

SKY COVER
  POSSIBLE SUNSHINE  MM
  AVERAGE SKY COVER 1.0

WEATHER CONDITIONS
 THE FOLLOWING WEATHER WAS RECORDED YESTERDAY.
  RAIN
  LIGHT RAIN
  FOG
  FOG W/VISIBILITY <= 1/4 MILE

RELATIVE HUMIDITY (PERCENT)
 HIGHEST   100           500 AM
 LOWEST     67          1200 AM
 AVERAGE    84
..........................................................

THE JACKSON KY CLIMATE NORMALS FOR TODAY
                         NORMAL    RECORD    YEAR
 MAXIMUM TEMPERATURE (F)   64        82      2016
 MINIMUM TEMPERATURE (F)   45        30      2008

SUNRISE AND SUNSET
OCTOBER 29 2017.......SUNRISE   755 AM EDT   SUNSET   638 PM EDT
OCTOBER 30 2017.......SUNRISE   757 AM EDT   SUNSET   637 PM EDT

-  INDICATES NEGATIVE NUMBERS.
R  INDICATES RECORD WAS SET OR TIED.
MM INDICATES DATA IS MISSING.
T  INDICATES TRACE AMOUNT.

$$

GEOGERIAN
