341
CDUS43 KJKL 132021
CLIJKL

CLIMATE REPORT
NATIONAL WEATHER SERVICE JACKSON KY
422 PM EDT WED JUL 13 2016

...................................

...THE JACKSON KY CLIMATE SUMMARY FOR JULY 13 2016...
VALID TODAY AS OF 0400 PM LOCAL TIME.

CLIMATE NORMAL PERIOD 1981 TO 2010
CLIMATE RECORD PERIOD 1981 TO 2016

WEATHER ITEM   OBSERVED TIME   RECORD YEAR NORMAL DEPARTURE LAST
                VALUE   (LST)  VALUE       VALUE  FROM      YEAR
                                                  NORMAL
..................................................................
TEMPERATURE (F)
 TODAY
  MAXIMUM         88    155 PM  95    1995  85      3       87
  MINIMUM         71    604 AM  59    2001  66      5       66
                                      1999
  AVERAGE         80                        76      4       77

PRECIPITATION (IN)
  TODAY            0.00          2.38 1990   0.15  -0.15     0.78
  MONTH TO DATE    4.22                      1.89   2.33     4.48
  SINCE JUN 1      9.23                      6.59   2.64    11.90
  SINCE JAN 1     32.03                     27.10   4.93    36.37

SNOWFALL (IN)
  TODAY            0.0                       0.0    0.0      0.0
  MONTH TO DATE    0.0                       0.0    0.0      0.0
  SINCE JUN 1      0.0                       0.0    0.0      0.0
  SINCE JUL 1      0.0                       0.0    0.0      0.0
  SNOW DEPTH       0

DEGREE DAYS
 HEATING
  TODAY            0                         0      0        0
  MONTH TO DATE    0                         0      0        0
  SINCE JUN 1      1                        12    -11        9
  SINCE JUL 1      0                         0      0        0

 COOLING
  TODAY           15                        11      4       12
  MONTH TO DATE  140                       133      7      115
  SINCE JUN 1    436                       356     80      389
  SINCE JAN 1    577                       492     85      593
..................................................................

WIND (MPH)
  HIGHEST WIND SPEED     8   HIGHEST WIND DIRECTION     W (260)
  HIGHEST GUST SPEED    14   HIGHEST GUST DIRECTION     W (270)
  AVERAGE WIND SPEED     0.6

SKY COVER
  POSSIBLE SUNSHINE  MM
  AVERAGE SKY COVER 0.2

WEATHER CONDITIONS
 THE FOLLOWING WEATHER WAS RECORDED TODAY.
  NO SIGNIFICANT WEATHER WAS OBSERVED.

RELATIVE HUMIDITY (PERCENT)
 HIGHEST    90           200 AM
 LOWEST     63           200 PM
 AVERAGE    77
..........................................................

THE JACKSON KY CLIMATE NORMALS FOR TOMORROW
                         NORMAL    RECORD    YEAR
 MAXIMUM TEMPERATURE (F)   85        91      1993
 MINIMUM TEMPERATURE (F)   66        54      2001

SUNRISE AND SUNSET
JULY 13 2016..........SUNRISE   623 AM EDT   SUNSET   855 PM EDT
JULY 14 2016..........SUNRISE   624 AM EDT   SUNSET   855 PM EDT

-  INDICATES NEGATIVE NUMBERS.
R  INDICATES RECORD WAS SET OR TIED.
MM INDICATES DATA IS MISSING.
T  INDICATES TRACE AMOUNT.

$$

TAB
