000
CDUS43 KJKL 090531
CLIJKL

CLIMATE REPORT
NATIONAL WEATHER SERVICE JACKSON KY
130 AM EDT SAT AUG 9 2014


...................................

...THE JACKSON KY CLIMATE SUMMARY FOR AUGUST 8 2014...

CLIMATE NORMAL PERIOD 1981 TO 2010
CLIMATE RECORD PERIOD 1981 TO 2014


WEATHER ITEM   OBSERVED TIME   RECORD YEAR NORMAL DEPARTURE LAST
                VALUE   (LST)  VALUE       VALUE  FROM      YEAR
                                                  NORMAL
..................................................................
TEMPERATURE (F)
 YESTERDAY
  MAXIMUM         69    537 PM  94    2007  85    -16       82
  MINIMUM         64    736 AM  45    1989  66     -2       71
  AVERAGE         67                        75     -8       77

PRECIPITATION (IN)
  YESTERDAY        0.45          1.14 2000   0.14   0.31     0.53
  MONTH TO DATE    0.76                      1.12  -0.36     0.76
  SINCE JUN 1      9.65                     10.47  -0.82    13.74
  SINCE JAN 1     30.51                     30.98  -0.47    33.94

SNOWFALL (IN)
  YESTERDAY        0.0                       0.0    0.0      0.0
  MONTH TO DATE    0.0                       0.0    0.0      0.0
  SINCE JUN 1      0.0                       0.0    0.0      0.0
  SINCE JUL 1      0.0                       0.0    0.0      0.0
  SNOW DEPTH       0

DEGREE DAYS
 HEATING
  YESTERDAY        0                         0      0        0
  MONTH TO DATE    0                         0      0        0
  SINCE JUN 1      3                        12     -9        0
  SINCE JUL 1      3                         0      3        0

COOLING
  YESTERDAY        2                        10     -8       12
  MONTH TO DATE   54                        80    -26       63
  SINCE JUN 1    590                       624    -34      560
  SINCE JAN 1    781                       760     21      708
..................................................................


WIND (MPH)
  HIGHEST WIND SPEED     6   HIGHEST WIND DIRECTION    SE (150)
  HIGHEST GUST SPEED    10   HIGHEST GUST DIRECTION     S (190)
  AVERAGE WIND SPEED     1.0


SKY COVER
  POSSIBLE SUNSHINE  MM
  AVERAGE SKY COVER 0.8


WEATHER CONDITIONS
 THE FOLLOWING WEATHER WAS RECORDED YESTERDAY.
  HEAVY RAIN
  RAIN
  LIGHT RAIN
  FOG
  FOG W/VISIBILITY <= 1/4 MILE


RELATIVE HUMIDITY (PERCENT)
 HIGHEST    93           800 AM
 LOWEST     76          1200 AM
 AVERAGE    85

..........................................................


THE JACKSON KY CLIMATE NORMALS FOR TODAY
                         NORMAL    RECORD    YEAR
 MAXIMUM TEMPERATURE (F)   85        96      2007
 MINIMUM TEMPERATURE (F)   66        51      1989


SUNRISE AND SUNSET
AUGUST  9 2014........SUNRISE   644 AM EDT   SUNSET   833 PM EDT
AUGUST 10 2014........SUNRISE   645 AM EDT   SUNSET   832 PM EDT


-  INDICATES NEGATIVE NUMBERS.
R  INDICATES RECORD WAS SET OR TIED.
MM INDICATES DATA IS MISSING.
T  INDICATES TRACE AMOUNT.

$$
