000
CDUS43 KJKL 270519
CLIJKL

CLIMATE REPORT
NATIONAL WEATHER SERVICE JACKSON KY
1218 AM EST SAT JAN 27 2018

...................................

...THE JACKSON KY CLIMATE SUMMARY FOR JANUARY 26 2018...

CLIMATE NORMAL PERIOD 1981 TO 2010
CLIMATE RECORD PERIOD 1981 TO 2018


WEATHER ITEM   OBSERVED TIME   RECORD YEAR NORMAL DEPARTURE LAST
                VALUE   (LST)  VALUE       VALUE  FROM      YEAR
                                                  NORMAL
..................................................................
TEMPERATURE (F)
 YESTERDAY
  MAXIMUM         62    321 PM  63    2012  44     18       55
                                      2004
  MINIMUM         35    715 AM   6    1985  27      8       33
  AVERAGE         49                        35     14       44

PRECIPITATION (IN)
  YESTERDAY        0.00          0.89 2011   0.12  -0.12      T
  MONTH TO DATE    1.30                      3.00  -1.70     4.59
  SINCE DEC 1      4.58                      7.18  -2.60    10.75
  SINCE JAN 1      1.30                      3.00  -1.70     4.59

SNOWFALL (IN)
  YESTERDAY        0.0           3.1  2011   0.3   -0.3       T
  MONTH TO DATE    5.6                       5.8   -0.2      2.5
  SINCE DEC 1      6.6                      10.7   -4.1      2.8
  SINCE JUL 1      6.6                      11.3   -4.7      2.8
  SNOW DEPTH       0

DEGREE DAYS
 HEATING
  YESTERDAY       16                        30    -14       21
  MONTH TO DATE  874                       780     94      552
  SINCE DEC 1   1754                      1614    140     1349
  SINCE JUL 1   2476                      2414     62     1875

 COOLING
  YESTERDAY        0                         0      0        0
  MONTH TO DATE    0                         0      0        0
  SINCE DEC 1      0                         1     -1        0
  SINCE JAN 1      0                         0      0        0
..................................................................


WIND (MPH)
  HIGHEST WIND SPEED    13   HIGHEST WIND DIRECTION     S (190)
  HIGHEST GUST SPEED    21   HIGHEST GUST DIRECTION     S (180)
  AVERAGE WIND SPEED     4.5


SKY COVER
  POSSIBLE SUNSHINE  MM
  AVERAGE SKY COVER 0.0


WEATHER CONDITIONS
 THE FOLLOWING WEATHER WAS RECORDED YESTERDAY.
  NO SIGNIFICANT WEATHER WAS OBSERVED.


RELATIVE HUMIDITY (PERCENT)
 HIGHEST    52          1200 AM
 LOWEST     20           400 PM
 AVERAGE    36

..........................................................


THE JACKSON KY CLIMATE NORMALS FOR TODAY
                         NORMAL    RECORD    YEAR
 MAXIMUM TEMPERATURE (F)   44        71      1999
 MINIMUM TEMPERATURE (F)   27         1      1986


SUNRISE AND SUNSET
JANUARY 27 2018.......SUNRISE   741 AM EST   SUNSET   552 PM EST
JANUARY 28 2018.......SUNRISE   740 AM EST   SUNSET   553 PM EST


-  INDICATES NEGATIVE NUMBERS.
R  INDICATES RECORD WAS SET OR TIED.
MM INDICATES DATA IS MISSING.
T  INDICATES TRACE AMOUNT.




$$
