000
CDUS43 KJKL 020522
CLIJKL

CLIMATE REPORT
NATIONAL WEATHER SERVICE JACKSON KY
1222 AM EST MON JAN 2 2017

...................................

...THE JACKSON KY CLIMATE SUMMARY FOR JANUARY 1 2017...

CLIMATE NORMAL PERIOD 1981 TO 2010
CLIMATE RECORD PERIOD 1981 TO 2017

WEATHER ITEM   OBSERVED TIME   RECORD YEAR NORMAL DEPARTURE LAST
                VALUE   (LST)  VALUE       VALUE  FROM      YEAR
                                                  NORMAL
..................................................................
TEMPERATURE (F)
 YESTERDAY
  MAXIMUM         50    426 PM  69    1985  43      7       41
  MINIMUM         39    141 AM  11    1999  27     12       30
  AVERAGE         45                        35     10       36

PRECIPITATION (IN)
  YESTERDAY        0.08          0.71 2003   0.12  -0.04     0.00
  MONTH TO DATE    0.08                      0.12  -0.04     0.00
  SINCE DEC 1      6.24                      4.30   1.94     4.64
  SINCE JAN 1      0.08                      0.12  -0.04     0.00

SNOWFALL (IN)
  YESTERDAY        0.0           1.0  1995   0.2   -0.2      0.0
  MONTH TO DATE    0.0                       0.2   -0.2      0.0
  SINCE DEC 1      0.3                       5.1   -4.8       T
  SINCE JUL 1      0.3                       5.7   -5.4       T
  SNOW DEPTH       0

DEGREE DAYS
 HEATING
  YESTERDAY       20                        30    -10       29
  MONTH TO DATE   20                        30    -10       29
  SINCE DEC 1    817                       864    -47      457
  SINCE JUL 1   1343                      1664   -321     1055

 COOLING
  YESTERDAY        0                         0      0        0
  MONTH TO DATE    0                         0      0        0
  SINCE DEC 1      0                         1     -1        2
  SINCE JAN 1      0                         0      0        0
..................................................................

WIND (MPH)
  HIGHEST WIND SPEED     7   HIGHEST WIND DIRECTION     E (80)
  HIGHEST GUST SPEED    11   HIGHEST GUST DIRECTION     E (80)
  AVERAGE WIND SPEED     1.3

SKY COVER
  POSSIBLE SUNSHINE  MM
  AVERAGE SKY COVER 1.0

WEATHER CONDITIONS
 THE FOLLOWING WEATHER WAS RECORDED YESTERDAY.
  RAIN
  LIGHT RAIN
  FOG
  FOG W/VISIBILITY <= 1/4 MILE

RELATIVE HUMIDITY (PERCENT)
 HIGHEST   100           400 AM
 LOWEST     80           400 PM
 AVERAGE    90
..........................................................

THE JACKSON KY CLIMATE NORMALS FOR TODAY
                         NORMAL    RECORD    YEAR
 MAXIMUM TEMPERATURE (F)   43        70      2000
 MINIMUM TEMPERATURE (F)   27        11      2008

SUNRISE AND SUNSET
JANUARY  2 2017.......SUNRISE   748 AM EST   SUNSET   527 PM EST
JANUARY  3 2017.......SUNRISE   748 AM EST   SUNSET   528 PM EST

-  INDICATES NEGATIVE NUMBERS.
R  INDICATES RECORD WAS SET OR TIED.
MM INDICATES DATA IS MISSING.
T  INDICATES TRACE AMOUNT.

$$

GEOGERIAN
