315
CDUS43 KJKL 110526
CLIJKL

CLIMATE REPORT
NATIONAL WEATHER SERVICE JACKSON KY
125 AM EDT WED MAY 11 2016


...................................

...THE JACKSON KY CLIMATE SUMMARY FOR MAY 10 2016...

CLIMATE NORMAL PERIOD 1981 TO 2010
CLIMATE RECORD PERIOD 1981 TO 2016


WEATHER ITEM   OBSERVED TIME   RECORD YEAR NORMAL DEPARTURE LAST
                VALUE   (LST)  VALUE       VALUE  FROM      YEAR
                                                  NORMAL
..................................................................
TEMPERATURE (F)
 YESTERDAY
  MAXIMUM         78    517 PM  87    2015  73      5       87
  MINIMUM         59    839 PM  38    2010  53      6       64
  AVERAGE         69                        63      6       76

PRECIPITATION (IN)
  YESTERDAY        0.24          1.32 1993   0.17   0.07     0.00
  MONTH TO DATE    4.15                      1.58   2.57     0.03
  SINCE MAR 1     10.35                      9.53   0.82    16.58
  SINCE JAN 1     19.91                     16.89   3.02    22.76

SNOWFALL (IN)
  YESTERDAY        0.0                       0.0    0.0      0.0
  MONTH TO DATE    0.0                       0.0    0.0      0.0
  SINCE MAR 1      2.9                       3.9   -1.0      3.7
  SINCE JUL 1     32.5                      23.5    9.0     29.1
  SNOW DEPTH       0

DEGREE DAYS
 HEATING
  YESTERDAY        0                         4     -4        0
  MONTH TO DATE   49                        44      5       15
  SINCE MAR 1    612                       865   -253      772
  SINCE JUL 1   3366                      4165   -799     4537

 COOLING
  YESTERDAY        4                         2      2       11
  MONTH TO DATE   10                        20    -10       59
  SINCE MAR 1     64                        66     -2       84
  SINCE JAN 1     64                        66     -2       84
..................................................................


WIND (MPH)
  HIGHEST WIND SPEED    20   HIGHEST WIND DIRECTION    NW (330)
  HIGHEST GUST SPEED    29   HIGHEST GUST DIRECTION    NW (330)
  AVERAGE WIND SPEED     3.2


SKY COVER
  POSSIBLE SUNSHINE  MM
  AVERAGE SKY COVER 0.4


WEATHER CONDITIONS
 THE FOLLOWING WEATHER WAS RECORDED YESTERDAY.
  THUNDERSTORM
  HEAVY RAIN
  RAIN
  LIGHT RAIN
  FOG


RELATIVE HUMIDITY (PERCENT)
 HIGHEST    90          1100 PM
 LOWEST     54           400 PM
 AVERAGE    72

..........................................................


THE JACKSON KY CLIMATE NORMALS FOR TODAY
                         NORMAL    RECORD    YEAR
 MAXIMUM TEMPERATURE (F)   74        89      2015
 MINIMUM TEMPERATURE (F)   54        40      1997


SUNRISE AND SUNSET
MAY 11 2016...........SUNRISE   627 AM EDT   SUNSET   833 PM EDT
MAY 12 2016...........SUNRISE   626 AM EDT   SUNSET   834 PM EDT


-  INDICATES NEGATIVE NUMBERS.
R  INDICATES RECORD WAS SET OR TIED.
MM INDICATES DATA IS MISSING.
T  INDICATES TRACE AMOUNT.




$$
