000
CDUS43 KJKL 110539
CLIJKL

CLIMATE REPORT
NATIONAL WEATHER SERVICE JACKSON KY
121 AM EDT SAT OCT 11 2014

...................................

...THE JACKSON KY CLIMATE SUMMARY FOR OCTOBER 10 2014...

CLIMATE NORMAL PERIOD 1981 TO 2010
CLIMATE RECORD PERIOD 1981 TO 2014

WEATHER ITEM   OBSERVED TIME   RECORD YEAR NORMAL DEPARTURE LAST
                VALUE   (LST)  VALUE       VALUE  FROM      YEAR
                                                  NORMAL
..................................................................
TEMPERATURE (F)
 YESTERDAY
  MAXIMUM         67    404 PM  84    2010  70     -3       74
  MINIMUM         55   1159 PM  32    2000  50      5       48
  AVERAGE         61                        60      1       61

PRECIPITATION (IN)
  YESTERDAY        1.82R         1.26 2002   0.10   1.72     0.00
  MONTH TO DATE    4.81                      1.01   3.80     0.63
  SINCE SEP 1      7.16                      4.47   2.69     1.90
  SINCE JAN 1     45.46                     38.02   7.44    45.12

SNOWFALL (IN)
  YESTERDAY        0.0                       0.0    0.0      0.0
  MONTH TO DATE    0.0                       0.0    0.0      0.0
  SINCE SEP 1      0.0                       0.0    0.0      0.0
  SINCE JUL 1      0.0                       0.0    0.0      0.0
  SNOW DEPTH       0

DEGREE DAYS
 HEATING
  YESTERDAY        4                         7     -3        4
  MONTH TO DATE   61                        56      5       22
  SINCE SEP 1     94                       106    -12       50
  SINCE JUL 1     97                       108    -11       52

 COOLING
  YESTERDAY        0                         1     -1        0
  MONTH TO DATE   11                        16     -5       39
  SINCE SEP 1    156                       159     -3      170
  SINCE JAN 1   1157                      1137     20     1065
..................................................................

WIND (MPH)
  HIGHEST WIND SPEED     6   HIGHEST WIND DIRECTION     N (360)
  HIGHEST GUST SPEED     9   HIGHEST GUST DIRECTION     W (270)
  AVERAGE WIND SPEED     0.9

SKY COVER
  POSSIBLE SUNSHINE  MM
  AVERAGE SKY COVER 1.0

WEATHER CONDITIONS
 THE FOLLOWING WEATHER WAS RECORDED YESTERDAY.
  THUNDERSTORM
  HEAVY RAIN
  RAIN
  LIGHT RAIN
  FOG
  FOG W/VISIBILITY <= 1/4 MILE

RELATIVE HUMIDITY (PERCENT)
 HIGHEST   100           900 AM
 LOWEST     87           100 PM
 AVERAGE    94
..........................................................

THE JACKSON KY CLIMATE NORMALS FOR TODAY
                         NORMAL    RECORD    YEAR
 MAXIMUM TEMPERATURE (F)   70        85      2010
 MINIMUM TEMPERATURE (F)   49        34      1993

SUNRISE AND SUNSET
OCTOBER 11 2014.......SUNRISE   738 AM EDT   SUNSET   702 PM EDT
OCTOBER 12 2014.......SUNRISE   739 AM EDT   SUNSET   700 PM EDT

-  INDICATES NEGATIVE NUMBERS.
R  INDICATES RECORD WAS SET OR TIED.
MM INDICATES DATA IS MISSING.
T  INDICATES TRACE AMOUNT.

$$

SHALLENBERGER
