000
CDUS43 KJKL 250527
CLIJKL

CLIMATE REPORT
NATIONAL WEATHER SERVICE JACKSON KY
126 AM EDT THU JUN 25 2015

...................................

...THE JACKSON KY CLIMATE SUMMARY FOR JUNE 24 2015...

CLIMATE NORMAL PERIOD 1981 TO 2010
CLIMATE RECORD PERIOD 1981 TO 2015


WEATHER ITEM   OBSERVED TIME   RECORD YEAR NORMAL DEPARTURE LAST
                VALUE   (LST)  VALUE       VALUE  FROM      YEAR
                                                  NORMAL
..................................................................
TEMPERATURE (F)
 YESTERDAY
  MAXIMUM         85    409 PM  92    1988  84      1       85
  MINIMUM         68    650 AM  56    2001  65      3       69
                                      1982
  AVERAGE         77                        74      3       77

PRECIPITATION (IN)
  YESTERDAY        0.00          0.63 2007   0.15  -0.15      T
  MONTH TO DATE    4.02                      3.83   0.19     2.54
  SINCE JUN 1      4.02                      3.83   0.19     2.54
  SINCE JAN 1     28.49                     24.34   4.15    23.40

SNOWFALL (IN)
  YESTERDAY        0.0                       0.0    0.0      0.0
  MONTH TO DATE    0.0                       0.0    0.0      0.0
  SINCE JUN 1      0.0                       0.0    0.0      0.0
  SINCE JUL 1     29.1                      23.5    5.6     38.9
  SNOW DEPTH       0

DEGREE DAYS
 HEATING
  YESTERDAY        0                         0      0        0
  MONTH TO DATE    9                         9      0        0
  SINCE JUN 1      9                         9      0        0
  SINCE JUL 1   4575                      4231    344     4509

 COOLING
  YESTERDAY       12                         9      3       12
  MONTH TO DATE  238                       166     72      217
  SINCE JUN 1    238                       166     72      217
  SINCE JAN 1    442                       302    140      408
..................................................................

WIND (MPH)
  HIGHEST WIND SPEED     7   HIGHEST WIND DIRECTION    NW (310)
  HIGHEST GUST SPEED    11   HIGHEST GUST DIRECTION    NW (320)
  AVERAGE WIND SPEED     0.9

SKY COVER
  POSSIBLE SUNSHINE  MM
  AVERAGE SKY COVER 0.1

WEATHER CONDITIONS
 THE FOLLOWING WEATHER WAS RECORDED YESTERDAY.
  NO SIGNIFICANT WEATHER WAS OBSERVED.

RELATIVE HUMIDITY (PERCENT)
 HIGHEST    87           600 AM
 LOWEST     44           300 PM
 AVERAGE    66

..........................................................

THE JACKSON KY CLIMATE NORMALS FOR TODAY
                         NORMAL    RECORD    YEAR
 MAXIMUM TEMPERATURE (F)   84        99      1988
 MINIMUM TEMPERATURE (F)   65        53      1990

SUNRISE AND SUNSET
JUNE 25 2015..........SUNRISE   613 AM EDT   SUNSET   859 PM EDT
JUNE 26 2015..........SUNRISE   613 AM EDT   SUNSET   859 PM EDT

-  INDICATES NEGATIVE NUMBERS.
R  INDICATES RECORD WAS SET OR TIED.
MM INDICATES DATA IS MISSING.
T  INDICATES TRACE AMOUNT.

$$
