000
CDUS43 KJKL 130527
CLIJKL

CLIMATE REPORT
NATIONAL WEATHER SERVICE JACKSON KY
126 AM EDT WED MAY 13 2015

...................................

...THE JACKSON KY CLIMATE SUMMARY FOR MAY 12 2015...

CLIMATE NORMAL PERIOD 1981 TO 2010
CLIMATE RECORD PERIOD 1981 TO 2015


WEATHER ITEM   OBSERVED TIME   RECORD YEAR NORMAL DEPARTURE LAST
                VALUE   (LST)  VALUE       VALUE  FROM      YEAR
                                                  NORMAL
..................................................................
TEMPERATURE (F)
 YESTERDAY
  MAXIMUM         78    159 PM  88    1982  74      4       86
  MINIMUM         58   1159 PM  40    1989  54      4       66
  AVERAGE         68                        64      4       76

PRECIPITATION (IN)
  YESTERDAY        0.00          0.24 1985   0.17  -0.17      T
  MONTH TO DATE    0.17                      1.92  -1.75     0.41
  SINCE MAR 1     16.72                      9.87   6.85    11.35
  SINCE JAN 1     22.90                     17.23   5.67    18.97

SNOWFALL (IN)
  YESTERDAY        0.0           0.0  2002   0.0    0.0      0.0
                                      2001
  MONTH TO DATE    0.0                       0.0    0.0      0.0
  SINCE MAR 1      3.7                       3.9   -0.2     11.9
  SINCE JUL 1     29.1                      23.5    5.6     38.9
  SNOW DEPTH       0

DEGREE DAYS
 HEATING
  YESTERDAY        0                         4     -4        0
  MONTH TO DATE   15                        52    -37       27
  SINCE MAR 1    772                       873   -101      856
  SINCE JUL 1   4537                      4173    364     4457

 COOLING
  YESTERDAY        3                         3      0       11
  MONTH TO DATE   74                        25     49       54
  SINCE MAR 1     99                        71     28       93
  SINCE JAN 1     99                        71     28       93
..................................................................


WIND (MPH)
  HIGHEST WIND SPEED    13   HIGHEST WIND DIRECTION    NW (310)
  HIGHEST GUST SPEED    25   HIGHEST GUST DIRECTION     W (250)
  AVERAGE WIND SPEED     5.2


SKY COVER
  POSSIBLE SUNSHINE  MM
  AVERAGE SKY COVER 0.4


WEATHER CONDITIONS
 THE FOLLOWING WEATHER WAS RECORDED YESTERDAY.
  NO SIGNIFICANT WEATHER WAS OBSERVED.


RELATIVE HUMIDITY (PERCENT)
 HIGHEST    93           600 AM
 LOWEST     36           300 PM
 AVERAGE    65

..........................................................


THE JACKSON KY CLIMATE NORMALS FOR TODAY
                         NORMAL    RECORD    YEAR
 MAXIMUM TEMPERATURE (F)   74        90      1982
 MINIMUM TEMPERATURE (F)   54        37      2013


SUNRISE AND SUNSET
MAY 13 2015...........SUNRISE   626 AM EDT   SUNSET   834 PM EDT
MAY 14 2015...........SUNRISE   625 AM EDT   SUNSET   835 PM EDT


-  INDICATES NEGATIVE NUMBERS.
R  INDICATES RECORD WAS SET OR TIED.
MM INDICATES DATA IS MISSING.
T  INDICATES TRACE AMOUNT.




$$
