000
CDUS43 KJKL 232121
CLIJKL

CLIMATE REPORT
NATIONAL WEATHER SERVICE JACKSON KY
422 PM EST FRI DEC 23 2016

...................................

...THE JACKSON KY CLIMATE SUMMARY FOR DECEMBER 23 2016...
VALID TODAY AS OF 0400 PM LOCAL TIME.

CLIMATE NORMAL PERIOD 1981 TO 2010
CLIMATE RECORD PERIOD 1981 TO 2016

WEATHER ITEM   OBSERVED TIME   RECORD YEAR NORMAL DEPARTURE LAST
                VALUE   (LST)  VALUE       VALUE  FROM      YEAR
                                                  NORMAL
..................................................................
TEMPERATURE (F)
 TODAY
  MAXIMUM         49    350 PM  67    2015  44      5       67
  MINIMUM         30    149 AM -10    1989  28      2       57
  AVERAGE         40                        36      4       62

PRECIPITATION (IN)
  TODAY            0.00          0.82 1992   0.13  -0.13     0.01
                                      1991
  MONTH TO DATE    3.74                      3.16   0.58     3.31
  SINCE DEC 1      3.74                      3.16   0.58     3.31
  SINCE JAN 1     50.47                     47.32   3.15    55.99

SNOWFALL (IN)
  TODAY            0.0           0.6  1995   0.2   -0.2      0.0
                                      1993
  MONTH TO DATE    0.1                       3.2   -3.1       T
  SINCE DEC 1      0.1                       3.2   -3.1       T
  SINCE JUL 1      0.1                       3.8   -3.7       T
  SNOW DEPTH       0

DEGREE DAYS
 HEATING
  TODAY           25                        29     -4        3
  MONTH TO DATE  644                       600     44      354
  SINCE DEC 1    644                       600     44      354
  SINCE JUL 1   1170                      1400   -230      952

 COOLING
  TODAY            0                         0      0        0
  MONTH TO DATE    0                         0      0        1
  SINCE DEC 1      0                         0      0        1
  SINCE JAN 1   1580                      1154    426     1264
..................................................................

WIND (MPH)
  HIGHEST WIND SPEED     7   HIGHEST WIND DIRECTION     E (80)
  HIGHEST GUST SPEED    13   HIGHEST GUST DIRECTION     E (80)
  AVERAGE WIND SPEED     2.9

SKY COVER
  POSSIBLE SUNSHINE  MM
  AVERAGE SKY COVER 0.2

WEATHER CONDITIONS
 THE FOLLOWING WEATHER WAS RECORDED TODAY.
  NO SIGNIFICANT WEATHER WAS OBSERVED.

RELATIVE HUMIDITY (PERCENT)
 HIGHEST    78           100 AM
 LOWEST     45           100 PM
 AVERAGE    62
..........................................................

THE JACKSON KY CLIMATE NORMALS FOR TOMORROW
                         NORMAL    RECORD    YEAR
 MAXIMUM TEMPERATURE (F)   44        72      2015
 MINIMUM TEMPERATURE (F)   28       -10      1983

SUNRISE AND SUNSET
DECEMBER 23 2016......SUNRISE   746 AM EST   SUNSET   520 PM EST
DECEMBER 24 2016......SUNRISE   746 AM EST   SUNSET   520 PM EST

-  INDICATES NEGATIVE NUMBERS.
R  INDICATES RECORD WAS SET OR TIED.
MM INDICATES DATA IS MISSING.
T  INDICATES TRACE AMOUNT.

$$

TAB
