689
CDUS43 KJKL 122118
CLIJKL

CLIMATE REPORT
NATIONAL WEATHER SERVICE JACKSON KY
419 PM EST SUN NOV 12 2017

...................................

...THE JACKSON KY CLIMATE SUMMARY FOR NOVEMBER 12 2017...
VALID TODAY AS OF 0400 PM LOCAL TIME.

CLIMATE NORMAL PERIOD 1981 TO 2010
CLIMATE RECORD PERIOD 1981 TO 2017

WEATHER ITEM   OBSERVED TIME   RECORD YEAR NORMAL DEPARTURE LAST
                VALUE   (LST)  VALUE       VALUE  FROM      YEAR
                                                  NORMAL
..................................................................
TEMPERATURE (F)
 TODAY
  MAXIMUM         57    237 PM  73    2010  59     -2       54
                                      1989
                                      1985
  MINIMUM         44    203 AM  19    1995  41      3       33
  AVERAGE         51                        50      1       44

PRECIPITATION (IN)
  TODAY            T             0.55 1992   0.13  -0.13     0.00
  MONTH TO DATE    0.47                      1.48  -1.01     0.14
  SINCE SEP 1      9.09                      8.13   0.96     2.97
  SINCE JAN 1     47.41                     41.68   5.73    43.96

SNOWFALL (IN)
  TODAY           MM             0.9  2013   0.0   MM        0.0
  MONTH TO DATE    0.0                       0.1   -0.1      0.0
  SINCE SEP 1      T                         0.2   -0.2      0.0
  SINCE JUL 1      T                         0.2   -0.2      0.0
  SNOW DEPTH       0

DEGREE DAYS
 HEATING
  TODAY           14                        15     -1       21
  MONTH TO DATE  149                       162    -13      113
  SINCE SEP 1    383                       457    -74      235
  SINCE JUL 1    383                       459    -76      235

 COOLING
  TODAY            0                         0      0        0
  MONTH TO DATE    5                         0      5       20
  SINCE SEP 1    198                       172     26      346
  SINCE JAN 1   1200                      1150     50     1578
..................................................................

WIND (MPH)
  HIGHEST WIND SPEED     7   HIGHEST WIND DIRECTION     S (170)
  HIGHEST GUST SPEED    14   HIGHEST GUST DIRECTION     S (200)
  AVERAGE WIND SPEED     2.1

SKY COVER
  POSSIBLE SUNSHINE  MM
  AVERAGE SKY COVER 0.8

WEATHER CONDITIONS
 THE FOLLOWING WEATHER WAS RECORDED TODAY.
  LIGHT RAIN

RELATIVE HUMIDITY (PERCENT)
 HIGHEST    71           800 AM
 LOWEST     58          1200 AM
 AVERAGE    65
..........................................................

THE JACKSON KY CLIMATE NORMALS FOR TOMORROW
                         NORMAL    RECORD    YEAR
 MAXIMUM TEMPERATURE (F)   59        78      1989
 MINIMUM TEMPERATURE (F)   40        16      1986

SUNRISE AND SUNSET
NOVEMBER 12 2017......SUNRISE   710 AM EST   SUNSET   524 PM EST
NOVEMBER 13 2017......SUNRISE   711 AM EST   SUNSET   524 PM EST

-  INDICATES NEGATIVE NUMBERS.
R  INDICATES RECORD WAS SET OR TIED.
MM INDICATES DATA IS MISSING.
T  INDICATES TRACE AMOUNT.

$$

TAB
