000
CDUS43 KJKL 150603 CCA
CLIJKL

CLIMATE REPORT...CORRECTED
NATIONAL WEATHER SERVICE JACKSON KY
1252 AM EST THU JAN 15 2015

...................................

...THE JACKSON KY CLIMATE SUMMARY FOR JANUARY 14 2015...

CLIMATE NORMAL PERIOD 1981 TO 2010
CLIMATE RECORD PERIOD 1981 TO 2015

WEATHER ITEM   OBSERVED TIME   RECORD YEAR NORMAL DEPARTURE LAST
                VALUE   (LST)  VALUE       VALUE  FROM      YEAR
                                                  NORMAL
..................................................................
TEMPERATURE (F)
 YESTERDAY
  MAXIMUM         28    324 PM  68    1995  43    -15       52
  MINIMUM         22   1154 PM   5    1994  27     -5       39
  AVERAGE         25                        35    -10       46

PRECIPITATION (IN)
  YESTERDAY        T             1.06 1995   0.11  -0.11     0.21
  MONTH TO DATE    1.29                      1.60  -0.31     2.38
  SINCE DEC 1      3.78                      5.78  -2.00     9.47
  SINCE JAN 1      1.29                      1.60  -0.31     2.38

SNOWFALL (IN)
  YESTERDAY        T             2.8  1994   0.2   -0.2      0.0
  MONTH TO DATE    0.6                       3.0   -2.4      3.3
  SINCE DEC 1      0.6                       7.9   -7.3      4.7
  SINCE JUL 1      1.8                       8.5   -6.7      7.6
  SNOW DEPTH       T

DEGREE DAYS
 HEATING
  YESTERDAY       40                        30     10       19
  MONTH TO DATE  491                       420     71      446
  SINCE DEC 1   1246                      1254     -8     1204
  SINCE JUL 1   2236                      2054    182     2091

 COOLING
  YESTERDAY        0                         0      0        0
  MONTH TO DATE    0                         0      0        0
  SINCE DEC 1      0                         1     -1        0
  SINCE JAN 1      0                         0      0        0
..................................................................

WIND (MPH)
  HIGHEST WIND SPEED     9   HIGHEST WIND DIRECTION    NW (310)
  HIGHEST GUST SPEED    11   HIGHEST GUST DIRECTION    NW (300)
  AVERAGE WIND SPEED     1.6

SKY COVER
  POSSIBLE SUNSHINE  MM
  AVERAGE SKY COVER 0.9

WEATHER CONDITIONS
 THE FOLLOWING WEATHER WAS RECORDED YESTERDAY.
  LT FREEZING RAIN
  LIGHT SNOW
  FOG

RELATIVE HUMIDITY (PERCENT)
 HIGHEST    84          1200 AM
 LOWEST     74          1000 PM
 AVERAGE    79

..........................................................

THE JACKSON KY CLIMATE NORMALS FOR TODAY
                         NORMAL    RECORD    YEAR
 MAXIMUM TEMPERATURE (F)   43        64      2007
 MINIMUM TEMPERATURE (F)   27        -6      1994

SUNRISE AND SUNSET
JANUARY 15 2015.......SUNRISE   747 AM EST   SUNSET   538 PM EST
JANUARY 16 2015.......SUNRISE   747 AM EST   SUNSET   540 PM EST

-  INDICATES NEGATIVE NUMBERS.
R  INDICATES RECORD WAS SET OR TIED.
MM INDICATES DATA IS MISSING.
T  INDICATES TRACE AMOUNT.

$$
