659
CDUS43 KJKL 092021
CLIJKL

CLIMATE REPORT
NATIONAL WEATHER SERVICE JACKSON KY
421 PM EDT SAT SEP 9 2017

...................................

...THE JACKSON KY CLIMATE SUMMARY FOR SEPTEMBER 9 2017...
VALID TODAY AS OF 0400 PM LOCAL TIME.

CLIMATE NORMAL PERIOD 1981 TO 2010
CLIMATE RECORD PERIOD 1981 TO 2017

WEATHER ITEM   OBSERVED TIME   RECORD YEAR NORMAL DEPARTURE LAST
                VALUE   (LST)  VALUE       VALUE  FROM      YEAR
                                                  NORMAL
..................................................................
TEMPERATURE (F)
 TODAY
  MAXIMUM         72    147 PM  93    2002  80     -8       88
  MINIMUM         54    648 AM  46    1998  61     -7       69
  AVERAGE         63                        70     -7       79

PRECIPITATION (IN)
  TODAY            0.00          1.21 1997   0.11  -0.11     0.00
  MONTH TO DATE    2.55                      0.96   1.59      T
  SINCE SEP 1      2.55                      0.96   1.59      T
  SINCE JAN 1     40.87                     34.51   6.36    40.99

SNOWFALL (IN)
  TODAY            0.0                       0.0    0.0      0.0
  MONTH TO DATE    0.0                       0.0    0.0      0.0
  SINCE SEP 1      0.0                       0.0    0.0      0.0
  SINCE JUL 1      0.0                       0.0    0.0      0.0
  SNOW DEPTH       0

DEGREE DAYS
 HEATING
  TODAY            2                         1      1        0
  MONTH TO DATE   18                         1     17        0
  SINCE SEP 1     18                         1     17        0
  SINCE JUL 1     18                         3     15        0

 COOLING
  TODAY            0                         6     -6       14
  MONTH TO DATE   13                        63    -50       82
  SINCE SEP 1     13                        63    -50       82
  SINCE JAN 1   1015                      1041    -26     1314
..................................................................

WIND (MPH)
  HIGHEST WIND SPEED     7   HIGHEST WIND DIRECTION    SE (120)
  HIGHEST GUST SPEED    11   HIGHEST GUST DIRECTION     E (100)
  AVERAGE WIND SPEED     1.3

SKY COVER
  POSSIBLE SUNSHINE  MM
  AVERAGE SKY COVER 0.2

WEATHER CONDITIONS
 THE FOLLOWING WEATHER WAS RECORDED TODAY.
  NO SIGNIFICANT WEATHER WAS OBSERVED.

RELATIVE HUMIDITY (PERCENT)
 HIGHEST    93           400 AM
 LOWEST     55           300 PM
 AVERAGE    74

..........................................................

THE JACKSON KY CLIMATE NORMALS FOR TOMORROW
                         NORMAL    RECORD    YEAR
 MAXIMUM TEMPERATURE (F)   80        93      2002
                                             1983
 MINIMUM TEMPERATURE (F)   60        48      1998

SUNRISE AND SUNSET
SEPTEMBER  9 2017.....SUNRISE   710 AM EDT   SUNSET   750 PM EDT
SEPTEMBER 10 2017.....SUNRISE   711 AM EDT   SUNSET   748 PM EDT

-  INDICATES NEGATIVE NUMBERS.
R  INDICATES RECORD WAS SET OR TIED.
MM INDICATES DATA IS MISSING.
T  INDICATES TRACE AMOUNT.

$$

CARICO
