000
CDUS43 KJKL 140959
CLIJKL

CLIMATE REPORT
NATIONAL WEATHER SERVICE JACKSON KY
559 AM EDT MON APR 14 2014

...................................

...THE JACKSON KY CLIMATE SUMMARY FOR APRIL 13 2014...

CLIMATE NORMAL PERIOD 1981 TO 2010
CLIMATE RECORD PERIOD 1981 TO 2014


WEATHER ITEM   OBSERVED TIME   RECORD YEAR NORMAL DEPARTURE LAST
                VALUE   (LST)  VALUE       VALUE  FROM      YEAR
                                                  NORMAL
..................................................................

TEMPERATURE (F)
 YESTERDAY
  MAXIMUM         85R   423 PM  83    2006  68     17       65
                                      1981
  MINIMUM         64    647 AM  33    1990  46     18       40
  AVERAGE         75                        57     18       53

PRECIPITATION (IN)
  YESTERDAY        0.00          1.25 2004   0.13  -0.13     0.00
  MONTH TO DATE    2.15                      1.63   0.52     0.71
  SINCE MAR 1      7.66                      5.75   1.91     5.34
  SINCE JAN 1     15.28                     13.11   2.17    12.98

SNOWFALL (IN)
  YESTERDAY        0.0                       0.0    0.0      0.0
  MONTH TO DATE    0.0                       0.7   -0.7      0.0
  SINCE MAR 1     10.9                       3.6    7.3     10.7
  SINCE JUL 1     37.9                      23.2   14.7     20.0
  SNOW DEPTH       0

DEGREE DAYS
 HEATING
  YESTERDAY        0                         9     -9       12
  MONTH TO DATE   73                       145    -72      134
  SINCE MAR 1    740                       698     42      919
  SINCE JUL 1   4341                      3998    343     4145

 COOLING
  YESTERDAY       10                         1      9        0
  MONTH TO DATE   22                        13      9       22
  SINCE MAR 1     22                        20      2       22
  SINCE JAN 1     22                        20      2       22
..................................................................

WIND (MPH)
  HIGHEST WIND SPEED    15   HIGHEST WIND DIRECTION     S (180)
  HIGHEST GUST SPEED    25   HIGHEST GUST DIRECTION     S (190)
  AVERAGE WIND SPEED     6.1


SKY COVER
  POSSIBLE SUNSHINE  MM
  AVERAGE SKY COVER 0.0


WEATHER CONDITIONS
 THE FOLLOWING WEATHER WAS RECORDED YESTERDAY.
  NO SIGNIFICANT WEATHER WAS OBSERVED.


RELATIVE HUMIDITY (PERCENT)
 HIGHEST    52           400 AM
 LOWEST     24           500 PM
 AVERAGE    38
..........................................................

THE JACKSON KY CLIMATE NORMALS FOR TODAY
                         NORMAL    RECORD    YEAR
 MAXIMUM TEMPERATURE (F)   68        87      2006
 MINIMUM TEMPERATURE (F)   46        29      1997


SUNRISE AND SUNSET
APRIL 14 2014.........SUNRISE   700 AM EDT   SUNSET   808 PM EDT
APRIL 15 2014.........SUNRISE   658 AM EDT   SUNSET   809 PM EDT


-  INDICATES NEGATIVE NUMBERS.
R  INDICATES RECORD WAS SET OR TIED.
MM INDICATES DATA IS MISSING.
T  INDICATES TRACE AMOUNT.
$$
