000
CDUS43 KJKL 230538
CLIJKL

CLIMATE REPORT
NATIONAL WEATHER SERVICE JACKSON KY
140 AM EDT THU OCT 23 2014

...................................

...THE JACKSON KY CLIMATE SUMMARY FOR OCTOBER 22 2014...

CLIMATE NORMAL PERIOD 1981 TO 2010
CLIMATE RECORD PERIOD 1981 TO 2014

WEATHER ITEM   OBSERVED TIME   RECORD YEAR NORMAL DEPARTURE LAST
                VALUE   (LST)  VALUE       VALUE  FROM      YEAR
                                                  NORMAL
..................................................................
TEMPERATURE (F)
 YESTERDAY
  MAXIMUM         50    452 PM  81    1991  66    -16       55
  MINIMUM         41    557 AM  26    1987  46     -5       40
  AVERAGE         46                        56    -10       48

PRECIPITATION (IN)
  YESTERDAY        0.00          1.87 1990   0.10  -0.10     0.15
  MONTH TO DATE    6.45                      2.19   4.26     1.37
  SINCE SEP 1      8.80                      5.65   3.15     2.64
  SINCE JAN 1     47.10                     39.20   7.90    45.86

SNOWFALL (IN)
  YESTERDAY        0.0                       0.0    0.0      0.0
  MONTH TO DATE    0.0                       0.0    0.0      0.0
  SINCE SEP 1      0.0                       0.0    0.0      0.0
  SINCE JUL 1      0.0                       0.0    0.0      0.0
  SNOW DEPTH       0

DEGREE DAYS
 HEATING
  YESTERDAY       19                         9     10       17
  MONTH TO DATE  173                       151     22      107
  SINCE SEP 1    206                       201      5      135
  SINCE JUL 1    209                       203      6      137

 COOLING
  YESTERDAY        0                         1     -1        0
  MONTH TO DATE   17                        28    -11       42
  SINCE SEP 1    162                       171     -9      173
  SINCE JAN 1   1163                      1149     14     1068
..................................................................

WIND (MPH)
  HIGHEST WIND SPEED     7   HIGHEST WIND DIRECTION     N (340)
  HIGHEST GUST SPEED    11   HIGHEST GUST DIRECTION     N (350)
  AVERAGE WIND SPEED     1.0

SKY COVER
  POSSIBLE SUNSHINE  MM
  AVERAGE SKY COVER 0.9

WEATHER CONDITIONS
 THE FOLLOWING WEATHER WAS RECORDED YESTERDAY.
  NO SIGNIFICANT WEATHER WAS OBSERVED.

RELATIVE HUMIDITY (PERCENT)
 HIGHEST    89          1200 AM
 LOWEST     66           400 PM
 AVERAGE    78
..........................................................

THE JACKSON KY CLIMATE NORMALS FOR TODAY
                         NORMAL    RECORD    YEAR
 MAXIMUM TEMPERATURE (F)   66        80      2001
 MINIMUM TEMPERATURE (F)   46        29      1997

SUNRISE AND SUNSET
OCTOBER 23 2014.......SUNRISE   749 AM EDT   SUNSET   645 PM EDT
OCTOBER 24 2014.......SUNRISE   750 AM EDT   SUNSET   644 PM EDT

-  INDICATES NEGATIVE NUMBERS.
R  INDICATES RECORD WAS SET OR TIED.
MM INDICATES DATA IS MISSING.
T  INDICATES TRACE AMOUNT.

$$
GREIF
