000
CDUS43 KJKL 052020
CLIJKL

CLIMATE REPORT
NATIONAL WEATHER SERVICE JACKSON KY
419 PM EDT TUE APR 5 2016


...................................

...THE JACKSON KY CLIMATE SUMMARY FOR APRIL 5 2016...
VALID TODAY AS OF 0400 PM LOCAL TIME.

CLIMATE NORMAL PERIOD 1981 TO 2010
CLIMATE RECORD PERIOD 1981 TO 2016


WEATHER ITEM   OBSERVED TIME   RECORD YEAR NORMAL DEPARTURE LAST
                VALUE   (LST)  VALUE       VALUE  FROM      YEAR
                                                  NORMAL
..................................................................
TEMPERATURE (F)
 TODAY
  MAXIMUM         49    252 PM  87    1988  65    -16       68
  MINIMUM         32    819 AM  25    1995  44    -12       38
  AVERAGE         41                        54    -13       53

PRECIPITATION (IN)
  TODAY            0.00          0.42 1993   0.12  -0.12     0.00
  MONTH TO DATE    T                         0.62  -0.62     4.50
  SINCE MAR 1      2.38                      4.74  -2.36    10.76
  SINCE JAN 1     11.94                     12.10  -0.16    16.94

SNOWFALL (IN)
  TODAY            0.0           3.2  1987   0.0    0.0      0.0
  MONTH TO DATE    0.0                       0.3   -0.3      0.0
  SINCE MAR 1      2.8                       3.2   -0.4      3.7
  SINCE JUL 1     32.4                      22.8    9.6     29.1
  SNOW DEPTH       0

DEGREE DAYS
 HEATING
  TODAY           24                        12     12       12
  MONTH TO DATE   71                        62      9       49
  SINCE MAR 1    410                       615   -205      597
  SINCE JUL 1   3164                      3915   -751     4362

 COOLING
  TODAY            0                         1     -1        0
  MONTH TO DATE    0                         5     -5        0
  SINCE MAR 1      8                        12     -4        0
  SINCE JAN 1      8                        12     -4        0
..................................................................


WIND (MPH)
  HIGHEST WIND SPEED    12   HIGHEST WIND DIRECTION    SE (140)
  HIGHEST GUST SPEED    16   HIGHEST GUST DIRECTION    SE (130)
  AVERAGE WIND SPEED     4.0


SKY COVER
  POSSIBLE SUNSHINE  MM
  AVERAGE SKY COVER 0.5


WEATHER CONDITIONS
 THE FOLLOWING WEATHER WAS RECORDED TODAY.
  NO SIGNIFICANT WEATHER WAS OBSERVED.


RELATIVE HUMIDITY (PERCENT)
 HIGHEST    75           300 AM
 LOWEST     26           300 PM
 AVERAGE    51

..........................................................


THE JACKSON KY CLIMATE NORMALS FOR TOMORROW
                         NORMAL    RECORD    YEAR
 MAXIMUM TEMPERATURE (F)   65        89      2010
 MINIMUM TEMPERATURE (F)   44        24      2007


SUNRISE AND SUNSET
APRIL  5 2016.........SUNRISE   712 AM EDT   SUNSET   800 PM EDT
APRIL  6 2016.........SUNRISE   711 AM EDT   SUNSET   801 PM EDT


-  INDICATES NEGATIVE NUMBERS.
R  INDICATES RECORD WAS SET OR TIED.
MM INDICATES DATA IS MISSING.
T  INDICATES TRACE AMOUNT.




$$
