000
CDUS43 KJKL 310540
CLIJKL

CLIMATE REPORT
NATIONAL WEATHER SERVICE JACKSON KY
140 AM EDT SUN JUL 31 2016


...................................

...THE JACKSON KY CLIMATE SUMMARY FOR JULY 30 2016...

CLIMATE NORMAL PERIOD 1981 TO 2010
CLIMATE RECORD PERIOD 1981 TO 2016


WEATHER ITEM   OBSERVED TIME   RECORD YEAR NORMAL DEPARTURE LAST
                VALUE   (LST)  VALUE       VALUE  FROM      YEAR
                                                  NORMAL
..................................................................
TEMPERATURE (F)
 YESTERDAY
  MAXIMUM         87    408 PM  97    1999  84      3       84
  MINIMUM         68    618 AM  52    2014  66      2       71
  AVERAGE         78                        75      3       78

PRECIPITATION (IN)
  YESTERDAY        0.26          2.77 1985   0.15   0.11     0.00
  MONTH TO DATE    6.35                      4.50   1.85     8.87
  SINCE JUN 1     11.36                      9.20   2.16    16.29
  SINCE JAN 1     34.16                     29.71   4.45    40.76

SNOWFALL (IN)
  YESTERDAY        0.0                       0.0    0.0      0.0
  MONTH TO DATE    0.0                       0.0    0.0      0.0
  SINCE JUN 1      0.0                       0.0    0.0      0.0
  SINCE JUL 1      0.0                       0.0    0.0      0.0
  SNOW DEPTH       0

DEGREE DAYS
 HEATING
  YESTERDAY        0                         0      0        0
  MONTH TO DATE    0                         0      0        0
  SINCE JUN 1      1                        12    -11        9
  SINCE JUL 1      0                         0      0        0

COOLING
  YESTERDAY       13                        10      3       13
  MONTH TO DATE  378                       306     72      316
  SINCE JUN 1    674                       529    145      590
  SINCE JAN 1    815                       665    150      794
..................................................................


WIND (MPH)
  HIGHEST WIND SPEED     7   HIGHEST WIND DIRECTION     W (290)
  HIGHEST GUST SPEED    12   HIGHEST GUST DIRECTION     W (280)
  AVERAGE WIND SPEED     1.3


SKY COVER
  POSSIBLE SUNSHINE  MM
  AVERAGE SKY COVER 0.4


WEATHER CONDITIONS
 THE FOLLOWING WEATHER WAS RECORDED YESTERDAY.
  THUNDERSTORM
  HEAVY RAIN
  LIGHT RAIN
  FOG
  FOG W/VISIBILITY <= 1/4 MILE


RELATIVE HUMIDITY (PERCENT)
 HIGHEST    97          1200 AM
 LOWEST     57           400 PM
 AVERAGE    77

..........................................................


THE JACKSON KY CLIMATE NORMALS FOR TODAY
                         NORMAL    RECORD    YEAR
 MAXIMUM TEMPERATURE (F)   84        97      1999
                                             1995
 MINIMUM TEMPERATURE (F)   66        59      2014
                                             1993


SUNRISE AND SUNSET
JULY 31 2016..........SUNRISE   637 AM EDT   SUNSET   842 PM EDT
AUGUST  1 2016........SUNRISE   638 AM EDT   SUNSET   841 PM EDT


-  INDICATES NEGATIVE NUMBERS.
R  INDICATES RECORD WAS SET OR TIED.
MM INDICATES DATA IS MISSING.
T  INDICATES TRACE AMOUNT.




$$
