000
CDUS43 KJKL 180539
CLIJKL

CLIMATE REPORT
NATIONAL WEATHER SERVICE JACKSON KY
1238 AM EST SUN JAN 18 2015

...................................

...THE JACKSON KY CLIMATE SUMMARY FOR JANUARY 17 2015...

CLIMATE NORMAL PERIOD 1981 TO 2010
CLIMATE RECORD PERIOD 1981 TO 2015


WEATHER ITEM   OBSERVED TIME   RECORD YEAR NORMAL DEPARTURE LAST
                VALUE   (LST)  VALUE       VALUE  FROM      YEAR
                                                  NORMAL
..................................................................
TEMPERATURE (F)
 YESTERDAY
  MAXIMUM         59    306 PM  62    1990  43     16       38
  MINIMUM         30    817 AM -15    1982  27      3       17
  AVERAGE         45                        35     10       28

PRECIPITATION (IN)
  YESTERDAY        0.00          1.23 1994   0.11  -0.11     0.15
  MONTH TO DATE    1.30                      1.95  -0.65     2.53
  SINCE DEC 1      3.79                      6.13  -2.34     9.62
  SINCE JAN 1      1.30                      1.95  -0.65     2.53

SNOWFALL (IN)
  YESTERDAY        0.0          15.1  1994   0.2   -0.2      2.2
  MONTH TO DATE    0.7                       3.7   -3.0      5.5
  SINCE DEC 1      0.7                       8.6   -7.9      6.9
  SINCE JUL 1      1.9                       9.2   -7.3      9.8
  SNOW DEPTH       0

DEGREE DAYS
 HEATING
  YESTERDAY       20                        30    -10       37
  MONTH TO DATE  577                       510     67      553
  SINCE DEC 1   1332                      1344    -12     1311
  SINCE JUL 1   2322                      2144    178     2198

 COOLING
  YESTERDAY        0                         0      0        0
  MONTH TO DATE    0                         0      0        0
  SINCE DEC 1      0                         1     -1        0
  SINCE JAN 1      0                         0      0        0
..................................................................


WIND (MPH)
  HIGHEST WIND SPEED    13   HIGHEST WIND DIRECTION    SW (230)
  HIGHEST GUST SPEED    23   HIGHEST GUST DIRECTION    SW (230)
  AVERAGE WIND SPEED     5.3


SKY COVER
  POSSIBLE SUNSHINE  MM
  AVERAGE SKY COVER 0.0


WEATHER CONDITIONS
 THE FOLLOWING WEATHER WAS RECORDED YESTERDAY.
  NO SIGNIFICANT WEATHER WAS OBSERVED.


RELATIVE HUMIDITY (PERCENT)
 HIGHEST    85           400 AM
 LOWEST     28           300 PM
 AVERAGE    57

..........................................................


THE JACKSON KY CLIMATE NORMALS FOR TODAY
                         NORMAL    RECORD    YEAR
 MAXIMUM TEMPERATURE (F)   43        71      1996
 MINIMUM TEMPERATURE (F)   27       -12      1994


SUNRISE AND SUNSET
JANUARY 18 2015.......SUNRISE   746 AM EST   SUNSET   542 PM EST
JANUARY 19 2015.......SUNRISE   746 AM EST   SUNSET   543 PM EST


-  INDICATES NEGATIVE NUMBERS.
R  INDICATES RECORD WAS SET OR TIED.
MM INDICATES DATA IS MISSING.
T  INDICATES TRACE AMOUNT.




$$
