000
CDUS43 KJKL 310551
CLIJKL

CLIMATE REPORT
NATIONAL WEATHER SERVICE JACKSON KY
151 AM EDT TUE OCT 31 2017
...................................

...THE JACKSON KY CLIMATE SUMMARY FOR OCTOBER 30 2017...

CLIMATE NORMAL PERIOD 1981 TO 2010
CLIMATE RECORD PERIOD 1981 TO 2017

WEATHER ITEM   OBSERVED TIME   RECORD YEAR NORMAL DEPARTURE LAST
                VALUE   (LST)  VALUE       VALUE  FROM      YEAR
                                                  NORMAL
..................................................................
TEMPERATURE (F)
 YESTERDAY
  MAXIMUM         59    438 PM  82    2009  64     -5       81
  MINIMUM         29R   727 AM  30    2008  44    -15       60
  AVERAGE         44                        54    -10       71

PRECIPITATION (IN)
  YESTERDAY        0.00          0.76 2012   0.11  -0.11     0.00
  MONTH TO DATE    5.29                      3.08   2.21     1.51
  SINCE SEP 1      8.62                      6.54   2.08     2.83
  SINCE JAN 1     46.94                     40.09   6.85    43.82

SNOWFALL (IN)
  YESTERDAY        0.0           T    1993   0.0    0.0      0.0
  MONTH TO DATE    T                         0.1   -0.1      0.0
  SINCE SEP 1      T                         0.1   -0.1      0.0
  SINCE JUL 1      T                         0.1   -0.1      0.0
  SNOW DEPTH       0

DEGREE DAYS
 HEATING
  YESTERDAY       21                        11     10        0
  MONTH TO DATE  183                       233    -50      106
  SINCE SEP 1    217                       283    -66      122
  SINCE JUL 1    217                       285    -68      122

 COOLING
  YESTERDAY        0                         0      0        6
  MONTH TO DATE   59                        30     29       78
  SINCE SEP 1    193                       173     20      326
  SINCE JAN 1   1195                      1151     44     1558
..................................................................

WIND (MPH)
  HIGHEST WIND SPEED    12   HIGHEST WIND DIRECTION     W (250)
  HIGHEST GUST SPEED    25   HIGHEST GUST DIRECTION     S (200)
  AVERAGE WIND SPEED     2.6

SKY COVER
  POSSIBLE SUNSHINE  MM
  AVERAGE SKY COVER 0.4

WEATHER CONDITIONS
 THE FOLLOWING WEATHER WAS RECORDED YESTERDAY.
  NO SIGNIFICANT WEATHER WAS OBSERVED.

RELATIVE HUMIDITY (PERCENT)
 HIGHEST    92           500 AM
 LOWEST     33           200 PM
 AVERAGE    63
..........................................................

THE JACKSON KY CLIMATE NORMALS FOR TODAY
                         NORMAL    RECORD    YEAR
 MAXIMUM TEMPERATURE (F)   64        78      2003
                                             1987
                                             1984
 MINIMUM TEMPERATURE (F)   44        31      1993

SUNRISE AND SUNSET
OCTOBER 31 2017.......SUNRISE   758 AM EDT   SUNSET   636 PM EDT
NOVEMBER  1 2017......SUNRISE   759 AM EDT   SUNSET   635 PM EDT

-  INDICATES NEGATIVE NUMBERS.
R  INDICATES RECORD WAS SET OR TIED.
MM INDICATES DATA IS MISSING.
T  INDICATES TRACE AMOUNT.

$$
