000
CDUS43 KJKL 042020
CLIJKL

CLIMATE REPORT
NATIONAL WEATHER SERVICE JACKSON KY
419 PM EDT SUN SEP 4 2016

...................................

...THE JACKSON KY CLIMATE SUMMARY FOR SEPTEMBER 4 2016...
VALID TODAY AS OF 0400 PM LOCAL TIME.

CLIMATE NORMAL PERIOD 1981 TO 2010
CLIMATE RECORD PERIOD 1981 TO 2016

WEATHER ITEM   OBSERVED TIME   RECORD YEAR NORMAL DEPARTURE LAST
                VALUE   (LST)  VALUE       VALUE  FROM      YEAR
                                                  NORMAL
..................................................................
TEMPERATURE (F)
 TODAY
  MAXIMUM         83    257 PM  94    2007  82      1       88
  MINIMUM         58    638 AM  47    1997  62     -4       68
  AVERAGE         71                        72     -1       78

PRECIPITATION (IN)
  TODAY            0.00          1.02 2014   0.11  -0.11     0.00
  MONTH TO DATE    T                         0.43  -0.43     0.00
  SINCE SEP 1      T                         0.43  -0.43     0.00
  SINCE JAN 1     40.99                     33.98   7.01    45.78

SNOWFALL (IN)
  TODAY            0.0                       0.0    0.0      0.0
  MONTH TO DATE    0.0                       0.0    0.0      0.0
  SINCE SEP 1      0.0                       0.0    0.0      0.0
  SINCE JUL 1      0.0                       0.0    0.0      0.0
  SNOW DEPTH       0

DEGREE DAYS
 HEATING
  TODAY            0                         0      0        0
  MONTH TO DATE    0                         0      0        0
  SINCE SEP 1      0                         0      0        0
  SINCE JUL 1      0                         2     -2        0

 COOLING
  TODAY            6                         7     -1       13
  MONTH TO DATE   20                        30    -10       50
  SINCE SEP 1     20                        30    -10       50
  SINCE JAN 1   1252                      1008    244     1101
..................................................................

WIND (MPH)
  HIGHEST WIND SPEED     6   HIGHEST WIND DIRECTION    NW (310)
  HIGHEST GUST SPEED     8   HIGHEST GUST DIRECTION     S (170)
  AVERAGE WIND SPEED     0.6

SKY COVER
  POSSIBLE SUNSHINE  MM
  AVERAGE SKY COVER 0.0

WEATHER CONDITIONS
 THE FOLLOWING WEATHER WAS RECORDED TODAY.
  NO SIGNIFICANT WEATHER WAS OBSERVED.

RELATIVE HUMIDITY (PERCENT)
 HIGHEST    87           700 AM
 LOWEST     43           300 PM
 AVERAGE    65
..........................................................

THE JACKSON KY CLIMATE NORMALS FOR TOMORROW
                         NORMAL    RECORD    YEAR
 MAXIMUM TEMPERATURE (F)   82        95      2007
 MINIMUM TEMPERATURE (F)   62        46      1997

SUNRISE AND SUNSET
SEPTEMBER  4 2016.....SUNRISE   706 AM EDT   SUNSET   757 PM EDT
SEPTEMBER  5 2016.....SUNRISE   707 AM EDT   SUNSET   756 PM EDT

-  INDICATES NEGATIVE NUMBERS.
R  INDICATES RECORD WAS SET OR TIED.
MM INDICATES DATA IS MISSING.
T  INDICATES TRACE AMOUNT.

$$

TAB
