000
CDUS43 KJKL 230530
CLIJKL

CLIMATE REPORT
NATIONAL WEATHER SERVICE JACKSON KY
1230 AM EST MON JAN 23 2017

...................................

...THE JACKSON KY CLIMATE SUMMARY FOR JANUARY 22 2017...

CLIMATE NORMAL PERIOD 1981 TO 2010
CLIMATE RECORD PERIOD 1981 TO 2017

WEATHER ITEM   OBSERVED TIME   RECORD YEAR NORMAL DEPARTURE LAST
                VALUE   (LST)  VALUE       VALUE  FROM      YEAR
                                                  NORMAL
..................................................................
TEMPERATURE (F)
 YESTERDAY
  MAXIMUM         61    241 PM  77    1999  43     18       23
  MINIMUM         49    838 AM   0    2014  27     22       21
  AVERAGE         55                        35     20       22

PRECIPITATION (IN)
  YESTERDAY        0.17          1.90 2016   0.11   0.06     1.90
  MONTH TO DATE    3.26                      2.53   0.73     3.09
  SINCE DEC 1      9.42                      6.71   2.71     7.73
  SINCE JAN 1      3.26                      2.53   0.73     3.09

SNOWFALL (IN)
  YESTERDAY        0.0          15.7  2016   0.2   -0.2     15.7
  MONTH TO DATE    2.5                       4.8   -2.3     18.6
  SINCE DEC 1      2.8                       9.7   -6.9     18.6
  SINCE JUL 1      2.8                      10.3   -7.5     18.6
  SNOW DEPTH       0

DEGREE DAYS
 HEATING
  YESTERDAY       10                        30    -20       43
  MONTH TO DATE  476                       660   -184      729
  SINCE DEC 1   1273                      1494   -221     1157
  SINCE JUL 1   1799                      2294   -495     1755

 COOLING
  YESTERDAY        0                         0      0        0
  MONTH TO DATE    0                         0      0        0
  SINCE DEC 1      0                         1     -1        2
  SINCE JAN 1      0                         0      0        0
..................................................................

WIND (MPH)
  HIGHEST WIND SPEED    10   HIGHEST WIND DIRECTION    NE (50)
  HIGHEST GUST SPEED    18   HIGHEST GUST DIRECTION     N (20)
  AVERAGE WIND SPEED     3.7

SKY COVER
  POSSIBLE SUNSHINE  MM
  AVERAGE SKY COVER 0.5

WEATHER CONDITIONS
 THE FOLLOWING WEATHER WAS RECORDED YESTERDAY.
  HEAVY RAIN
  RAIN
  LIGHT RAIN
  FOG

RELATIVE HUMIDITY (PERCENT)
 HIGHEST    93           600 AM
 LOWEST     75           400 PM
 AVERAGE    84
..........................................................

THE JACKSON KY CLIMATE NORMALS FOR TODAY
                         NORMAL    RECORD    YEAR
 MAXIMUM TEMPERATURE (F)   43        68      1999
 MINIMUM TEMPERATURE (F)   27         1      2014

SUNRISE AND SUNSET
JANUARY 23 2017.......SUNRISE   743 AM EST   SUNSET   548 PM EST
JANUARY 24 2017.......SUNRISE   743 AM EST   SUNSET   549 PM EST

-  INDICATES NEGATIVE NUMBERS.
R  INDICATES RECORD WAS SET OR TIED.
MM INDICATES DATA IS MISSING.
T  INDICATES TRACE AMOUNT.

$$

GEOGERIAN
