314
CDUS43 KJKL 240557
CLIJKL

CLIMATE REPORT
NATIONAL WEATHER SERVICE JACKSON KY
1243 AM EST FRI FEB 24 2017

...................................

...THE JACKSON KY CLIMATE SUMMARY FOR FEBRUARY 23 2017...

CLIMATE NORMAL PERIOD 1981 TO 2010
CLIMATE RECORD PERIOD 1981 TO 2017

WEATHER ITEM   OBSERVED TIME   RECORD YEAR NORMAL DEPARTURE LAST
                VALUE   (LST)  VALUE       VALUE  FROM      YEAR
                                                  NORMAL
..................................................................
TEMPERATURE (F)
 YESTERDAY
  MAXIMUM         71    452 PM  79    1996  50     21       58
  MINIMUM         52    600 AM  12    2015  32     20       41
  AVERAGE         62                        41     21       50

PRECIPITATION (IN)
  YESTERDAY        0.00          0.94 1994   0.14  -0.14     0.18
  MONTH TO DATE    1.57                      3.07  -1.50     5.59
  SINCE DEC 1     12.44                     10.86   1.58    13.52
  SINCE JAN 1      6.28                      6.68  -0.40     8.88

SNOWFALL (IN)
  YESTERDAY        0.0           1.6  2003   0.2   -0.2      0.0
  MONTH TO DATE    T                         6.0   -6.0      7.4
  SINCE DEC 1      4.6                      18.0  -13.4     28.8
  SINCE JUL 1      4.6                      18.6  -14.0     28.8
  SNOW DEPTH       0

DEGREE DAYS
 HEATING
  YESTERDAY        3                        24    -21       15
  MONTH TO DATE  400                       617   -217      617
  SINCE DEC 1   1895                      2383   -488     2031
  SINCE JUL 1   2421                      3183   -762     2629

 COOLING
  YESTERDAY        0                         0      0        0
  MONTH TO DATE    0                         0      0        0
  SINCE DEC 1      0                         1     -1        2
  SINCE JAN 1      0                         0      0        0
..................................................................

WIND (MPH)
  HIGHEST WIND SPEED     6   HIGHEST WIND DIRECTION     S (160)
  HIGHEST GUST SPEED    10   HIGHEST GUST DIRECTION    SE (150)
  AVERAGE WIND SPEED     2.9

SKY COVER
  POSSIBLE SUNSHINE  MM
  AVERAGE SKY COVER 0.5

WEATHER CONDITIONS
 THE FOLLOWING WEATHER WAS RECORDED YESTERDAY.
  NO SIGNIFICANT WEATHER WAS OBSERVED.

RELATIVE HUMIDITY (PERCENT)
 HIGHEST    96           500 AM
 LOWEST     55           600 PM
 AVERAGE    76

..........................................................

THE JACKSON KY CLIMATE NORMALS FOR TODAY
                         NORMAL    RECORD    YEAR
 MAXIMUM TEMPERATURE (F)   50        71      2001
                                             2000
                                             1982
 MINIMUM TEMPERATURE (F)   32         8      1989

SUNRISE AND SUNSET
FEBRUARY 24 2017......SUNRISE   711 AM EST   SUNSET   622 PM EST
FEBRUARY 25 2017......SUNRISE   710 AM EST   SUNSET   623 PM EST

-  INDICATES NEGATIVE NUMBERS.
R  INDICATES RECORD WAS SET OR TIED.
MM INDICATES DATA IS MISSING.
T  INDICATES TRACE AMOUNT.

$$
