000
CDUS43 KJKL 250530
CLIJKL

CLIMATE REPORT
NATIONAL WEATHER SERVICE JACKSON KY
130 AM EDT MON JUL 25 2016
...................................

...THE JACKSON KY CLIMATE SUMMARY FOR JULY 24 2016...

CLIMATE NORMAL PERIOD 1981 TO 2010
CLIMATE RECORD PERIOD 1981 TO 2016

WEATHER ITEM   OBSERVED TIME   RECORD YEAR NORMAL DEPARTURE LAST
                VALUE   (LST)  VALUE       VALUE  FROM      YEAR
                                                  NORMAL
..................................................................

TEMPERATURE (F)
 YESTERDAY
  MAXIMUM         92    359 PM  93    1987  85      7       83
                                      1986
  MINIMUM         72    621 AM  56    2008  66      6       65
  AVERAGE         82                        75      7       74

PRECIPITATION (IN)
  YESTERDAY        0.00          0.68 2012   0.16  -0.16     0.00
  MONTH TO DATE    4.31                      3.60   0.71     8.82
  SINCE JUN 1      9.32                      8.30   1.02    16.24
  SINCE JAN 1     32.12                     28.81   3.31    40.71

SNOWFALL (IN)
  YESTERDAY        0.0                       0.0    0.0      0.0
  MONTH TO DATE    0.0                       0.0    0.0      0.0
  SINCE JUN 1      0.0                       0.0    0.0      0.0
  SINCE JUL 1      0.0                       0.0    0.0      0.0
  SNOW DEPTH       0

DEGREE DAYS
 HEATING
  YESTERDAY        0                         0      0        0
  MONTH TO DATE    0                         0      0        0
  SINCE JUN 1      1                        12    -11        9
  SINCE JUL 1      0                         0      0        0

 COOLING
  YESTERDAY       17                        10      7        9
  MONTH TO DATE  294                       246     48      238
  SINCE JUN 1    590                       469    121      512
  SINCE JAN 1    731                       605    126      716
..................................................................

WIND (MPH)
  HIGHEST WIND SPEED     6   HIGHEST WIND DIRECTION     S (180)
  HIGHEST GUST SPEED     9   HIGHEST GUST DIRECTION     S (160)
  AVERAGE WIND SPEED     0.6

SKY COVER
  POSSIBLE SUNSHINE  MM
  AVERAGE SKY COVER 0.0

WEATHER CONDITIONS
 THE FOLLOWING WEATHER WAS RECORDED YESTERDAY.
  FOG

RELATIVE HUMIDITY (PERCENT)
 HIGHEST    93           300 AM
 LOWEST     56           100 PM
 AVERAGE    75
..........................................................

THE JACKSON KY CLIMATE NORMALS FOR TODAY
                         NORMAL    RECORD    YEAR
 MAXIMUM TEMPERATURE (F)   85        97      1993
 MINIMUM TEMPERATURE (F)   66        59      2014
                                             2013
                                             2003

SUNRISE AND SUNSET
JULY 25 2016..........SUNRISE   632 AM EDT   SUNSET   847 PM EDT
JULY 26 2016..........SUNRISE   633 AM EDT   SUNSET   846 PM EDT

-  INDICATES NEGATIVE NUMBERS.
R  INDICATES RECORD WAS SET OR TIED.
MM INDICATES DATA IS MISSING.
T  INDICATES TRACE AMOUNT.

$$
