000
CDUS43 KJKL 240522
CLIJKL

CLIMATE REPORT
NATIONAL WEATHER SERVICE JACKSON KY
121 AM EDT MON APR 24 2017

...................................

...THE JACKSON KY CLIMATE SUMMARY FOR APRIL 23 2017...

CLIMATE NORMAL PERIOD 1981 TO 2010
CLIMATE RECORD PERIOD 1981 TO 2017


WEATHER ITEM   OBSERVED TIME   RECORD YEAR NORMAL DEPARTURE LAST
                VALUE   (LST)  VALUE       VALUE  FROM      YEAR
                                                  NORMAL
..................................................................
TEMPERATURE (F)
 YESTERDAY
  MAXIMUM         51   1159 PM  88    1988  70    -19       65
  MINIMUM         46    941 AM  25    1986  49     -3       51
  AVERAGE         49                        60    -11       58

PRECIPITATION (IN)
  YESTERDAY        0.75          1.82 1995   0.14   0.61     0.00
  MONTH TO DATE    3.97                      2.88   1.09     1.18
  SINCE MAR 1      8.39                      7.00   1.39     3.56
  SINCE JAN 1     15.96                     14.36   1.60    13.12

SNOWFALL (IN)
  YESTERDAY       MM             T    2005   0.0   MM        0.0
  MONTH TO DATE    0.0                       1.0   -1.0      0.1
  SINCE MAR 1      0.2                       3.9   -3.7      2.9
  SINCE JUL 1      4.8                      23.5  -18.7     32.5
  SNOW DEPTH       0

DEGREE DAYS
 HEATING
  YESTERDAY       16                         7      9        7
  MONTH TO DATE  112                       226   -114      217
  SINCE MAR 1    620                       779   -159      556
  SINCE JUL 1   3112                      4079   -967     3310

 COOLING
  YESTERDAY        0                         2     -2        0
  MONTH TO DATE   52                        27     25       27
  SINCE MAR 1     58                        34     24       35
  SINCE JAN 1     60                        34     26       35
..................................................................


WIND (MPH)
  HIGHEST WIND SPEED     9   HIGHEST WIND DIRECTION    NE (40)
  HIGHEST GUST SPEED    20   HIGHEST GUST DIRECTION     E (70)
  AVERAGE WIND SPEED     2.9


SKY COVER
  POSSIBLE SUNSHINE  MM
  AVERAGE SKY COVER 1.0


WEATHER CONDITIONS
 THE FOLLOWING WEATHER WAS RECORDED YESTERDAY.
  RAIN
  LIGHT RAIN
  FOG


RELATIVE HUMIDITY (PERCENT)
 HIGHEST   100          1000 AM
 LOWEST     86           200 AM
 AVERAGE    93

..........................................................


THE JACKSON KY CLIMATE NORMALS FOR TODAY
                         NORMAL    RECORD    YEAR
 MAXIMUM TEMPERATURE (F)   70        90      2009
 MINIMUM TEMPERATURE (F)   49        32      2005


SUNRISE AND SUNSET
APRIL 24 2017.........SUNRISE   646 AM EDT   SUNSET   817 PM EDT
APRIL 25 2017.........SUNRISE   645 AM EDT   SUNSET   818 PM EDT


-  INDICATES NEGATIVE NUMBERS.
R  INDICATES RECORD WAS SET OR TIED.
MM INDICATES DATA IS MISSING.
T  INDICATES TRACE AMOUNT.




$$
