000
CDUS43 KJKL 260532
CLIJKL

CLIMATE REPORT
NATIONAL WEATHER SERVICE JACKSON KY
132 AM EDT TUE APR 26 2016

...................................

...THE JACKSON KY CLIMATE SUMMARY FOR APRIL 25 2016...

CLIMATE NORMAL PERIOD 1981 TO 2010
CLIMATE RECORD PERIOD 1981 TO 2016

WEATHER ITEM   OBSERVED TIME   RECORD YEAR NORMAL DEPARTURE LAST
                VALUE   (LST)  VALUE       VALUE  FROM      YEAR
                                                  NORMAL
..................................................................
TEMPERATURE (F)
 YESTERDAY
  MAXIMUM         82    407 PM  89    2009  71     11       71
                                      1990
  MINIMUM         58    608 AM  35    1995  50      8       47
                                      1988
                                      1983
  AVERAGE         70                        60     10       59

PRECIPITATION (IN)
  YESTERDAY        0.00          1.23 1993   0.14  -0.14     0.43
  MONTH TO DATE    1.18                      3.15  -1.97     9.97
  SINCE MAR 1      3.56                      7.27  -3.71    16.23
  SINCE JAN 1     13.12                     14.63  -1.51    22.41

SNOWFALL (IN)
  YESTERDAY        0.0           0.0  2002   0.0    0.0      0.0
  MONTH TO DATE    0.1                       1.0   -0.9      0.0
  SINCE MAR 1      2.9                       3.9   -1.0      3.7
  SINCE JUL 1     32.5                      23.5    9.0     29.1
  SNOW DEPTH       0

DEGREE DAYS
 HEATING
  YESTERDAY        0                         7     -7        6
  MONTH TO DATE  218                       240    -22      154
  SINCE MAR 1    557                       793   -236      702
  SINCE JUL 1   3311                      4093   -782     4467

 COOLING
  YESTERDAY        5                         2      3        0
  MONTH TO DATE   32                        31      1       25
  SINCE MAR 1     40                        38      2       25
  SINCE JAN 1     40                        38      2       25
..................................................................

WIND (MPH)
  HIGHEST WIND SPEED    13   HIGHEST WIND DIRECTION     W (250)
  HIGHEST GUST SPEED    20   HIGHEST GUST DIRECTION     S (170)
  AVERAGE WIND SPEED     3.7

SKY COVER
  POSSIBLE SUNSHINE  MM
  AVERAGE SKY COVER 0.3

WEATHER CONDITIONS
 THE FOLLOWING WEATHER WAS RECORDED YESTERDAY.
  NO SIGNIFICANT WEATHER WAS OBSERVED.

RELATIVE HUMIDITY (PERCENT)
 HIGHEST    64           700 AM
 LOWEST     33           400 PM
 AVERAGE    49

..........................................................

THE JACKSON KY CLIMATE NORMALS FOR TODAY
                         NORMAL    RECORD    YEAR
 MAXIMUM TEMPERATURE (F)   71        90      1986
 MINIMUM TEMPERATURE (F)   50        39      2002

SUNRISE AND SUNSET
APRIL 26 2016.........SUNRISE   643 AM EDT   SUNSET   819 PM EDT
APRIL 27 2016.........SUNRISE   642 AM EDT   SUNSET   820 PM EDT

-  INDICATES NEGATIVE NUMBERS.
R  INDICATES RECORD WAS SET OR TIED.
MM INDICATES DATA IS MISSING.
T  INDICATES TRACE AMOUNT.

$$
