304
CDUS43 KJKL 290532 RRA
CLIJKL

SDFCLIJKL 000
TTAA00 KJKL 290531

CLIMATE REPORT
NATIONAL WEATHER SERVICE JACKSON KY
126 AM EDT SUN MAY 29 2016

...................................

...THE JACKSON KY CLIMATE SUMMARY FOR MAY 28 2016...

CLIMATE NORMAL PERIOD 1981 TO 2010
CLIMATE RECORD PERIOD 1981 TO 2016


WEATHER ITEM   OBSERVED TIME   RECORD YEAR NORMAL DEPARTURE LAST
                VALUE   (LST)  VALUE       VALUE  FROM      YEAR
                                                  NORMAL
..................................................................
TEMPERATURE (F)
 YESTERDAY
  MAXIMUM         84    311 PM  89    2012  77      7       79
                                      1987
  MINIMUM         65    459 AM  37    1994  58      7       62
  AVERAGE         75                        67      8       71

PRECIPITATION (IN)
  YESTERDAY        0.00          1.00 1990   0.17  -0.17      T
  MONTH TO DATE    6.91                      4.67   2.24     1.55
  SINCE MAR 1     13.11                     12.62   0.49    18.10
  SINCE JAN 1     22.67                     19.98   2.69    24.28

SNOWFALL (IN)
  YESTERDAY        0.0                       0.0    0.0      0.0
  MONTH TO DATE    0.0                       0.0    0.0      0.0
  SINCE MAR 1      2.9                       3.9   -1.0      3.7
  SINCE JUL 1     32.5                      23.5    9.0     29.1
  SNOW DEPTH       0

DEGREE DAYS
 HEATING
  YESTERDAY        0                         2     -2        0
  MONTH TO DATE  137                        96     41       44
  SINCE MAR 1    700                       917   -217      801
  SINCE JUL 1   3454                      4217   -763     4566

 COOLING
  YESTERDAY       10                         4      6        6
  MONTH TO DATE   59                        79    -20      147
  SINCE MAR 1    113                       125    -12      172
  SINCE JAN 1    113                       125    -12      172
..................................................................

WIND (MPH)
  HIGHEST WIND SPEED     7   HIGHEST WIND DIRECTION     S (170)
  HIGHEST GUST SPEED    12   HIGHEST GUST DIRECTION    SE (150)
  AVERAGE WIND SPEED     0.9

SKY COVER
  POSSIBLE SUNSHINE  MM
  AVERAGE SKY COVER 0.2

WEATHER CONDITIONS
 THE FOLLOWING WEATHER WAS RECORDED YESTERDAY.
  NO SIGNIFICANT WEATHER WAS OBSERVED.

RELATIVE HUMIDITY (PERCENT)
 HIGHEST    93          1200 AM
 LOWEST     54           600 PM
 AVERAGE    74

..........................................................

THE JACKSON KY CLIMATE NORMALS FOR TODAY
                         NORMAL    RECORD    YEAR
 MAXIMUM TEMPERATURE (F)   77        89      2011
                                             2006
                                             1987
 MINIMUM TEMPERATURE (F)   58        44      1984


SUNRISE AND SUNSET
MAY 29 2016...........SUNRISE   615 AM EDT   SUNSET   847 PM EDT
MAY 30 2016...........SUNRISE   614 AM EDT   SUNSET   848 PM EDT


-  INDICATES NEGATIVE NUMBERS.
R  INDICATES RECORD WAS SET OR TIED.
MM INDICATES DATA IS MISSING.
T  INDICATES TRACE AMOUNT.


$$


JVM
