000
CXUS53 KJKL 011934
CLMJKL

CLIMATE REPORT
NATIONAL WEATHER SERVICE JACKSON KY
233 PM EST SUN NOV 1 2015
...................................

...THE JACKSON KY CLIMATE SUMMARY FOR THE MONTH OF OCTOBER 2015...

CLIMATE NORMAL PERIOD 1981 TO 2010
CLIMATE RECORD PERIOD 1981 TO 2015

WEATHER         OBSERVED          NORMAL  DEPART  LAST YEAR`S
                 VALUE   DATE(S)  VALUE   FROM    VALUE  DATE(S)
                                          NORMAL
................................................................
TEMPERATURE (F)
RECORD
 HIGH              89   10/08/2007
 LOW               26   10/22/1987
                        10/24/1981
HIGHEST            82   10/08        82       0       83  10/02
LOWEST             31   10/18        32      -1       35  10/31
AVG. MAXIMUM     68.0              68.1    -0.1     65.5
AVG. MINIMUM     48.5              48.0     0.5     48.3
MEAN             58.3              58.1     0.2     56.9
DAYS MAX >= 90      0               0.0     0.0        0
DAYS MAX <= 32      0               0.0     0.0        0
DAYS MIN <= 32      1               0.9     0.1        0
DAYS MIN <= 0       0               0.0     0.0        0

PRECIPITATION (INCHES)
RECORD
 MAXIMUM         7.77   2014
 MINIMUM         0.51   1987
TOTALS           2.40              3.19   -0.79     7.77
DAILY AVG.       0.08              0.10   -0.02     0.25
DAYS >= .01         9               8.8     0.2       16
DAYS >= .10         7               5.7     1.3       11
DAYS >= .50         1               2.1    -1.1        5
DAYS >= 1.00        0               0.8    -0.8        2
GREATEST
 24 HR. TOTAL    0.55   10/02 TO 10/02              2.10

SNOWFALL (INCHES)
RECORDS
 TOTAL            2.3   1993
TOTALS            0.0               0.1    -0.1        T
SINCE 7/1         0.0               0.1    -0.1        T
SNOWDEPTH AVG.      0                MM      MM        0
DAYS >= 1.0         0               0.0     0.0        0
GREATEST
 SNOW DEPTH         0   MM                             0
 24 HR TOTAL      0.0   10/31 TO 10/31                 T

DEGREE_DAYS
HEATING TOTAL     221               245     -24      263
 SINCE 7/1        241               297     -56      299
COOLING TOTAL      17                29     -12       19
 SINCE 1/1       1248              1150      98     1165
.................................................................

WIND (MPH)
AVERAGE WIND SPEED              2.2
HIGHEST WIND SPEED/DIRECTION    22/320    DATE  10/09
HIGHEST GUST SPEED/DIRECTION    37/320    DATE  10/09

SKY COVER
POSSIBLE SUNSHINE (PERCENT)   MM
AVERAGE SKY COVER           0.30
NUMBER OF DAYS FAIR           17
NUMBER OF DAYS PC              9
NUMBER OF DAYS CLOUDY          4

AVERAGE RH (PERCENT)     70

WEATHER CONDITIONS. NUMBER OF DAYS WITH
THUNDERSTORM              0     MIXED PRECIP               0
HEAVY RAIN                2     RAIN                       7
LIGHT RAIN               11     FREEZING RAIN              0
LT FREEZING RAIN          0     HAIL                       0
HEAVY SNOW                0     SNOW                       0
LIGHT SNOW                0     SLEET                      0
FOG                      11     FOG W/VIS <= 1/4 MILE      2
HAZE                      0

-  INDICATES NEGATIVE NUMBERS.
R  INDICATES RECORD WAS SET OR TIED.
MM INDICATES DATA IS MISSING.
T  INDICATES TRACE AMOUNT.

$$

TAB
