000
CXUS53 KJKL 010854 AAA
CLMJKL

CLIMATE REPORT
NATIONAL WEATHER SERVICE JACKSON KY
228 AM EST SAT FEB 1 2014

...................................

...THE JACKSON KY CLIMATE SUMMARY FOR THE MONTH OF JANUARY 2014...

CLIMATE NORMAL PERIOD 1981 TO 2010
CLIMATE RECORD PERIOD 1981 TO 2014

WEATHER         OBSERVED          NORMAL  DEPART  LAST YEAR`S
                 VALUE   DATE(S)  VALUE   FROM    VALUE  DATE(S)
                                          NORMAL
................................................................
TEMPERATURE (F)
RECORD
 HIGH              78   01/31/2002
 LOW              -18   01/19/1994
                        01/21/1985
                        01/20/1985
HIGHEST            59   01/11        66      -7       69  01/29
LOWEST             -7   01/07         4     -11       10  01/22
AVG. MAXIMUM     38.5              43.1    -4.6     44.9
AVG. MINIMUM     17.3              26.8    -9.5     30.0
MEAN             27.9              34.9    -7.0     37.5
DAYS MAX >= 90      0               0.0     0.0        0
DAYS MAX <= 32      7               6.1     0.9        5
DAYS MIN <= 32     23              20.7     2.3       23
DAYS MIN <= 0       5               0.5     4.5        0

PRECIPITATION (INCHES)
RECORD
 MAXIMUM         7.28   1994
 MINIMUM         0.80   1981
TOTALS           3.15              3.61   -0.46     5.73
DAILY AVG.       0.10              0.12   -0.02     0.18
DAYS >= .01        14              14.1    -0.1       15
DAYS >= .10        10               7.3     2.7       12
DAYS >= .50         1               2.4    -1.4        4
DAYS >= 1.00        0               0.8    -0.8        1
GREATEST
 24 HR. TOTAL    0.87   01/11 TO 01/11              1.82

SNOWFALL (INCHES)
RECORDS
 TOTAL           26.3   1994
TOTALS           14.0               7.1     6.9      1.1
SINCE 7/1        18.3              12.6     5.7      4.0
SNOWDEPTH AVG.      1                 2      -1        0
DAYS >= 1.0         5               2.2     2.8        0
GREATEST
 SNOW DEPTH         3   01/26                         -1
                        01/24
                        01/23
 24 HR TOTAL      5.4   01/21 TO 01/21               0.9

DEGREE_DAYS
HEATING TOTAL    1139               932     207      848
 SINCE 7/1       2784              2566     218     2456
COOLING TOTAL       0                 0       0        0
 SINCE 1/1          0                 0       0        0
.................................................................

WIND (MPH)
AVERAGE WIND SPEED              5.3
HIGHEST WIND SPEED/DIRECTION    24/260    DATE  01/05
HIGHEST GUST SPEED/DIRECTION    40/280    DATE  01/05

SKY COVER
POSSIBLE SUNSHINE (PERCENT)   MM
AVERAGE SKY COVER           0.50
NUMBER OF DAYS FAIR            9
NUMBER OF DAYS PC             14
NUMBER OF DAYS CLOUDY          8

AVERAGE RH (PERCENT)     61

WEATHER CONDITIONS. NUMBER OF DAYS WITH
THUNDERSTORM              1     MIXED PRECIP               0
HEAVY RAIN                2     RAIN                       4
LIGHT RAIN                8     FREEZING RAIN              0
LT FREEZING RAIN          0     HAIL                       0
HEAVY SNOW                1     SNOW                       5
LIGHT SNOW               15     SLEET                      0
FOG                      13     FOG W/VIS <= 1/4 MILE      5
HAZE                      6

-  INDICATES NEGATIVE NUMBERS.
R  INDICATES RECORD WAS SET OR TIED.
MM INDICATES DATA IS MISSING.
T  INDICATES TRACE AMOUNT.

&&

RECORDS...

NEW MINIMUM RECORDS...

-3 ON THE 6TH
-7 ON THE 7TH
0 ON THE 22ND
1 ON THE 23RD
-3 ON THE 24TH
-1 ON THE 29TH

TIED MINIMUM RECORDS...

6 ON THE 8TH

NEW MINIMUM HIGH RECORDS...

12 ON THE 7TH
17 ON THE 22ND
12 ON THE 28TH
22 ON THE 29TH

NEW SNOWFALL RECORDS...

5.4 ON THE 21ST

$$

CARICO
