000
CXUS53 KJKL 010727
CLMJKL

CLIMATE REPORT
NATIONAL WEATHER SERVICE JACKSON KY
327 AM EDT FRI NOV 1 2013

...................................

...THE JACKSON KY CLIMATE SUMMARY FOR THE MONTH OF OCTOBER 2013...

CLIMATE NORMAL PERIOD 1981 TO 2010
CLIMATE RECORD PERIOD 1981 TO 2013

WEATHER         OBSERVED          NORMAL  DEPART  LAST YEAR`S
                 VALUE   DATE(S)  VALUE   FROM    VALUE  DATE(S)
                                          NORMAL
................................................................
TEMPERATURE (F)
RECORD
 HIGH              89   10/08/2007
 LOW               26   10/22/1987
                        10/24/1981
HIGHEST            85   10/05        82       3       81  10/25
                                                          10/02
LOWEST             29   10/26        32      -3       32  10/30
                                                          10/29
AVG. MAXIMUM     67.3              68.1    -0.8     64.6
AVG. MINIMUM     49.4              48.0     1.4     46.7
MEAN             58.4              58.1     0.3     55.6
DAYS MAX >= 90      0               0.0     0.0        0
DAYS MAX <= 32      0               0.0     0.0        0
DAYS MIN <= 32      2               0.9     1.1        2
DAYS MIN <= 0       0               0.0     0.0        0

PRECIPITATION (INCHES)
RECORD
 MAXIMUM         7.36   1989
 MINIMUM         0.51   1987
TOTALS           2.13              3.19   -1.06     4.24
DAILY AVG.       0.07              0.10   -0.03     0.14
DAYS >= .01        12               8.8     3.2       11
DAYS >= .10         7               5.7     1.3        7
DAYS >= .50         0               2.1    -2.1        3
DAYS >= 1.00        0               0.8    -0.8        1
GREATEST
 24 HR. TOTAL    0.63   10/06 TO 10/07              1.08

SNOWFALL (INCHES)
RECORDS
 TOTAL            2.3   1993
TOTALS            0.1               0.1     0.0      1.1
SINCE 7/1         0.1               0.1     0.0      1.1
SNOWDEPTH AVG.      0                MM      MM        0
DAYS >= 1.0         0               0.0     0.0        1
GREATEST
 SNOW DEPTH         0   MM                            -1
 24 HR TOTAL      0.1   10/24 TO 10/25               1.1

DEGREE_DAYS
HEATING TOTAL     240               245      -5      304
 SINCE 7/1        270               297     -27      366
COOLING TOTAL      43                29      14       24
 SINCE 1/1       1069              1150     -81     1318
.................................................................

WIND (MPH)
AVERAGE WIND SPEED              1.5
HIGHEST WIND SPEED/DIRECTION    18/180    DATE  10/31
HIGHEST GUST SPEED/DIRECTION    36/180    DATE  10/31

SKY COVER
POSSIBLE SUNSHINE (PERCENT)   MM
AVERAGE SKY COVER           0.50
NUMBER OF DAYS FAIR           10
NUMBER OF DAYS PC             13
NUMBER OF DAYS CLOUDY          8

AVERAGE RH (PERCENT)     74

WEATHER CONDITIONS. NUMBER OF DAYS WITH
THUNDERSTORM              0     MIXED PRECIP               0
HEAVY RAIN                4     RAIN                       5
LIGHT RAIN               12     FREEZING RAIN              0
LT FREEZING RAIN          0     HAIL                       0
HEAVY SNOW                0     SNOW                       0
LIGHT SNOW                2     SLEET                      0
FOG                      19     FOG W/VIS <= 1/4 MILE      9
HAZE                      1

-  INDICATES NEGATIVE NUMBERS.
R  INDICATES RECORD WAS SET OR TIED.
MM INDICATES DATA IS MISSING.
T  INDICATES TRACE AMOUNT.

$$

CARICO
