000
CXUS53 KJKL 011540
CLMJKL

CLIMATE REPORT
NATIONAL WEATHER SERVICE JACKSON KY
1040 AM EST TUE DEC 1 2015

...................................

...THE JACKSON KY CLIMATE SUMMARY FOR THE MONTH OF NOVEMBER 2015...

CLIMATE NORMAL PERIOD 1981 TO 2010
CLIMATE RECORD PERIOD 1981 TO 2015

WEATHER         OBSERVED          NORMAL  DEPART  LAST YEAR`S
                 VALUE   DATE(S)  VALUE   FROM    VALUE  DATE(S)
                                          NORMAL
................................................................
TEMPERATURE (F)
RECORD
 HIGH              82   11/02/2004
                        11/04/2003
 LOW               13   11/14/1986
HIGHEST            80   11/04        76       4       72  11/11
                        11/03
LOWEST             21   11/23        23      -2       15  11/18
AVG. MAXIMUM     62.3              57.3     5.0     50.6
AVG. MINIMUM     44.4              39.4     5.0     32.8
MEAN             53.3              48.4     4.9     41.7
DAYS MAX >= 90      0               0.0     0.0        0
DAYS MAX <= 32      0               0.3    -0.3        2
DAYS MIN <= 32      2               7.6    -5.6       15
DAYS MIN <= 0       0               0.0     0.0        0

PRECIPITATION (INCHES)
RECORD
 MAXIMUM         9.32   1986
 MINIMUM         0.80   2009
TOTALS           2.41              3.96   -1.55     2.97
DAILY AVG.       0.08              0.13   -0.05     0.10
DAYS >= .01        10              11.5    -1.5       10
DAYS >= .10         6               7.2    -1.2        6
DAYS >= .50         2               2.8    -0.8        3
DAYS >= 1.00        0               0.9    -0.9        0
GREATEST
 24 HR. TOTAL    0.67   11/29 TO 11/30              1.35

SNOWFALL (INCHES)
RECORDS
 TOTAL            5.1   1995
TOTALS              T               0.5    -0.5      1.2
SINCE 7/1           T               0.6    -0.6      1.2
SNOWDEPTH AVG.      0                MM      MM        0
DAYS >= 1.0         0               0.2    -0.2        0
GREATEST
 SNOW DEPTH         0   MM                             1
 24 HR TOTAL        T   11/22 TO 11/22               0.8

DEGREE_DAYS
HEATING TOTAL     357               503    -146      691
 SINCE 7/1        598               800    -202      990
COOLING TOTAL      15                 4      11        0
 SINCE 1/1       1263              1154     109     1165
.................................................................

WIND (MPH)
AVERAGE WIND SPEED              3.6
HIGHEST WIND SPEED/DIRECTION    23/290    DATE  11/21
HIGHEST GUST SPEED/DIRECTION    39/220    DATE  11/12

SKY COVER
POSSIBLE SUNSHINE (PERCENT)   MM
AVERAGE SKY COVER           0.40
NUMBER OF DAYS FAIR           16
NUMBER OF DAYS PC              9
NUMBER OF DAYS CLOUDY          5

AVERAGE RH (PERCENT)     60

WEATHER CONDITIONS. NUMBER OF DAYS WITH
THUNDERSTORM              0     MIXED PRECIP               0
HEAVY RAIN                1     RAIN                       3
LIGHT RAIN               14     FREEZING RAIN              0
LT FREEZING RAIN          0     HAIL                       0
HEAVY SNOW                0     SNOW                       0
LIGHT SNOW                2     SLEET                      0
FOG                      12     FOG W/VIS <= 1/4 MILE      5
HAZE                      1

-  INDICATES NEGATIVE NUMBERS.
R  INDICATES RECORD WAS SET OR TIED.
MM INDICATES DATA IS MISSING.
T  INDICATES TRACE AMOUNT.

$$

CARICO
