000
CXUS53 KJKL 011434
CLMJKL

CLIMATE REPORT
NATIONAL WEATHER SERVICE JACKSON KY
934 AM EST SUN MAR 1 2015

...................................

...THE JACKSON KY CLIMATE SUMMARY FOR THE MONTH OF FEBRUARY 2015...

CLIMATE NORMAL PERIOD 1981 TO 2010
CLIMATE RECORD PERIOD 1981 TO 2015

WEATHER         OBSERVED          NORMAL  DEPART  LAST YEAR`S
                 VALUE   DATE(S)  VALUE   FROM    VALUE  DATE(S)
                                          NORMAL
................................................................
TEMPERATURE (F)
RECORD
 HIGH              79   02/23/1996
 LOW               -8   02/04/1996
HIGHEST            62   02/07        71      -9       71  02/20
LOWEST             -7   02/20        10     -17       11  02/11
AVG. MAXIMUM     36.8              47.7   -10.9     44.7
AVG. MINIMUM     17.8              29.9   -12.1     26.5
MEAN             27.3              38.8   -11.5     35.6
DAYS MAX >= 90      0               0.0     0.0        0
DAYS MAX <= 32     10               3.1     6.9        6
DAYS MIN <= 32     25              16.6     8.4       22
DAYS MIN <= 0       2               0.1     1.9        0

PRECIPITATION (INCHES)
RECORD
 MAXIMUM         7.89   2003
 MINIMUM         1.20   2007
TOTALS           4.06              3.75    0.31     4.47
DAILY AVG.       0.14              0.13    0.01     0.16
DAYS >= .01        12              13.1    -1.1       18
DAYS >= .10         6               7.8    -1.8        9
DAYS >= .50         2               2.4    -0.4        4
DAYS >= 1.00        2               0.8     1.2        1
GREATEST
 24 HR. TOTAL    1.66   02/21 TO 02/22              1.36

SNOWFALL (INCHES)
RECORDS
 TOTAL           21.0   1985
TOTALS           21.5R              7.0    14.5      8.7
SINCE 7/1        25.4              19.6     5.8     27.0
SNOWDEPTH AVG.      3                MM      MM        0
DAYS >= 1.0         4               2.2     1.8        2
GREATEST
 SNOW DEPTH        11   02/19                          2
                        02/17
 24 HR TOTAL     11.8   02/16                        2.6

DEGREE_DAYS
HEATING TOTAL    1051               734     317      817
 SINCE 7/1       3765              3300     465     3601
COOLING TOTAL       0                 0       0        0
 SINCE 1/1          0                 0       0        0
.................................................................

WIND (MPH)
AVERAGE WIND SPEED              4.7
HIGHEST WIND SPEED/DIRECTION    26/300    DATE  02/14
HIGHEST GUST SPEED/DIRECTION    42/300    DATE  02/14

SKY COVER
POSSIBLE SUNSHINE (PERCENT)   MM
AVERAGE SKY COVER           0.60
NUMBER OF DAYS FAIR            8
NUMBER OF DAYS PC             10
NUMBER OF DAYS CLOUDY         10

AVERAGE RH (PERCENT)     62

WEATHER CONDITIONS. NUMBER OF DAYS WITH
THUNDERSTORM              0     MIXED PRECIP               0
HEAVY RAIN                1     RAIN                       3
LIGHT RAIN                8     FREEZING RAIN              1
LT FREEZING RAIN          1     HAIL                       0
HEAVY SNOW                3     SNOW                       5
LIGHT SNOW               15     SLEET                      1
FOG                      15     FOG W/VIS <= 1/4 MILE      7
HAZE                      0

-  INDICATES NEGATIVE NUMBERS.
R  INDICATES RECORD WAS SET OR TIED.
MM INDICATES DATA IS MISSING.
T  INDICATES TRACE AMOUNT.

$$

CARICO
