000
CXUS53 KJKL 010724
CLMJKL

CLIMATE REPORT
NATIONAL WEATHER SERVICE JACKSON KY
324 AM EDT TUE OCT 1 2013

...................................

...THE JACKSON KY CLIMATE SUMMARY FOR THE MONTH OF SEPTEMBER 2013...

CLIMATE NORMAL PERIOD 1981 TO 2010
CLIMATE RECORD PERIOD 1981 TO 2013

WEATHER         OBSERVED          NORMAL  DEPART  LAST YEAR`S
                 VALUE   DATE(S)  VALUE   FROM    VALUE  DATE(S)
                                          NORMAL
................................................................
TEMPERATURE (F)
RECORD
 HIGH              96   09/03/2011
 LOW               34   09/24/1989
HIGHEST            88   09/10        89      -1       88  09/07
                        09/09
LOWEST             48   09/23        42       6       40  09/24
                        09/14
AVG. MAXIMUM     77.7              78.0    -0.3     75.7
AVG. MINIMUM     58.6              58.2     0.4     57.3
MEAN             68.2              68.1     0.1     66.5
DAYS MAX >= 90      0               1.5    -1.5        0
DAYS MAX <= 32      0               0.0     0.0        0
DAYS MIN <= 32      0               0.0     0.0        0
DAYS MIN <= 0       0               0.0     0.0        0

PRECIPITATION (INCHES)
RECORD
 MAXIMUM         7.82   1988
 MINIMUM         0.51   2005
TOTALS           1.27              3.46   -2.19     6.77
DAILY AVG.       0.04              0.12   -0.08     0.23
DAYS >= .01         8               8.4    -0.4        9
DAYS >= .10         4               5.7    -1.7        9
DAYS >= .50         1               2.2    -1.2        4
DAYS >= 1.00        0               1.0    -1.0        2
GREATEST
 24 HR. TOTAL    0.61   08/21 TO 08/21              3.66

SNOWFALL (INCHES)
RECORDS
 TOTAL             MM   MM
TOTALS            0.0               0.0     0.0      0.0
SINCE 7/1         0.0               0.0     0.0      0.0
SNOWDEPTH AVG.      0                MM      MM        0
DAYS >= 1.0         0               0.0     0.0        0
GREATEST
 SNOW DEPTH         0   MM                             0
 24 HR TOTAL      0.0   MM                           0.0

DEGREE_DAYS
HEATING TOTAL      28                50     -22       62
 SINCE 7/1         30                52     -22       62
COOLING TOTAL     131               143     -12      116
 SINCE 1/1       1026              1121     -95     1294
.................................................................

WIND (MPH)
AVERAGE WIND SPEED              0.8
HIGHEST WIND SPEED/DIRECTION    13/310    DATE  09/21
HIGHEST GUST SPEED/DIRECTION    24/240    DATE  09/12

SKY COVER
POSSIBLE SUNSHINE (PERCENT)   MM
AVERAGE SKY COVER           0.30
NUMBER OF DAYS FAIR           17
NUMBER OF DAYS PC             11
NUMBER OF DAYS CLOUDY          2

AVERAGE RH (PERCENT)     76

WEATHER CONDITIONS. NUMBER OF DAYS WITH
THUNDERSTORM              3     MIXED PRECIP               0
HEAVY RAIN                4     RAIN                       3
LIGHT RAIN                7     FREEZING RAIN              0
LT FREEZING RAIN          0     HAIL                       0
HEAVY SNOW                0     SNOW                       0
LIGHT SNOW                0     SLEET                      0
FOG                      21     FOG W/VIS <= 1/4 MILE      8
HAZE                      3

-  INDICATES NEGATIVE NUMBERS.
R  INDICATES RECORD WAS SET OR TIED.
MM INDICATES DATA IS MISSING.
T  INDICATES TRACE AMOUNT.

$$

CARICO
