000
CXUS53 KJKL 010728
CLMJKL

CLIMATE REPORT
NATIONAL WEATHER SERVICE JACKSON KY
328 AM EDT THU AUG 1 2013

...................................

...THE JACKSON KY CLIMATE SUMMARY FOR THE MONTH OF JULY 2013...

CLIMATE NORMAL PERIOD 1981 TO 2010
CLIMATE RECORD PERIOD 1981 TO 2013

WEATHER         OBSERVED          NORMAL  DEPART  LAST YEAR`S
                 VALUE   DATE(S)  VALUE   FROM    VALUE  DATE(S)
                                          NORMAL
................................................................
TEMPERATURE (F)
RECORD
 HIGH             101   07/08/1988
 LOW               52   07/07/1983
HIGHEST            89   07/18        93      -4       98  07/08
                        07/16                             07/07
                                                          07/01
LOWEST             55   07/29        57      -2       63  07/29
AVG. MAXIMUM     81.9              84.6    -2.7     87.8
AVG. MINIMUM     65.3              66.1    -0.8     68.1
MEAN             73.6              75.4    -1.8     78.0
DAYS MAX >= 90      0               4.8    -4.8       11
DAYS MAX <= 32      0               0.0     0.0        0
DAYS MIN <= 32      0               0.0     0.0        0
DAYS MIN <= 0       0               0.0     0.0        0

PRECIPITATION (INCHES)
RECORD
 MAXIMUM         9.74   1985
 MINIMUM         1.77   1995
TOTALS           6.62              4.65    1.97     7.39
DAILY AVG.       0.21              0.15    0.06     0.24
DAYS >= .01        14              12.4     1.6       18
DAYS >= .10        11               8.3     2.7       14
DAYS >= .50         7               3.4     3.6        7
DAYS >= 1.00        1               1.0     0.0        2
GREATEST
 24 HR. TOTAL    2.07   07/06 TO 07/07              1.17

SNOWFALL (INCHES)
RECORDS
 TOTAL             MM   MM
TOTALS            0.0               0.0     0.0      0.0
SINCE 7/1         0.0               0.0     0.0      0.0
SNOWDEPTH AVG.      0                MM      MM        0
DAYS >= 1.0         0               0.0     0.0        0
GREATEST
 SNOW DEPTH         0   MM                             0
 24 HR TOTAL      0.0   MM                           0.0

DEGREE_DAYS
HEATING TOTAL       0                 0       0        0
 SINCE 7/1          0                 0       0        0
COOLING TOTAL     273               321     -48      409
 SINCE 1/1        645               680     -35      913
.................................................................

WIND (MPH)
AVERAGE WIND SPEED              0.9
HIGHEST WIND SPEED/DIRECTION    20/270    DATE  07/10
HIGHEST GUST SPEED/DIRECTION    31/260    DATE  07/10

SKY COVER
POSSIBLE SUNSHINE (PERCENT)   MM
AVERAGE SKY COVER           0.40
NUMBER OF DAYS FAIR           15
NUMBER OF DAYS PC             13
NUMBER OF DAYS CLOUDY          3

AVERAGE RH (PERCENT)     79

WEATHER CONDITIONS. NUMBER OF DAYS WITH
THUNDERSTORM              9     MIXED PRECIP               0
HEAVY RAIN               10     RAIN                      10
LIGHT RAIN               19     FREEZING RAIN              0
LT FREEZING RAIN          0     HAIL                       0
HEAVY SNOW                0     SNOW                       0
LIGHT SNOW                0     SLEET                      0
FOG                      20     FOG W/VIS <= 1/4 MILE     12
HAZE                      6

-  INDICATES NEGATIVE NUMBERS.
R  INDICATES RECORD WAS SET OR TIED.
MM INDICATES DATA IS MISSING.
T  INDICATES TRACE AMOUNT.

$$

CARICO
