676
CXUS53 KJKL 011528
CLMJKL

CLIMATE REPORT
NATIONAL WEATHER SERVICE JACKSON KY
1028 AM EST THU DEC 1 2016

...................................

...THE JACKSON KY CLIMATE SUMMARY FOR THE MONTH OF NOVEMBER 2016...

CLIMATE NORMAL PERIOD 1981 TO 2010
CLIMATE RECORD PERIOD 1981 TO 2016

WEATHER         OBSERVED          NORMAL  DEPART  LAST YEAR`S
                 VALUE   DATE(S)  VALUE   FROM    VALUE  DATE(S)
                                          NORMAL
................................................................
TEMPERATURE (F)
RECORD
 HIGH              84   11/02/2016
 LOW               13   11/14/1986
HIGHEST            84R  11/02        76       8       80  11/04
                                                          11/03
LOWEST             24   11/21        23       1       21  11/23
AVG. MAXIMUM     62.4              57.3     5.1     62.3
AVG. MINIMUM     41.4              39.4     2.0     44.4
MEAN             51.9              48.4     3.5     53.3
DAYS MAX >= 90      0               0.0     0.0        0
DAYS MAX <= 32      0               0.3    -0.3        0
DAYS MIN <= 32      5               7.6    -2.6        2
DAYS MIN <= 0       0               0.0     0.0        0

PRECIPITATION (INCHES)
RECORD
 MAXIMUM         9.32   1986
 MINIMUM         0.80   2009
TOTALS           2.91              3.96   -1.05     2.41
DAILY AVG.       0.10              0.13   -0.03     0.08
DAYS >= .01         8              11.5    -3.5       10
DAYS >= .10         3               7.2    -4.2        6
DAYS >= .50         2               2.8    -0.8        2
DAYS >= 1.00        1               0.9     0.1        0
GREATEST
 24 HR. TOTAL    1.92   11/29 TO 11/30              0.67

SNOWFALL (INCHES)
RECORDS
 TOTAL            5.1   1995
TOTALS            0.0               0.5    -0.5        T
SINCE 7/1         0.0               0.6    -0.6        T
SNOWDEPTH AVG.      0                MM      MM        0
DAYS >= 1.0         0               0.2    -0.2        0
GREATEST
 SNOW DEPTH         0   MM                             0
 24 HR TOTAL      0.0   MM                             T

DEGREE_DAYS
HEATING TOTAL     404               503     -99      357
 SINCE 7/1        526               800    -274      598
COOLING TOTAL      22                 4      18       15
 SINCE 1/1       1580              1154     426     1263
.................................................................

WIND (MPH)
AVERAGE WIND SPEED              3.2
HIGHEST WIND SPEED/DIRECTION    25/310    DATE  11/19
HIGHEST GUST SPEED/DIRECTION    43/280    DATE  11/19

SKY COVER
POSSIBLE SUNSHINE (PERCENT)   MM
AVERAGE SKY COVER           0.30
NUMBER OF DAYS FAIR           20
NUMBER OF DAYS PC              4
NUMBER OF DAYS CLOUDY          6

AVERAGE RH (PERCENT)     60

WEATHER CONDITIONS. NUMBER OF DAYS WITH
THUNDERSTORM              0     MIXED PRECIP               0
HEAVY RAIN                2     RAIN                       6
LIGHT RAIN               10     FREEZING RAIN              0
LT FREEZING RAIN          0     HAIL                       0
HEAVY SNOW                0     SNOW                       0
LIGHT SNOW                0     SLEET                      0
FOG                      11     FOG W/VIS <= 1/4 MILE      2
HAZE                      9

-  INDICATES NEGATIVE NUMBERS.
R  INDICATES RECORD WAS SET OR TIED.
MM INDICATES DATA IS MISSING.
T  INDICATES TRACE AMOUNT.

$$

CARICO
