000
CXUS53 KJKL 011801
CLMJKL

CLIMATE REPORT
NATIONAL WEATHER SERVICE JACKSON KY
158 PM EDT SUN OCT 1 2017
...................................

...THE JACKSON KY CLIMATE SUMMARY FOR THE MONTH OF SEPTEMBER 2017...

CLIMATE NORMAL PERIOD 1981 TO 2010
CLIMATE RECORD PERIOD 1981 TO 2017

WEATHER         OBSERVED          NORMAL  DEPART  LAST YEAR`S
                 VALUE   DATE(S)  VALUE   FROM    VALUE  DATE(S)
                                          NORMAL
................................................................
TEMPERATURE (F)
RECORD
 HIGH              96   09/03/2011
 LOW               34   09/24/1989
HIGHEST            86   09/27        89      -3       90  09/13
                        09/25                             09/08
                        09/24
LOWEST             47   09/07        42       5       50  09/28
                                                          09/27
AVG. MAXIMUM     76.9              78.0    -1.1     83.2
AVG. MINIMUM     58.9              58.2     0.7     61.9
MEAN             67.9              68.1    -0.2     72.6
DAYS MAX >= 90      0               1.5    -1.5        2
DAYS MAX <= 32      0               0.0     0.0        0
DAYS MIN <= 32      0               0.0     0.0        0
DAYS MIN <= 0       0               0.0     0.0        0

PRECIPITATION (INCHES)
RECORD
 MAXIMUM         7.82   1988
 MINIMUM         0.51   2005
TOTALS           3.33              3.46   -0.13     1.32
DAILY AVG.       0.11              0.12   -0.01     0.04
DAYS >= .01         9               8.4     0.6        5
DAYS >= .10         5               5.7    -0.7        4
DAYS >= .50         1               2.2    -1.2        0
DAYS >= 1.00        1               1.0     0.0        0
GREATEST
 24 HR. TOTAL    2.18   09/01 TO 09/01              0.75

SNOWFALL (INCHES)
RECORDS
 TOTAL             MM   MM
TOTALS            0.0               0.0     0.0      0.0
SINCE 7/1         0.0               0.0     0.0      0.0
SNOWDEPTH AVG.      0                MM      MM        0
DAYS >= 1.0         0               0.0     0.0        0
GREATEST
 SNOW DEPTH         0   MM                             0
 24 HR TOTAL      0.0   MM                           0.0

DEGREE_DAYS
HEATING TOTAL      34                50     -16       16
 SINCE 7/1         34                52     -18       16
COOLING TOTAL     134               143      -9      248
 SINCE 1/1       1136              1121      15     1480
.................................................................

WIND (MPH)
AVERAGE WIND SPEED              1.1
HIGHEST WIND SPEED/DIRECTION    16/290    DATE  09/19
HIGHEST GUST SPEED/DIRECTION    26/280    DATE  09/19

SKY COVER
POSSIBLE SUNSHINE (PERCENT)   MM
AVERAGE SKY COVER           0.30
NUMBER OF DAYS FAIR           17
NUMBER OF DAYS PC             10
NUMBER OF DAYS CLOUDY          3

AVERAGE RH (PERCENT)     75

WEATHER CONDITIONS. NUMBER OF DAYS WITH
THUNDERSTORM              3     MIXED PRECIP               0
HEAVY RAIN                3     RAIN                       5
LIGHT RAIN               10     FREEZING RAIN              0
LT FREEZING RAIN          0     HAIL                       0
HEAVY SNOW                0     SNOW                       0
LIGHT SNOW                0     SLEET                      0
FOG                      19     FOG W/VIS <= 1/4 MILE      8
HAZE                      0

-  INDICATES NEGATIVE NUMBERS.
R  INDICATES RECORD WAS SET OR TIED.
MM INDICATES DATA IS MISSING.
T  INDICATES TRACE AMOUNT.

$$

TAB
