000
CXUS53 KJKL 011627
CLMJKL

CLIMATE REPORT
NATIONAL WEATHER SERVICE JACKSON KY
1227 PM EDT WED JUL 1 2015

...................................

...THE JACKSON KY CLIMATE SUMMARY FOR THE MONTH OF JUNE 2015...

CLIMATE NORMAL PERIOD 1981 TO 2010
CLIMATE RECORD PERIOD 1981 TO 2015

WEATHER         OBSERVED          NORMAL  DEPART  LAST YEAR`S
                 VALUE   DATE(S)  VALUE   FROM    VALUE  DATE(S)
                                          NORMAL
................................................................
TEMPERATURE (F)
RECORD
 HIGH             104   06/29/2012
 LOW               44   06/07/1998
                        06/01/1993
                        06/10/1988
HIGHEST            90   06/23        90       0       91  06/19
                        06/15                             06/18
                                                          06/17
LOWEST             53   06/02        50       3       55  06/14
AVG. MAXIMUM     82.9              81.6     1.3     84.0
AVG. MINIMUM     64.4              62.5     1.9     64.7
MEAN             73.7              72.0     1.7     74.3
DAYS MAX >= 90      2               1.4     0.6        5
DAYS MAX <= 32      0               0.0     0.0        0
DAYS MIN <= 32      0               0.0     0.0        0
DAYS MIN <= 0       0               0.0     0.0        0

PRECIPITATION (INCHES)
RECORD
 MAXIMUM         9.15   1997
 MINIMUM         1.37   1988
TOTALS           7.42              4.70    2.72     3.12
DAILY AVG.       0.25              0.16    0.09     0.10
DAYS >= .01        14              12.3     1.7       12
DAYS >= .10        11               8.5     2.5        7
DAYS >= .50         7               3.4     3.6        2
DAYS >= 1.00        1               1.1    -0.1        1
GREATEST
 24 HR. TOTAL    2.10   06/25 TO 06/26              1.28

SNOWFALL (INCHES)
RECORDS
 TOTAL             MM   MM
TOTALS            0.0               0.0     0.0      0.0
SINCE 7/1        29.1              23.5     5.6     38.9
SNOWDEPTH AVG.      0                MM      MM        0
DAYS >= 1.0         0               0.0     0.0        0
GREATEST
 SNOW DEPTH         0   MM                             0
 24 HR TOTAL      0.0   MM                           0.0

DEGREE_DAYS
HEATING TOTAL       9                12      -3        0
 SINCE 7/1       4575              4234     341     4509
COOLING TOTAL     274               223      51      287
 SINCE 1/1        478               359     119      478
.................................................................

WIND (MPH)
AVERAGE WIND SPEED              1.7
HIGHEST WIND SPEED/DIRECTION    23/350    DATE  06/18
HIGHEST GUST SPEED/DIRECTION    46/340    DATE  06/18

SKY COVER
POSSIBLE SUNSHINE (PERCENT)   MM
AVERAGE SKY COVER           0.40
NUMBER OF DAYS FAIR           17
NUMBER OF DAYS PC              9
NUMBER OF DAYS CLOUDY          4

AVERAGE RH (PERCENT)     76

WEATHER CONDITIONS. NUMBER OF DAYS WITH
THUNDERSTORM             14     MIXED PRECIP               0
HEAVY RAIN               12     RAIN                       9
LIGHT RAIN               15     FREEZING RAIN              0
LT FREEZING RAIN          0     HAIL                       0
HEAVY SNOW                0     SNOW                       0
LIGHT SNOW                0     SLEET                      0
FOG                      21     FOG W/VIS <= 1/4 MILE     13
HAZE                      7

-  INDICATES NEGATIVE NUMBERS.
R  INDICATES RECORD WAS SET OR TIED.
MM INDICATES DATA IS MISSING.
T  INDICATES TRACE AMOUNT.

$$

CARICO
