000
CXUS53 KJKL 010744 CCA
CLMJKL

CLIMATE REPORT...CORRECTION
NATIONAL WEATHER SERVICE JACKSON KY
338 AM EDT TUE JUL 1 2014

...................................

...THE JACKSON KY CLIMATE SUMMARY FOR THE MONTH OF JUNE 2014...

CLIMATE NORMAL PERIOD 1981 TO 2010
CLIMATE RECORD PERIOD 1981 TO 2014

WEATHER         OBSERVED          NORMAL  DEPART  LAST YEAR`S
                 VALUE   DATE(S)  VALUE   FROM    VALUE  DATE(S)
                                          NORMAL
................................................................
TEMPERATURE (F)
RECORD
 HIGH             104   06/29/2012
 LOW               44   06/07/1998
                        06/01/1993
                        06/10/1988
HIGHEST            91   06/19        90       1       91  06/12
                        06/18
                        06/17
LOWEST             55   06/14        50       5       56  06/15
                                                          06/04
AVG. MAXIMUM     84.0              81.6     2.4     81.3
AVG. MINIMUM     64.7              62.5     2.2     63.0
MEAN             74.3              72.0     2.3     72.2
DAYS MAX >= 90      5               1.4     3.6        1
DAYS MAX <= 32      0               0.0     0.0        0
DAYS MIN <= 32      0               0.0     0.0        0
DAYS MIN <= 0       0               0.0     0.0        0

PRECIPITATION (INCHES)
RECORD
 MAXIMUM         9.15   1997
 MINIMUM         1.37   1988
TOTALS           3.12              4.70   -1.58     6.36
DAILY AVG.       0.10              0.16   -0.06     0.21
DAYS >= .01        12              12.3    -0.3       13
DAYS >= .10         7               8.5    -1.5       10
DAYS >= .50         2               3.4    -1.4        7
DAYS >= 1.00        1               1.1    -0.1        1
GREATEST
 24 HR. TOTAL    1.28   06/19 TO 06/20              1.62

SNOWFALL (INCHES)
RECORDS
 TOTAL             MM   MM
TOTALS            0.0               0.0     0.0      0.0
SINCE 7/1        38.9              23.5    15.4     20.0
SNOWDEPTH AVG.      0                MM      MM        0
DAYS >= 1.0         0               0.0     0.0        0
GREATEST
 SNOW DEPTH         0   MM                             0
 24 HR TOTAL      0.0   MM                           0.0

DEGREE_DAYS
HEATING TOTAL       0                12     -12        0
 SINCE 7/1       4509              4234     275     4364
COOLING TOTAL     287               223      64      224
 SINCE 1/1        478               359     119      372
.................................................................

WIND (MPH)
AVERAGE WIND SPEED              1.6
HIGHEST WIND SPEED/DIRECTION    16/310    DATE  06/20
HIGHEST GUST SPEED/DIRECTION    27/020    DATE  06/20

SKY COVER
POSSIBLE SUNSHINE (PERCENT)   MM
AVERAGE SKY COVER           0.30
NUMBER OF DAYS FAIR           18
NUMBER OF DAYS PC             10
NUMBER OF DAYS CLOUDY          2

AVERAGE RH (PERCENT)     71

WEATHER CONDITIONS. NUMBER OF DAYS WITH
THUNDERSTORM             10     MIXED PRECIP               0
HEAVY RAIN                6     RAIN                       9
LIGHT RAIN               16     FREEZING RAIN              0
LT FREEZING RAIN          0     HAIL                       0
HEAVY SNOW                0     SNOW                       0
LIGHT SNOW                0     SLEET                      0
FOG                      17     FOG W/VIS <= 1/4 MILE      3
HAZE                      5

-  INDICATES NEGATIVE NUMBERS.
R  INDICATES RECORD WAS SET OR TIED.
MM INDICATES DATA IS MISSING.
T  INDICATES TRACE AMOUNT.

NOTE...WIND SENSOR OUTAGE ON JUNE 10TH MISSED PEAK WIND GUST OF
MONTH...

&&

RECORDS...

TIED MAXIMUM RECORDS...

90 ON THE 16TH
91 ON THE 17TH

MAXIMUM LOW RECORDS...

69 ON THE 16TH

$$

CARICO

...CORRECTED RECORDS DATA...
