000
CXUS53 KJKL 010729
CLMJKL

CLIMATE REPORT
NATIONAL WEATHER SERVICE JACKSON KY
329 AM EDT FRI AUG 1 2014

...................................

...THE JACKSON KY CLIMATE SUMMARY FOR THE MONTH OF JULY 2014...

CLIMATE NORMAL PERIOD 1981 TO 2010
CLIMATE RECORD PERIOD 1981 TO 2014

WEATHER         OBSERVED          NORMAL  DEPART  LAST YEAR`S
                 VALUE   DATE(S)  VALUE   FROM    VALUE  DATE(S)
                                          NORMAL
................................................................
TEMPERATURE (F)
RECORD
 HIGH             101   07/08/1988
 LOW               52   07/30/2014
                        07/07/1983
                        01/03/2000
HIGHEST            94   07/13        93       1       89  07/18
                                                          07/16
LOWEST             52R  07/30        57      -5       55  07/29
AVG. MAXIMUM     81.5              84.6    -3.1     81.9
AVG. MINIMUM     63.6              66.1    -2.5     65.3
MEAN             72.6              75.4    -2.8     73.6
DAYS MAX >= 90      2               4.8    -2.8        0
DAYS MAX <= 32      0               0.0     0.0        0
DAYS MIN <= 32      0               0.0     0.0        0
DAYS MIN <= 0       0               0.0     0.0        0

PRECIPITATION (INCHES)
RECORD
 MAXIMUM         9.74   1985
 MINIMUM         1.77   1995
TOTALS           5.77              4.65    1.12     6.62
DAILY AVG.       0.19              0.15    0.04     0.21
DAYS >= .01        11              12.4    -1.4       14
DAYS >= .10         9               8.3     0.7       11
DAYS >= .50         6               3.4     2.6        7
DAYS >= 1.00        2               1.0     1.0        1
GREATEST
 24 HR. TOTAL    1.69   07/14 TO 07/15              2.07

SNOWFALL (INCHES)
RECORDS
 TOTAL             MM   MM
TOTALS            0.0               0.0     0.0      0.0
SINCE 7/1         0.0               0.0     0.0      0.0
SNOWDEPTH AVG.      0                MM      MM        0
DAYS >= 1.0         0               0.0     0.0        0
GREATEST
 SNOW DEPTH         0   MM                             0
 24 HR TOTAL      0.0   MM                           0.0

DEGREE_DAYS
HEATING TOTAL       3                 0       3        0
 SINCE 7/1          3                 0       3        0
COOLING TOTAL     249               321     -72      273
 SINCE 1/1        727               680      47      645
.................................................................

WIND (MPH)
AVERAGE WIND SPEED              2.0
HIGHEST WIND SPEED/DIRECTION    13/310    DATE  07/28
HIGHEST GUST SPEED/DIRECTION    23/260    DATE  07/08

SKY COVER
POSSIBLE SUNSHINE (PERCENT)   MM
AVERAGE SKY COVER           0.40
NUMBER OF DAYS FAIR           17
NUMBER OF DAYS PC             12
NUMBER OF DAYS CLOUDY          2

AVERAGE RH (PERCENT)     69

WEATHER CONDITIONS. NUMBER OF DAYS WITH
THUNDERSTORM              5     MIXED PRECIP               0
HEAVY RAIN                7     RAIN                       7
LIGHT RAIN               11     FREEZING RAIN              0
LT FREEZING RAIN          0     HAIL                       0
HEAVY SNOW                0     SNOW                       0
LIGHT SNOW                0     SLEET                      0
FOG                      17     FOG W/VIS <= 1/4 MILE      8
HAZE                      4

-  INDICATES NEGATIVE NUMBERS.
R  INDICATES RECORD WAS SET OR TIED.
MM INDICATES DATA IS MISSING.
T  INDICATES TRACE AMOUNT.

&&

RECORDS...

TIED MONTHLY MINIMUM RECORDS...

52 ON THE 30TH

NEW MINIMUM RECORDS...

55 ON THE 16TH
54 ON THE 17TH
52 ON THE 30TH

TIED MINIMUM RECORDS...

59 ON THE 25TH
55 ON THE 29TH
59 ON THE 31ST

MAXIMUM LOW RECORDS...

73 ON THE 8TH

NEW MONTHLY MINIMUM HIGH RECORDS...

66 ON THE 18TH

NEW MINIMUM HIGH RECORDS...

66 ON THE 18TH
70 ON THE 29TH

TIED MINIMUM HIGH RECORDS...

74 ON THE 16TH
78 ON THE 17TH

$$

CARICO
