000
CXUS53 KJKL 011142
CLMJKL

CLIMATE REPORT
NATIONAL WEATHER SERVICE JACKSON KY
742 AM EDT TUE AUG 1 2017

...................................

...THE JACKSON KY CLIMATE SUMMARY FOR THE MONTH OF JULY 2017...

CLIMATE NORMAL PERIOD 1981 TO 2010
CLIMATE RECORD PERIOD 1981 TO 2017

WEATHER         OBSERVED          NORMAL  DEPART  LAST YEAR`S
                 VALUE   DATE(S)  VALUE   FROM    VALUE  DATE(S)
                                          NORMAL
................................................................
TEMPERATURE (F)
RECORD
 HIGH             101   07/08/1988
 LOW               52   07/30/2014
                        07/07/1983
                        01/03/2000
HIGHEST            92   07/22        93      -1       94  07/25
                        07/21
LOWEST             59   07/30        57       2       61  07/01
AVG. MAXIMUM     85.3              84.6     0.7     86.4
AVG. MINIMUM     66.9              66.1     0.8     68.3
MEAN             76.1              75.4     0.7     77.3
DAYS MAX >= 90      6               4.8     1.2        7
DAYS MAX <= 32      0               0.0     0.0        0
DAYS MIN <= 32      0               0.0     0.0        0
DAYS MIN <= 0       0               0.0     0.0        0

PRECIPITATION (INCHES)
RECORD
 MAXIMUM         9.74   1985
 MINIMUM         1.77   1995
TOTALS           4.13              4.65   -0.52     6.35
DAILY AVG.       0.13              0.15   -0.02     0.20
DAYS >= .01        14              12.4     1.6       14
DAYS >= .10        10               8.3     1.7       11
DAYS >= .50         3               3.4    -0.4        5
DAYS >= 1.00        0               1.0    -1.0        2
GREATEST
 24 HR. TOTAL    0.90   07/23 TO 07/23              1.65

SNOWFALL (INCHES)
RECORDS
 TOTAL             MM   MM
TOTALS            0.0               0.0     0.0      0.0
SINCE 7/1         0.0               0.0     0.0      0.0
SNOWDEPTH AVG.      0                MM      MM        0
DAYS >= 1.0         0               0.0     0.0        0
GREATEST
 SNOW DEPTH         0   MM                             0
 24 HR TOTAL      0.0                                0.0

DEGREE_DAYS
HEATING TOTAL       0                 0       0        0
 SINCE 7/1          0                 0       0        0
COOLING TOTAL     351               321      30      391
 SINCE 1/1        756               680      76      828
.................................................................

WIND (MPH)
AVERAGE WIND SPEED              1.3
HIGHEST WIND SPEED/DIRECTION    24/320    DATE  07/24
HIGHEST GUST SPEED/DIRECTION    37/320    DATE  07/24

SKY COVER
POSSIBLE SUNSHINE (PERCENT)   MM
AVERAGE SKY COVER           0.30
NUMBER OF DAYS FAIR           18
NUMBER OF DAYS PC             12
NUMBER OF DAYS CLOUDY          1

AVERAGE RH (PERCENT)     75

WEATHER CONDITIONS. NUMBER OF DAYS WITH
THUNDERSTORM             11     MIXED PRECIP               0
HEAVY RAIN                7     RAIN                       8
LIGHT RAIN               14     FREEZING RAIN              0
LT FREEZING RAIN          0     HAIL                       0
HEAVY SNOW                0     SNOW                       0
LIGHT SNOW                0     SLEET                      0
FOG                      18     FOG W/VIS <= 1/4 MILE      7
HAZE                      2

-  INDICATES NEGATIVE NUMBERS.
R  INDICATES RECORD WAS SET OR TIED.
MM INDICATES DATA IS MISSING.
T  INDICATES TRACE AMOUNT.

$$

CARICO
