000
CXUS53 KJKL 011321
CLMJKL

CLIMATE REPORT
NATIONAL WEATHER SERVICE JACKSON KY
821 AM EST MON FEB 1 2016

...................................

...THE JACKSON KY CLIMATE SUMMARY FOR THE MONTH OF JANUARY 2016...

CLIMATE NORMAL PERIOD 1981 TO 2010
CLIMATE RECORD PERIOD 1981 TO 2016

WEATHER         OBSERVED          NORMAL  DEPART  LAST YEAR`S
                 VALUE   DATE(S)  VALUE   FROM    VALUE  DATE(S)
                                          NORMAL
................................................................
TEMPERATURE (F)
RECORD
 HIGH              78   01/31/2002
 LOW              -18   01/19/1994
                        01/21/1985
                        01/20/1985
HIGHEST            66   01/31        66       0       64  01/03
LOWEST              6   01/18         4       2       -1  01/08
AVG. MAXIMUM     41.6              43.1    -1.5     42.0
AVG. MINIMUM     24.4              26.8    -2.4     25.1
MEAN             33.0              34.9    -1.9     33.5
DAYS MAX >= 90      0               0.0     0.0        0
DAYS MAX <= 32      8               6.1     1.9        6
DAYS MIN <= 32     26              20.7     5.3       24
DAYS MIN <= 0       0               0.5    -0.5        1

PRECIPITATION (INCHES)
RECORD
 MAXIMUM         7.28   1994
 MINIMUM         0.80   1981
TOTALS           3.29              3.61   -0.32     2.12
DAILY AVG.       0.11              0.12   -0.01     0.07
DAYS >= .01        11              14.1    -3.1       13
DAYS >= .10         7               7.3    -0.3        5
DAYS >= .50         1               2.4    -1.4        1
DAYS >= 1.00        1               0.8     0.2        0
GREATEST
 24 HR. TOTAL    1.95   01/22 TO 01/23              0.81

SNOWFALL (INCHES)
RECORDS
 TOTAL           26.3   1994
TOTALS           21.4               7.1    14.3      2.7
SINCE 7/1        21.4              12.6     8.8      3.9
SNOWDEPTH AVG.      2                 2       0        0
DAYS >= 1.0         3               2.2     0.8        1
GREATEST
 SNOW DEPTH        17R  01/23                          2
 24 HR TOTAL     15.7R  01/22 TO 01/22               1.5

DEGREE_DAYS
HEATING TOTAL     986               932      54      969
 SINCE 7/1       2012              2566    -554     2714
COOLING TOTAL       0                 0       0        0
 SINCE 1/1          0                 0       0        0
.................................................................

WIND (MPH)
AVERAGE WIND SPEED              4.7
HIGHEST WIND SPEED/DIRECTION    24/280    DATE  01/12
HIGHEST GUST SPEED/DIRECTION    38/300    DATE  01/12

SKY COVER
POSSIBLE SUNSHINE (PERCENT)   MM
AVERAGE SKY COVER           0.50
NUMBER OF DAYS FAIR           13
NUMBER OF DAYS PC              9
NUMBER OF DAYS CLOUDY          9

AVERAGE RH (PERCENT)     63

WEATHER CONDITIONS. NUMBER OF DAYS WITH
THUNDERSTORM              0     MIXED PRECIP               0
HEAVY RAIN                1     RAIN                       1
LIGHT RAIN                6     FREEZING RAIN              1
LT FREEZING RAIN          2     HAIL                       0
HEAVY SNOW                1     SNOW                       3
LIGHT SNOW               12     SLEET                      0
FOG                      13     FOG W/VIS <= 1/4 MILE      3
HAZE                      3

-  INDICATES NEGATIVE NUMBERS.
R  INDICATES RECORD WAS SET OR TIED.
MM INDICATES DATA IS MISSING.
T  INDICATES TRACE AMOUNT.

$$

CARICO
