343
CXUS53 KJKL 011228
CLMJKL

CLIMATE REPORT
NATIONAL WEATHER SERVICE JACKSON KY
828 AM EDT THU OCT 1 2015

...................................

...THE JACKSON KY CLIMATE SUMMARY FOR THE MONTH OF SEPTEMBER 2015...

CLIMATE NORMAL PERIOD 1981 TO 2010
CLIMATE RECORD PERIOD 1981 TO 2015

WEATHER         OBSERVED          NORMAL  DEPART  LAST YEAR`S
                 VALUE   DATE(S)  VALUE   FROM    VALUE  DATE(S)
                                          NORMAL
................................................................
TEMPERATURE (F)
RECORD
 HIGH              96   09/03/2011
 LOW               34   09/24/1989
HIGHEST            89   09/08        89       0       87  09/06
                        09/07                             09/01
                        09/02
LOWEST             46   09/14        42       4       48  09/23
AVG. MAXIMUM     79.5              78.0     1.5     77.2
AVG. MINIMUM     60.6              58.2     2.4     59.6
MEAN             70.1              68.1     2.0     68.4
DAYS MAX >= 90      0               1.5    -1.5        0
DAYS MAX <= 32      0               0.0     0.0        0
DAYS MIN <= 32      0               0.0     0.0        0
DAYS MIN <= 0       0               0.0     0.0        0

PRECIPITATION (INCHES)
RECORD
 MAXIMUM         7.82   1988
 MINIMUM         0.51   2005
TOTALS           2.09              3.46   -1.37     2.35
DAILY AVG.       0.07              0.12   -0.05     0.08
DAYS >= .01        10               8.4     1.6        9
DAYS >= .10         7               5.7     1.3        3
DAYS >= .50         1               2.2    -1.2        2
DAYS >= 1.00        0               1.0    -1.0        1
GREATEST
 24 HR. TOTAL    0.54   09/29 TO 09/30              1.02

SNOWFALL (INCHES)
RECORDS
 TOTAL             MM   MM
TOTALS            0.0               0.0     0.0      0.0
SINCE 7/1         0.0               0.0     0.0      0.0
SNOWDEPTH AVG.      0                MM      MM        0
DAYS >= 1.0         0               0.0     0.0        0
GREATEST
 SNOW DEPTH         0   MM                             0
 24 HR TOTAL      0.0                                0.0

DEGREE_DAYS
HEATING TOTAL      20                50     -30       33
 SINCE 7/1         20                52     -32       36
COOLING TOTAL     180               143      37      145
 SINCE 1/1       1231              1121     110     1146
.................................................................

WIND (MPH)
AVERAGE WIND SPEED              1.3
HIGHEST WIND SPEED/DIRECTION    17/310    DATE  09/12
HIGHEST GUST SPEED/DIRECTION    27/320    DATE  09/12

SKY COVER
POSSIBLE SUNSHINE (PERCENT)   MM
AVERAGE SKY COVER           0.40
NUMBER OF DAYS FAIR           18
NUMBER OF DAYS PC              7
NUMBER OF DAYS CLOUDY          5

AVERAGE RH (PERCENT)     73

WEATHER CONDITIONS. NUMBER OF DAYS WITH
THUNDERSTORM              4     MIXED PRECIP               0
HEAVY RAIN                6     RAIN                       5
LIGHT RAIN               11     FREEZING RAIN              0
LT FREEZING RAIN          0     HAIL                       0
HEAVY SNOW                0     SNOW                       0
LIGHT SNOW                0     SLEET                      0
FOG                      16     FOG W/VIS <= 1/4 MILE      4
HAZE                      3

-  INDICATES NEGATIVE NUMBERS.
R  INDICATES RECORD WAS SET OR TIED.
MM INDICATES DATA IS MISSING.
T  INDICATES TRACE AMOUNT.

$$

CARICO
