000
CXUS53 KJKL 011441
CLMJKL

CLIMATE REPORT
NATIONAL WEATHER SERVICE JACKSON KY
941 AM EST WED MAR 1 2017

...................................

...THE JACKSON KY CLIMATE SUMMARY FOR THE MONTH OF FEBRUARY 2017...

CLIMATE NORMAL PERIOD 1981 TO 2010
CLIMATE RECORD PERIOD 1981 TO 2017

WEATHER         OBSERVED          NORMAL  DEPART  LAST YEAR`S
                 VALUE   DATE(S)  VALUE   FROM    VALUE  DATE(S)
                                          NORMAL
................................................................
TEMPERATURE (F)
RECORD
 HIGH              79   02/24/2017
                        02/23/1996
                        94/01/2308
 LOW               -8   02/04/1996
HIGHEST            79R  02/24        71       8       74  02/02
LOWEST             16   02/04        10       6       12  02/14
AVG. MAXIMUM     58.1              47.7    10.4     47.2
AVG. MINIMUM     37.7              29.9     7.8     31.0
MEAN             47.9              38.8     9.1     39.1
DAYS MAX >= 90      0               0.0     0.0        0
DAYS MAX <= 32      1               3.1    -2.1        5
DAYS MIN <= 32     10              16.6    -6.6       18
DAYS MIN <= 0       0               0.1    -0.1        0

PRECIPITATION (INCHES)
RECORD
 MAXIMUM         7.89   2003
 MINIMUM         1.20   2007
TOTALS           2.86              3.75   -0.89     6.27
DAILY AVG.       0.10              0.13   -0.03     0.22
DAYS >= .01         7              13.1    -6.1       16
DAYS >= .10         5               7.8    -2.8       11
DAYS >= .50         3               2.4     0.6        5
DAYS >= 1.00        0               0.8    -0.8        2
GREATEST
 24 HR. TOTAL    0.95   02/08 TO 02/08              2.28

SNOWFALL (INCHES)
RECORDS
 TOTAL           21.5   2015
TOTALS              T               7.0    -7.0      8.2
SINCE 7/1         4.6              19.6   -15.0     29.6
SNOWDEPTH AVG.      0                MM      MM        0
DAYS >= 1.0         0               2.2    -2.2        2
GREATEST
 SNOW DEPTH         0   MM                             3
 24 HR TOTAL        T   02/09 TO 02/09               3.2

DEGREE_DAYS
HEATING TOTAL     471               734    -263      742
 SINCE 7/1       2492              3300    -808     2754
COOLING TOTAL       2                 0       2        0
 SINCE 1/1          2                 0       2        0
.................................................................

WIND (MPH)
AVERAGE WIND SPEED              4.6
HIGHEST WIND SPEED/DIRECTION    24/320    DATE  02/08
HIGHEST GUST SPEED/DIRECTION    37/320    DATE  02/08

SKY COVER
POSSIBLE SUNSHINE (PERCENT)   MM
AVERAGE SKY COVER           0.50
NUMBER OF DAYS FAIR           11
NUMBER OF DAYS PC             13
NUMBER OF DAYS CLOUDY          4

AVERAGE RH (PERCENT)     57

WEATHER CONDITIONS. NUMBER OF DAYS WITH
THUNDERSTORM              3     MIXED PRECIP               0
HEAVY RAIN                4     RAIN                       5
LIGHT RAIN               11     FREEZING RAIN              0
LT FREEZING RAIN          0     HAIL                       1
HEAVY SNOW                0     SNOW                       0
LIGHT SNOW                1     SLEET                      0
FOG                       9     FOG W/VIS <= 1/4 MILE      4
HAZE                      0

-  INDICATES NEGATIVE NUMBERS.
R  INDICATES RECORD WAS SET OR TIED.
MM INDICATES DATA IS MISSING.
T  INDICATES TRACE AMOUNT.

$$

CARICO
