000
CXUS53 KJKL 010732
CLMJKL

CLIMATE REPORT
NATIONAL WEATHER SERVICE JACKSON KY
332 AM EDT TUE APR 1 2014

...................................

...THE JACKSON KY CLIMATE SUMMARY FOR THE MONTH OF MARCH 2014...

CLIMATE NORMAL PERIOD 1981 TO 2010
CLIMATE RECORD PERIOD 1981 TO 2014

WEATHER         OBSERVED          NORMAL  DEPART  LAST YEAR`S
                 VALUE   DATE(S)  VALUE   FROM    VALUE  DATE(S)
                                          NORMAL
................................................................
TEMPERATURE (F)
RECORD
 HIGH              87   03/28/1989
 LOW                7   03/09/1996
HIGHEST            77   03/11        79      -2       74  03/10
LOWEST              8   03/04        18     -10       17  03/22
AVG. MAXIMUM     55.1              57.5    -2.4     48.0
AVG. MINIMUM     31.4              37.3    -5.9     30.8
MEAN             43.3              47.4    -4.1     39.4
DAYS MAX >= 90      0               0.0     0.0        0
DAYS MAX <= 32      1               0.6     0.4        4
DAYS MIN <= 32     17              10.8     6.2       20
DAYS MIN <= 0       0               0.0     0.0        0

PRECIPITATION (INCHES)
RECORD
 MAXIMUM        11.78   1994
 MINIMUM         1.47   2003
TOTALS           5.51              4.12    1.39     4.63
DAILY AVG.       0.18              0.13    0.05     0.15
DAYS >= .01         9              14.0    -5.0       13
DAYS >= .10         7               8.5    -1.5        8
DAYS >= .50         4               2.7     1.3        3
DAYS >= 1.00        3               0.9     2.1        1
GREATEST
 24 HR. TOTAL    1.57   03/02 TO 03/02              1.46

SNOWFALL (INCHES)
RECORDS
 TOTAL           21.9   1993
TOTALS           10.9               2.9     8.0     10.7
SINCE 7/1        37.9              22.5    15.4     20.0
SNOWDEPTH AVG.      0                MM      MM        0
DAYS >= 1.0         3               0.7     2.3        5
GREATEST
 SNOW DEPTH         4   03/04                          2
                        03/03
 24 HR TOTAL      6.4   03/03 TO 03/03               3.6

DEGREE_DAYS
HEATING TOTAL     667               553     114      785
 SINCE 7/1       4268              3853     415     4011
COOLING TOTAL       0                 7      -7        0
 SINCE 1/1          0                 7      -7        0
.................................................................

WIND (MPH)
AVERAGE WIND SPEED              5.1
HIGHEST WIND SPEED/DIRECTION    29/280    DATE  03/12
HIGHEST GUST SPEED/DIRECTION    46/270    DATE  03/12

SKY COVER
POSSIBLE SUNSHINE (PERCENT)   MM
AVERAGE SKY COVER           0.40
NUMBER OF DAYS FAIR           15
NUMBER OF DAYS PC              8
NUMBER OF DAYS CLOUDY          8

AVERAGE RH (PERCENT)     56

WEATHER CONDITIONS. NUMBER OF DAYS WITH
THUNDERSTORM              1     MIXED PRECIP               0
HEAVY RAIN                3     RAIN                       5
LIGHT RAIN                6     FREEZING RAIN              2
LT FREEZING RAIN          4     HAIL                       0
HEAVY SNOW                2     SNOW                       3
LIGHT SNOW                8     SLEET                      3
FOG                      11     FOG W/VIS <= 1/4 MILE      4
HAZE                      7

-  INDICATES NEGATIVE NUMBERS.
R  INDICATES RECORD WAS SET OR TIED.
MM INDICATES DATA IS MISSING.
T  INDICATES TRACE AMOUNT.

$$

CARICO
