000
CXUS53 KJKL 010736
CLMJKL

CLIMATE REPORT
NATIONAL WEATHER SERVICE JACKSON KY
236 AM EST MON DEC 1 2014

...................................

...THE JACKSON KY CLIMATE SUMMARY FOR THE MONTH OF NOVEMBER 2014...

CLIMATE NORMAL PERIOD 1981 TO 2010
CLIMATE RECORD PERIOD 1981 TO 2014

WEATHER         OBSERVED          NORMAL  DEPART  LAST YEAR`S
                 VALUE   DATE(S)  VALUE   FROM    VALUE  DATE(S)
                                          NORMAL
................................................................
TEMPERATURE (F)
RECORD
 HIGH              82   11/02/2004
                        11/04/2003
 LOW               13   11/14/1986
HIGHEST            72   11/11        76      -4       73  11/06
LOWEST             15   11/18        23      -8       16  11/28
AVG. MAXIMUM     50.6              57.3    -6.7     54.2
AVG. MINIMUM     32.8              39.4    -6.6     34.1
MEAN             41.7              48.4    -6.7     44.2
DAYS MAX >= 90      0               0.0     0.0        0
DAYS MAX <= 32      2               0.3     1.7        2
DAYS MIN <= 32     15               7.6     7.4       15
DAYS MIN <= 0       0               0.0     0.0        0

PRECIPITATION (INCHES)
RECORD
 MAXIMUM         9.32   1986
 MINIMUM         0.80   2009
TOTALS           2.97              3.96   -0.99     3.01
DAILY AVG.       0.10              0.13   -0.03     0.10
DAYS >= .01        10              11.5    -1.5       10
DAYS >= .10         6               7.2    -1.2        6
DAYS >= .50         3               2.8     0.2        1
DAYS >= 1.00        0               0.9    -0.9        0
GREATEST
 24 HR. TOTAL    1.35   11/16 TO 11/17              1.00

SNOWFALL (INCHES)
RECORDS
 TOTAL            5.1   1995
TOTALS            1.2               0.5     0.7      2.8
SINCE 7/1         1.2               0.6     0.6      2.9
SNOWDEPTH AVG.      0                MM      MM        0
DAYS >= 1.0         0               0.2    -0.2        1
GREATEST
 SNOW DEPTH         1   11/01                          1
 24 HR TOTAL      0.8   11/01 TO 11/01               1.7

DEGREE_DAYS
HEATING TOTAL     691               503     188      617
 SINCE 7/1        990               800     190      887
COOLING TOTAL       0                 4      -4        0
 SINCE 1/1       1165              1154      11     1069
.................................................................

WIND (MPH)
AVERAGE WIND SPEED              4.4
HIGHEST WIND SPEED/DIRECTION    23/270    DATE  11/06
HIGHEST GUST SPEED/DIRECTION    37/270    DATE  11/06

SKY COVER
POSSIBLE SUNSHINE (PERCENT)   MM
AVERAGE SKY COVER           0.50
NUMBER OF DAYS FAIR           11
NUMBER OF DAYS PC              8
NUMBER OF DAYS CLOUDY         11

AVERAGE RH (PERCENT)     60

WEATHER CONDITIONS. NUMBER OF DAYS WITH
THUNDERSTORM              0     MIXED PRECIP               0
HEAVY RAIN                1     RAIN                       5
LIGHT RAIN               10     FREEZING RAIN              0
LT FREEZING RAIN          0     HAIL                       1
HEAVY SNOW                0     SNOW                       1
LIGHT SNOW                6     SLEET                      1
FOG                      10     FOG W/VIS <= 1/4 MILE      4
HAZE                      2

-  INDICATES NEGATIVE NUMBERS.
R  INDICATES RECORD WAS SET OR TIED.
MM INDICATES DATA IS MISSING.
T  INDICATES TRACE AMOUNT.

&&

RECORDS...

NEW LOW TEMPERATURE RECORDS...

16 ON THE 15TH
15 ON THE 18TH
16 ON THE 19TH

TIED HIGH TEMPERATURE RECORDS...

70 ON THE 24TH

TIED LOW TEMPERATURE RECORDS...

27 ON THE 2ND
20 ON THE 17TH

NEW MINIMUM HIGH MONTHLY RECORDS...

27 ON THE 18TH (NOTE...THE 29 ON THE 14TH WAS A RECORD THAT WAS BROKEN
4 DAYS LATER)

NEW MINIMUM HIGH RECORDS...

38 ON THE 1ST
29 ON THE 14TH
27 ON THE 18TH

PRECIPITATION RECORDS...

0.29 ON THE 6TH

SNOWFALL RECORDS...

0.8 ON THE 1ST
0.2 ON THE 17TH

TIED SNOWFALL RECORDS...
T ON THE 18TH

$$

CARICO
