000
CXUS53 KJKL 010726
CLMJKL

CLIMATE REPORT
NATIONAL WEATHER SERVICE JACKSON KY
326 AM EDT SUN SEP 1 2013

...................................

...THE JACKSON KY CLIMATE SUMMARY FOR THE MONTH OF AUGUST 2013...

CLIMATE NORMAL PERIOD 1981 TO 2010
CLIMATE RECORD PERIOD 1981 TO 2013

WEATHER         OBSERVED          NORMAL  DEPART  LAST YEAR`S
                 VALUE   DATE(S)  VALUE   FROM    VALUE  DATE(S)
                                          NORMAL
................................................................
TEMPERATURE (F)
RECORD
 HIGH             101   08/18/1988
                        08/17/1988
 LOW               45   08/08/1989
                        08/29/1986
HIGHEST            88   08/28        92      -4       89  08/31
                                                          08/27
                                                          08/08
LOWEST             52   08/15        55      -3       56  08/20
AVG. MAXIMUM     81.0              84.1    -3.1     82.9
AVG. MINIMUM     64.4              65.0    -0.6     63.8
MEAN             72.7              74.5    -1.8     73.4
DAYS MAX >= 90      0               4.4    -4.4        0
DAYS MAX <= 32      0               0.0     0.0        0
DAYS MIN <= 32      0               0.0     0.0        0
DAYS MIN <= 0       0               0.0     0.0        0

PRECIPITATION (INCHES)
RECORD
 MAXIMUM         7.70   1993
 MINIMUM         1.16   2008
TOTALS          10.04R             3.69    6.35     4.75
DAILY AVG.       0.32              0.12    0.20     0.15
DAYS >= .01        14               9.6     4.4       12
DAYS >= .10        11               6.0     5.0        8
DAYS >= .50         9               2.5     6.5        4
DAYS >= 1.00        3               1.2     1.8        2
GREATEST
 24 HR. TOTAL    3.55   08/12 TO 08/13              1.78

SNOWFALL (INCHES)
RECORDS
 TOTAL             MM   MM
TOTALS            0.0               0.0     0.0      0.0
SINCE 7/1         0.0               0.0     0.0      0.0
SNOWDEPTH AVG.      0                MM      MM        0
DAYS >= 1.0         0               0.0     0.0        0
GREATEST
 SNOW DEPTH         0   MM                             0
 24 HR TOTAL      0.0   MM                           0.0

DEGREE_DAYS
HEATING TOTAL       2                 2       0        0
 SINCE 7/1          2                 2       0        0
COOLING TOTAL     250               298     -48      265
 SINCE 1/1        895               978     -83     1178
.................................................................

WIND (MPH)
AVERAGE WIND SPEED              0.9
HIGHEST WIND SPEED/DIRECTION    26/330    DATE  08/21
HIGHEST GUST SPEED/DIRECTION    43/330    DATE  08/21

SKY COVER
POSSIBLE SUNSHINE (PERCENT)   MM
AVERAGE SKY COVER           0.40
NUMBER OF DAYS FAIR           12
NUMBER OF DAYS PC             15
NUMBER OF DAYS CLOUDY          4

AVERAGE RH (PERCENT)     79

WEATHER CONDITIONS. NUMBER OF DAYS WITH
THUNDERSTORM             10     MIXED PRECIP               0
HEAVY RAIN               10     RAIN                      11
LIGHT RAIN               15     FREEZING RAIN              0
LT FREEZING RAIN          0     HAIL                       0
HEAVY SNOW                0     SNOW                       0
LIGHT SNOW                0     SLEET                      0
FOG                      23     FOG W/VIS <= 1/4 MILE     15
HAZE                      3

-  INDICATES NEGATIVE NUMBERS.
R  INDICATES RECORD WAS SET OR TIED.
MM INDICATES DATA IS MISSING.
T  INDICATES TRACE AMOUNT.

$$

CARICO
