004
CXUS53 KJKL 011441
CLMJKL

CLIMATE REPORT
NATIONAL WEATHER SERVICE JACKSON KY
1041 AM EDT WED JUN 1 2016

...................................

...THE JACKSON KY CLIMATE SUMMARY FOR THE MONTH OF MAY 2016...

CLIMATE NORMAL PERIOD 1981 TO 2010
CLIMATE RECORD PERIOD 1981 TO 2016

WEATHER         OBSERVED          NORMAL  DEPART  LAST YEAR`S
                 VALUE   DATE(S)  VALUE   FROM    VALUE  DATE(S)
                                          NORMAL
................................................................
TEMPERATURE (F)
RECORD
 HIGH              91   05/31/2006
 LOW               32   05/03/2004
                        05/16/1997
                        05/07/1989
HIGHEST            87   05/27        86       1       89  05/11
LOWEST             39   05/16        41      -2       43  05/22
                                                          05/01
AVG. MAXIMUM     72.5              74.6    -2.1     80.1
AVG. MINIMUM     53.6              54.7    -1.1     58.3
MEAN             63.1              64.6    -1.5     69.2
DAYS MAX >= 90      0               0.0     0.0        0
DAYS MAX <= 32      0               0.0     0.0        0
DAYS MIN <= 32      0               0.0     0.0        0
DAYS MIN <= 0       0               0.0     0.0        0

PRECIPITATION (INCHES)
RECORD
 MAXIMUM        10.78   2004
 MINIMUM         1.74   2015
TOTALS           7.04              5.20    1.84     1.74
DAILY AVG.       0.23              0.17    0.06     0.06
DAYS >= .01        18              13.8     4.2        9
DAYS >= .10        13               9.7     3.3        7
DAYS >= .50         4               3.4     0.6        0
DAYS >= 1.00        2               1.4     0.6        0
GREATEST
 24 HR. TOTAL    2.08   05/01 TO 05/01              0.41

SNOWFALL (INCHES)
RECORDS
 TOTAL            1.0   1989
TOTALS            0.0                 T     0.0      0.0
SINCE 7/1        32.5              23.5     9.0     29.1
SNOWDEPTH AVG.      0                MM      MM        0
DAYS >= 1.0         0               0.0     0.0        0
GREATEST
 SNOW DEPTH         0                                  0
 24 HR TOTAL      0.0                                0.0

DEGREE_DAYS
HEATING TOTAL     137               101      36       44
 SINCE 7/1       3454              4222    -768     4566
COOLING TOTAL      87                90      -3      179
 SINCE 1/1        141               136       5      204
.................................................................

WIND (MPH)
AVERAGE WIND SPEED              2.5
HIGHEST WIND SPEED/DIRECTION    20/310    DATE  05/21
HIGHEST GUST SPEED/DIRECTION    29/330    DATE  05/10

SKY COVER
POSSIBLE SUNSHINE (PERCENT)   MM
AVERAGE SKY COVER           0.50
NUMBER OF DAYS FAIR           10
NUMBER OF DAYS PC             14
NUMBER OF DAYS CLOUDY          7

AVERAGE RH (PERCENT)     71

WEATHER CONDITIONS. NUMBER OF DAYS WITH
THUNDERSTORM              9     MIXED PRECIP               0
HEAVY RAIN                9     RAIN                      16
LIGHT RAIN               21     FREEZING RAIN              0
LT FREEZING RAIN          0     HAIL                       0
HEAVY SNOW                0     SNOW                       0
LIGHT SNOW                0     SLEET                      0
FOG                      23     FOG W/VIS <= 1/4 MILE      9
HAZE                      2

-  INDICATES NEGATIVE NUMBERS.
R  INDICATES RECORD WAS SET OR TIED.
MM INDICATES DATA IS MISSING.
T  INDICATES TRACE AMOUNT.

$$

CARICO
