713
CXUS53 KJKL 011132
CLMJKL

CLIMATE REPORT
NATIONAL WEATHER SERVICE JACKSON KY
732 AM EDT SAT OCT 1 2016
...................................

...THE JACKSON KY CLIMATE SUMMARY FOR THE MONTH OF SEPTEMBER 2016...

CLIMATE NORMAL PERIOD 1981 TO 2010
CLIMATE RECORD PERIOD 1981 TO 2016

WEATHER         OBSERVED          NORMAL  DEPART  LAST YEAR`S
                 VALUE   DATE(S)  VALUE   FROM    VALUE  DATE(S)
                                          NORMAL
................................................................
TEMPERATURE (F)
RECORD
 HIGH              96   09/03/2011
 LOW               34   09/24/1989
HIGHEST            90   09/13        89       1       89  09/08
                        09/08                             09/07
                                                          09/02
LOWEST             50   09/28        42       8       46  09/14
                        09/27
AVG. MAXIMUM     83.2              78.0     5.2     79.5
AVG. MINIMUM     61.9              58.2     3.7     60.6
MEAN             72.5              68.1     4.4     70.1
DAYS MAX >= 90      2               1.5     0.5        0
DAYS MAX <= 32      0               0.0     0.0        0
DAYS MIN <= 32      0               0.0     0.0        0
DAYS MIN <= 0       0               0.0     0.0        0

PRECIPITATION (INCHES)
RECORD
 MAXIMUM         7.82   1988
 MINIMUM         0.51   2005
TOTALS           1.32              3.46   -2.14     2.09
DAILY AVG.       0.04              0.12   -0.08     0.07
DAYS >= .01         5               8.4    -3.4       10
DAYS >= .10         4               5.7    -1.7        7
DAYS >= .50         0               2.2    -2.2        1
DAYS >= 1.00        0               1.0    -1.0        0
GREATEST
 24 HR. TOTAL    0.75   09/17 TO 09/18              0.54

SNOWFALL (INCHES)
RECORDS
 TOTAL             MM   MM
TOTALS            0.0               0.0     0.0      0.0
SINCE 7/1         0.0               0.0     0.0      0.0
SNOWDEPTH AVG.      0                MM      MM        0
DAYS >= 1.0         0               0.0     0.0        0
GREATEST
 SNOW DEPTH         0   MM                             0
 24 HR TOTAL      0.0                                0.0

DEGREE_DAYS
HEATING TOTAL      16                50     -34       20
 SINCE 7/1         16                52     -36       20
COOLING TOTAL     248               143     105      180
 SINCE 1/1       1480              1121     359     1231
.................................................................

WIND (MPH)
AVERAGE WIND SPEED              1.1
HIGHEST WIND SPEED/DIRECTION    21/300    DATE  09/10
HIGHEST GUST SPEED/DIRECTION    33/310    DATE  09/10

SKY COVER
POSSIBLE SUNSHINE (PERCENT)   MM
AVERAGE SKY COVER           0.20
NUMBER OF DAYS FAIR           25
NUMBER OF DAYS PC              3
NUMBER OF DAYS CLOUDY          2

AVERAGE RH (PERCENT)     70

WEATHER CONDITIONS. NUMBER OF DAYS WITH
THUNDERSTORM              0     MIXED PRECIP               0
HEAVY RAIN                4     RAIN                       3
LIGHT RAIN                7     FREEZING RAIN              0
LT FREEZING RAIN          0     HAIL                       0
HEAVY SNOW                0     SNOW                       0
LIGHT SNOW                0     SLEET                      0
FOG                      12     FOG W/VIS <= 1/4 MILE      5
HAZE                      0

-  INDICATES NEGATIVE NUMBERS.
R  INDICATES RECORD WAS SET OR TIED.
MM INDICATES DATA IS MISSING.
T  INDICATES TRACE AMOUNT.

$$

CARICO
