000
CXUS53 KJKL 010733
CLMJKL

CLIMATE REPORT
NATIONAL WEATHER SERVICE JACKSON KY
333 AM EDT WED OCT 1 2014

...................................

...THE JACKSON KY CLIMATE SUMMARY FOR THE MONTH OF SEPTEMBER 2014...

CLIMATE NORMAL PERIOD 1981 TO 2010
CLIMATE RECORD PERIOD 1981 TO 2014

WEATHER         OBSERVED          NORMAL  DEPART  LAST YEAR`S
                 VALUE   DATE(S)  VALUE   FROM    VALUE  DATE(S)
                                          NORMAL
................................................................
TEMPERATURE (F)
RECORD
 HIGH              96   09/03/2011
 LOW               34   09/24/1989
HIGHEST            87   09/06        89      -2       88  09/10
                        09/01                             09/09
LOWEST             48   09/23        42       6       48  09/23
                                                          09/14
AVG. MAXIMUM     77.2              78.0    -0.8     77.7
AVG. MINIMUM     59.6              58.2     1.4     58.6
MEAN             68.4              68.1     0.3     68.2
DAYS MAX >= 90      0               1.5    -1.5        0
DAYS MAX <= 32      0               0.0     0.0        0
DAYS MIN <= 32      0               0.0     0.0        0
DAYS MIN <= 0       0               0.0     0.0        0

PRECIPITATION (INCHES)
RECORD
 MAXIMUM         7.82   1988
 MINIMUM         0.51   2005
TOTALS           2.35              3.46   -1.11     1.27
DAILY AVG.       0.08              0.12   -0.04     0.04
DAYS >= .01         9               8.4     0.6        8
DAYS >= .10         3               5.7    -2.7        4
DAYS >= .50         2               2.2    -0.2        1
DAYS >= 1.00        1               1.0     0.0        0
GREATEST
 24 HR. TOTAL    1.02   09/04 TO 09/04              0.61

SNOWFALL (INCHES)
RECORDS
 TOTAL             MM   MM
TOTALS            0.0               0.0     0.0      0.0
SINCE 7/1         0.0               0.0     0.0      0.0
SNOWDEPTH AVG.      0                MM      MM        0
DAYS >= 1.0         0               0.0     0.0        0
GREATEST
 SNOW DEPTH         0   MM                             0
 24 HR TOTAL      0.0                                0.0

DEGREE_DAYS
HEATING TOTAL      33                50     -17       28
 SINCE 7/1         36                52     -16       30
COOLING TOTAL     145               143       2      131
 SINCE 1/1       1146              1121      25     1026
.................................................................

WIND (MPH)
AVERAGE WIND SPEED              1.2
HIGHEST WIND SPEED/DIRECTION    24/290    DATE  09/02
HIGHEST GUST SPEED/DIRECTION    36/300    DATE  09/02

SKY COVER
POSSIBLE SUNSHINE (PERCENT)   MM
AVERAGE SKY COVER           0.30
NUMBER OF DAYS FAIR           20
NUMBER OF DAYS PC              5
NUMBER OF DAYS CLOUDY          5

AVERAGE RH (PERCENT)     76

WEATHER CONDITIONS. NUMBER OF DAYS WITH
THUNDERSTORM              5     MIXED PRECIP               0
HEAVY RAIN                3     RAIN                       5
LIGHT RAIN               12     FREEZING RAIN              0
LT FREEZING RAIN          0     HAIL                       0
HEAVY SNOW                0     SNOW                       0
LIGHT SNOW                0     SLEET                      0
FOG                      18     FOG W/VIS <= 1/4 MILE      7
HAZE                      4

-  INDICATES NEGATIVE NUMBERS.
R  INDICATES RECORD WAS SET OR TIED.
MM INDICATES DATA IS MISSING.
T  INDICATES TRACE AMOUNT.

$$

RECORDS...

NEW MINIMUM HIGH RECORDS...

67 ON THE 12TH

PRECIPITATION RECORDS...

1.02 ON THE 4TH

TIED MINIMUM HIGH RECORDS...

64 ON THE 13TH

$$

CARICO
