000
CXUS53 KJKL 011246
CLMJKL

CLIMATE REPORT
NATIONAL WEATHER SERVICE JACKSON KY
846 AM EDT TUE SEP 1 2015

...................................

...THE JACKSON KY CLIMATE SUMMARY FOR THE MONTH OF AUGUST 2015...

CLIMATE NORMAL PERIOD 1981 TO 2010
CLIMATE RECORD PERIOD 1981 TO 2015

WEATHER         OBSERVED          NORMAL  DEPART  LAST YEAR`S
                 VALUE   DATE(S)  VALUE   FROM    VALUE  DATE(S)
                                          NORMAL
................................................................
TEMPERATURE (F)
RECORD
 HIGH             101   08/18/1988
                        08/17/1988
 LOW               45   08/08/1989
                        08/29/1986
HIGHEST            87   08/03        92      -5       89  08/30
                                                          08/29
                                                          08/22
LOWEST             56   08/27        55       1       55  08/16
                        08/25
AVG. MAXIMUM     82.0              84.1    -2.1     82.2
AVG. MINIMUM     63.5              65.0    -1.5     65.0
MEAN             72.8              74.5    -1.7     73.6
DAYS MAX >= 90      0               4.4    -4.4        0
DAYS MAX <= 32      0               0.0     0.0        0
DAYS MIN <= 32      0               0.0     0.0        0
DAYS MIN <= 0       0               0.0     0.0        0

PRECIPITATION (INCHES)
RECORD
 MAXIMUM        10.04   2013
 MINIMUM         1.16   2008
TOTALS           5.02              3.69    1.33     8.55
DAILY AVG.       0.16              0.12    0.04     0.28
DAYS >= .01        14               9.6     4.4       16
DAYS >= .10        10               6.0     4.0       10
DAYS >= .50         4               2.5     1.5        5
DAYS >= 1.00        1               1.2    -0.2        3
GREATEST
 24 HR. TOTAL    1.67   08/03 TO 08/04              2.16

SNOWFALL (INCHES)
RECORDS
 TOTAL             MM   MM
TOTALS            0.0               0.0     0.0      0.0
SINCE 7/1         0.0               0.0     0.0      0.0
SNOWDEPTH AVG.      0                MM      MM        0
DAYS >= 1.0         0               0.0     0.0        0
GREATEST
 SNOW DEPTH         0   MM                             0
 24 HR TOTAL      0.0   MM                           0.0

DEGREE_DAYS
HEATING TOTAL       0                 2      -2        0
 SINCE 7/1          0                 2      -2        3
COOLING TOTAL     248               298     -50      274
 SINCE 1/1       1051               978      73     1001
.................................................................

WIND (MPH)
AVERAGE WIND SPEED              1.2
HIGHEST WIND SPEED/DIRECTION    21/340    DATE  08/03
HIGHEST GUST SPEED/DIRECTION    32/330    DATE  08/03

SKY COVER
POSSIBLE SUNSHINE (PERCENT)   MM
AVERAGE SKY COVER           0.30
NUMBER OF DAYS FAIR           18
NUMBER OF DAYS PC             11
NUMBER OF DAYS CLOUDY          2

AVERAGE RH (PERCENT)     74

WEATHER CONDITIONS. NUMBER OF DAYS WITH
THUNDERSTORM              8     MIXED PRECIP               0
HEAVY RAIN               10     RAIN                      10
LIGHT RAIN               12     FREEZING RAIN              0
LT FREEZING RAIN          0     HAIL                       0
HEAVY SNOW                0     SNOW                       0
LIGHT SNOW                0     SLEET                      0
FOG                      17     FOG W/VIS <= 1/4 MILE     11
HAZE                      4

-  INDICATES NEGATIVE NUMBERS.
R  INDICATES RECORD WAS SET OR TIED.
MM INDICATES DATA IS MISSING.
T  INDICATES TRACE AMOUNT.

$$

CARICO
