000
CXUS53 KJKL 011556
CLMJKL

CLIMATE REPORT
NATIONAL WEATHER SERVICE JACKSON KY
1156 AM EDT SAT AUG 1 2015

...................................

...THE JACKSON KY CLIMATE SUMMARY FOR THE MONTH OF JULY 2015...

CLIMATE NORMAL PERIOD 1981 TO 2010
CLIMATE RECORD PERIOD 1981 TO 2015

WEATHER         OBSERVED          NORMAL  DEPART  LAST YEAR`S
                 VALUE   DATE(S)  VALUE   FROM    VALUE  DATE(S)
                                          NORMAL
................................................................
TEMPERATURE (F)
RECORD
 HIGH             101   07/08/1988
 LOW               52   07/30/2014
                        07/07/1983
                        01/03/2000
HIGHEST            90   07/19        93      -3       94  07/13
                        07/18
LOWEST             60   07/01        57       3       52  07/30
AVG. MAXIMUM     83.3              84.6    -1.3     81.5
AVG. MINIMUM     67.3              66.1     1.2     63.6
MEAN             75.3              75.4    -0.1     72.6
DAYS MAX >= 90      2               4.8    -2.8        2
DAYS MAX <= 32      0               0.0     0.0        0
DAYS MIN <= 32      0               0.0     0.0        0
DAYS MIN <= 0       0               0.0     0.0        0

PRECIPITATION (INCHES)
RECORD
 MAXIMUM         9.74   1985
 MINIMUM         1.77   1995
TOTALS           8.87              4.65    4.22     5.77
DAILY AVG.       0.29              0.15    0.14     0.19
DAYS >= .01        16              12.4     3.6       11
DAYS >= .10        13               8.3     4.7        9
DAYS >= .50         6               3.4     2.6        6
DAYS >= 1.00        1               1.0     0.0        2
GREATEST
 24 HR. TOTAL    3.04   07/14 TO 07/14              1.69

SNOWFALL (INCHES)
RECORDS
 TOTAL             MM   MM
TOTALS            0.0               0.0     0.0      0.0
SINCE 7/1         0.0               0.0     0.0      0.0
SNOWDEPTH AVG.      0                MM      MM        0
DAYS >= 1.0         0               0.0     0.0        0
GREATEST
 SNOW DEPTH         0   MM                             0
 24 HR TOTAL      0.0                                0.0

DEGREE_DAYS
HEATING TOTAL       0                 0       0        3
 SINCE 7/1          0                 0       0        3
COOLING TOTAL     325               321       4      249
 SINCE 1/1        803               680     123      727
.................................................................

WIND (MPH)
AVERAGE WIND SPEED              1.4
HIGHEST WIND SPEED/DIRECTION    22/310    DATE  07/09
HIGHEST GUST SPEED/DIRECTION    34/360    DATE  07/13

SKY COVER
POSSIBLE SUNSHINE (PERCENT)   MM
AVERAGE SKY COVER           0.40
NUMBER OF DAYS FAIR           10
NUMBER OF DAYS PC             16
NUMBER OF DAYS CLOUDY          5

AVERAGE RH (PERCENT)     79

WEATHER CONDITIONS. NUMBER OF DAYS WITH
THUNDERSTORM             14     MIXED PRECIP               0
HEAVY RAIN               15     RAIN                      13
LIGHT RAIN               19     FREEZING RAIN              0
LT FREEZING RAIN          0     HAIL                       0
HEAVY SNOW                0     SNOW                       0
LIGHT SNOW                0     SLEET                      0
FOG                      25     FOG W/VIS <= 1/4 MILE      8
HAZE                      6

-  INDICATES NEGATIVE NUMBERS.
R  INDICATES RECORD WAS SET OR TIED.
MM INDICATES DATA IS MISSING.
T  INDICATES TRACE AMOUNT.

$$

CARICO
