000
CXUS53 KJKL 011501
CLMJKL

CLIMATE REPORT
NATIONAL WEATHER SERVICE JACKSON KY
1101 AM EDT WED NOV 1 2017

...................................

...THE JACKSON KY CLIMATE SUMMARY FOR THE MONTH OF OCTOBER 2017...

CLIMATE NORMAL PERIOD 1981 TO 2010
CLIMATE RECORD PERIOD 1981 TO 2017

WEATHER         OBSERVED          NORMAL  DEPART  LAST YEAR`S
                 VALUE   DATE(S)  VALUE   FROM    VALUE  DATE(S)
                                          NORMAL
................................................................
TEMPERATURE (F)
RECORD
 HIGH              89   10/08/2007
 LOW               26   10/22/1987
                        10/24/1981
HIGHEST            85   10/07        82       3       87  10/19
                                                          10/18
LOWEST             29   10/30        32      -3       40  10/23
                                                          10/22
AVG. MAXIMUM     70.9              68.1     2.8     74.6
AVG. MINIMUM     49.5              48.0     1.5     53.1
MEAN             60.2              58.1     2.1     63.8
DAYS MAX >= 90      0               0.0     0.0        0
DAYS MAX <= 32      0               0.0     0.0        0
DAYS MIN <= 32      1               0.9     0.1        0
DAYS MIN <= 0       0               0.0     0.0        0

PRECIPITATION (INCHES)
RECORD
 MAXIMUM         7.77   2014
 MINIMUM         0.51   1987
TOTALS           5.29              3.19    2.10     1.51
DAILY AVG.       0.17              0.10    0.07     0.05
DAYS >= .01         9               8.8     0.2        4
DAYS >= .10         6               5.7     0.3        3
DAYS >= .50         3               2.1     0.9        2
DAYS >= 1.00        2               0.8     1.2        0
GREATEST
 24 HR. TOTAL    2.26   10/08 TO 10/08              1.32

SNOWFALL (INCHES)
RECORDS
 TOTAL            2.3   1993
TOTALS              T               0.1    -0.1      0.0
SINCE 7/1           T               0.1    -0.1      0.0
SNOWDEPTH AVG.      0                MM      MM        0
DAYS >= 1.0         0               0.0     0.0        0
GREATEST
 SNOW DEPTH         0   MM                             0
 24 HR TOTAL        T   10/29 TO 10/29               0.0

DEGREE_DAYS
HEATING TOTAL     200               245     -45      106
 SINCE 7/1        234               297     -63      122
COOLING TOTAL      59                29      30       78
 SINCE 1/1       1195              1150      45     1558
.................................................................

WIND (MPH)
AVERAGE WIND SPEED              2.0
HIGHEST WIND SPEED/DIRECTION    21/310    DATE  10/15
HIGHEST GUST SPEED/DIRECTION    39/320    DATE  10/15

SKY COVER
POSSIBLE SUNSHINE (PERCENT)   MM
AVERAGE SKY COVER           0.30
NUMBER OF DAYS FAIR           18
NUMBER OF DAYS PC             10
NUMBER OF DAYS CLOUDY          3

AVERAGE RH (PERCENT)     70

WEATHER CONDITIONS. NUMBER OF DAYS WITH
THUNDERSTORM              1     MIXED PRECIP               0
HEAVY RAIN                4     RAIN                       5
LIGHT RAIN               11     FREEZING RAIN              0
LT FREEZING RAIN          0     HAIL                       0
HEAVY SNOW                0     SNOW                       0
LIGHT SNOW                1     SLEET                      0
FOG                      11     FOG W/VIS <= 1/4 MILE      3
HAZE                      0

-  INDICATES NEGATIVE NUMBERS.
R  INDICATES RECORD WAS SET OR TIED.
MM INDICATES DATA IS MISSING.
T  INDICATES TRACE AMOUNT.

$$

CARICO
