000
CXUS53 KJKL 011536
CLMJKL

CLIMATE REPORT
NATIONAL WEATHER SERVICE JACKSON KY
1136 AM EDT SAT JUL 1 2017

...................................

...THE JACKSON KY CLIMATE SUMMARY FOR THE MONTH OF JUNE 2017...

CLIMATE NORMAL PERIOD 1981 TO 2010
CLIMATE RECORD PERIOD 1981 TO 2017

WEATHER         OBSERVED          NORMAL  DEPART  LAST YEAR`S
                 VALUE   DATE(S)  VALUE   FROM    VALUE  DATE(S)
                                          NORMAL
................................................................
TEMPERATURE (F)
RECORD
 HIGH             104   06/29/2012
 LOW               44   06/07/1998
                        06/01/1993
                        06/10/1988
HIGHEST            90   06/13        90       0       91  06/16
LOWEST             53   06/28        50       3       51  06/09
                        06/08
AVG. MAXIMUM     81.2              81.6    -0.4     84.5
AVG. MINIMUM     61.7              62.5    -0.8     64.7
MEAN             71.5              72.0    -0.5     74.6
DAYS MAX >= 90      1               1.4    -0.4        4
DAYS MAX <= 32      0               0.0     0.0        0
DAYS MIN <= 32      0               0.0     0.0        0
DAYS MIN <= 0       0               0.0     0.0        0

PRECIPITATION (INCHES)
RECORD
 MAXIMUM         9.15   1997
 MINIMUM         1.37   1988
TOTALS           6.21              4.70    1.51     5.01
DAILY AVG.       0.21              0.16    0.05     0.17
DAYS >= .01         9              12.3    -3.3        9
DAYS >= .10         6               8.5    -2.5        6
DAYS >= .50         4               3.4     0.6        3
DAYS >= 1.00        3               1.1     1.9        2
GREATEST
 24 HR. TOTAL    1.72   06/19 TO 06/19              1.87

SNOWFALL (INCHES)
RECORDS
 TOTAL             MM   MM
TOTALS            0.0               0.0     0.0      0.0
SINCE 7/1         4.8              23.5   -18.7     32.5
SNOWDEPTH AVG.      0                MM      MM        0
DAYS >= 1.0         0               0.0     0.0        0
GREATEST
 SNOW DEPTH         0   MM                             0
 24 HR TOTAL      0.0   MM                           0.0

DEGREE_DAYS
HEATING TOTAL       4                12      -8        1
 SINCE 7/1       3213              4234   -1021     3455
COOLING TOTAL     206               223     -17      296
 SINCE 1/1        405               359      46      437
.................................................................

WIND (MPH)
AVERAGE WIND SPEED              1.5
HIGHEST WIND SPEED/DIRECTION    17/320    DATE  06/23
HIGHEST GUST SPEED/DIRECTION    31/320    DATE  06/23

SKY COVER
POSSIBLE SUNSHINE (PERCENT)   MM
AVERAGE SKY COVER           0.30
NUMBER OF DAYS FAIR           18
NUMBER OF DAYS PC             10
NUMBER OF DAYS CLOUDY          2

AVERAGE RH (PERCENT)     72

WEATHER CONDITIONS. NUMBER OF DAYS WITH
THUNDERSTORM              6     MIXED PRECIP               0
HEAVY RAIN                6     RAIN                       7
LIGHT RAIN               12     FREEZING RAIN              0
LT FREEZING RAIN          0     HAIL                       0
HEAVY SNOW                0     SNOW                       0
LIGHT SNOW                0     SLEET                      0
FOG                      13     FOG W/VIS <= 1/4 MILE      7
HAZE                      0

-  INDICATES NEGATIVE NUMBERS.
R  INDICATES RECORD WAS SET OR TIED.
MM INDICATES DATA IS MISSING.
T  INDICATES TRACE AMOUNT.

$$

CARICO
