000
CXUS53 KJKL 010728
CLMJKL

CLIMATE REPORT
NATIONAL WEATHER SERVICE JACKSON KY
228 AM EST SAT MAR 1 2014

...................................

...THE JACKSON KY CLIMATE SUMMARY FOR THE MONTH OF FEBRUARY 2014...

CLIMATE NORMAL PERIOD 1981 TO 2010
CLIMATE RECORD PERIOD 1981 TO 2014

WEATHER         OBSERVED          NORMAL  DEPART  LAST YEAR`S
                 VALUE   DATE(S)  VALUE   FROM    VALUE  DATE(S)
                                          NORMAL
................................................................
TEMPERATURE (F)
RECORD
 HIGH              79   02/23/1996
 LOW               -8   02/04/1996
HIGHEST            71   02/20        71       0       62  02/07
LOWEST             11   02/11        10       1        9  02/01
AVG. MAXIMUM     44.7              47.7    -3.0     46.6
AVG. MINIMUM     26.5              29.9    -3.4     28.1
MEAN             35.6              38.8    -3.2     37.3
DAYS MAX >= 90      0               0.0     0.0        0
DAYS MAX <= 32      6               3.1     2.9        3
DAYS MIN <= 32     22              16.6     5.4       21
DAYS MIN <= 0       0               0.1    -0.1        0

PRECIPITATION (INCHES)
RECORD
 MAXIMUM         7.89   2003
 MINIMUM         1.20   2007
TOTALS           4.47              3.75    0.72     1.91
DAILY AVG.       0.16              0.13    0.03     0.07
DAYS >= .01        18              13.1     4.9       15
DAYS >= .10         9               7.8     1.2        9
DAYS >= .50         4               2.4     1.6        0
DAYS >= 1.00        1               0.8     0.2        0
GREATEST
 24 HR. TOTAL    1.36   02/02 TO 02/03              0.46

SNOWFALL (INCHES)
RECORDS
 TOTAL           21.0   1985
TOTALS            8.7               7.0     1.7      5.3
SINCE 7/1        27.0              19.6     7.4      9.3
SNOWDEPTH AVG.      0                MM      MM        0
DAYS >= 1.0         2               2.2    -0.2        2
GREATEST
 SNOW DEPTH         2   02/10                          2
 24 HR TOTAL      2.6   02/13 TO 02/13               2.4

DEGREE_DAYS
HEATING TOTAL     817               734      83      770
 SINCE 7/1       3601              3300     301     3226
COOLING TOTAL       0                 0       0        0
 SINCE 1/1          0                 0       0        0
.................................................................

WIND (MPH)
AVERAGE WIND SPEED              4.7
HIGHEST WIND SPEED/DIRECTION    24/240    DATE  02/21
HIGHEST GUST SPEED/DIRECTION    41/230    DATE  02/21

SKY COVER
POSSIBLE SUNSHINE (PERCENT)   MM
AVERAGE SKY COVER           0.60
NUMBER OF DAYS FAIR            9
NUMBER OF DAYS PC              7
NUMBER OF DAYS CLOUDY         12

AVERAGE RH (PERCENT)     65

WEATHER CONDITIONS. NUMBER OF DAYS WITH
THUNDERSTORM              2     MIXED PRECIP               0
HEAVY RAIN                2     RAIN                       3
LIGHT RAIN               10     FREEZING RAIN              4
LT FREEZING RAIN          3     HAIL                       0
HEAVY SNOW                0     SNOW                       1
LIGHT SNOW               13     SLEET                      0
FOG                      19     FOG W/VIS <= 1/4 MILE      4
HAZE                      5

-  INDICATES NEGATIVE NUMBERS.
R  INDICATES RECORD WAS SET OR TIED.
MM INDICATES DATA IS MISSING.
T  INDICATES TRACE AMOUNT.

&&

RECORDS...

TIED MINIMUM RECORDS...

13 ON THE 28TH

NEW SNOWFALL RECORDS...

2.6 ON THE 13TH
1.1 ON THE 26TH

$$

CARICO
