000
CXUS53 KJKL 010727 RRA
CLMJKL

CLIMATE REPORT
NATIONAL WEATHER SERVICE JACKSON KY
227 AM EST SUN DEC 1 2013

...................................

...THE JACKSON KY CLIMATE SUMMARY FOR THE MONTH OF NOVEMBER 2013...

CLIMATE NORMAL PERIOD 1981 TO 2010
CLIMATE RECORD PERIOD 1981 TO 2013

WEATHER         OBSERVED          NORMAL  DEPART  LAST YEAR`S
                 VALUE   DATE(S)  VALUE   FROM    VALUE  DATE(S)
                                          NORMAL
................................................................
TEMPERATURE (F)
RECORD
 HIGH              82   11/02/2004
                        11/04/2003
 LOW               13   11/14/1986
HIGHEST            73   11/06        76      -3       73  11/11
                                                          11/10
LOWEST             16   11/28        23      -7       23  11/25
AVG. MAXIMUM     54.2              57.3    -3.1     55.4
AVG. MINIMUM     34.1              39.4    -5.3     35.1
MEAN             44.2              48.4    -4.2     45.3
DAYS MAX >= 90      0               0.0     0.0        0
DAYS MAX <= 32      2               0.3     1.7        0
DAYS MIN <= 32     15               7.6     7.4       11
DAYS MIN <= 0       0               0.0     0.0        0

PRECIPITATION (INCHES)
RECORD
 MAXIMUM         9.32   1986
 MINIMUM         0.80   2009
TOTALS           3.01              3.96   -0.95     0.84
DAILY AVG.       0.10              0.13   -0.03     0.03
DAYS >= .01        10              11.5    -1.5        5
DAYS >= .10         6               7.2    -1.2        3
DAYS >= .50         1               2.8    -1.8        0
DAYS >= 1.00        0               0.9    -0.9        0
GREATEST
 24 HR. TOTAL    1.00   11/26 TO 11/27              0.44

SNOWFALL (INCHES)
RECORDS
 TOTAL            5.1   1995
TOTALS            2.8               0.5     2.3        T
SINCE 7/1         2.9               0.6     2.3      1.1
SNOWDEPTH AVG.      0                MM      MM        0
DAYS >= 1.0         1               0.2     0.8        0
GREATEST
 SNOW DEPTH         1   11/28                          0
                        11/27
 24 HR TOTAL      1.7   11/26 TO 11/27                 T

DEGREE_DAYS
HEATING TOTAL     617               503     114      586
 SINCE 7/1        887               800      87      952
COOLING TOTAL       0                 4      -4        0
 SINCE 1/1       1069              1154     -85     1318
.................................................................

WIND (MPH)
AVERAGE WIND SPEED              4.2
HIGHEST WIND SPEED/DIRECTION    28/270    DATE  11/01
HIGHEST GUST SPEED/DIRECTION    47/290    DATE  11/01

SKY COVER
POSSIBLE SUNSHINE (PERCENT)   MM
AVERAGE SKY COVER           0.40
NUMBER OF DAYS FAIR           15
NUMBER OF DAYS PC              9
NUMBER OF DAYS CLOUDY          6

AVERAGE RH (PERCENT)     61

WEATHER CONDITIONS. NUMBER OF DAYS WITH
THUNDERSTORM              1     MIXED PRECIP               0
HEAVY RAIN                3     RAIN                       4
LIGHT RAIN               11     FREEZING RAIN              0
LT FREEZING RAIN          2     HAIL                       0
HEAVY SNOW                0     SNOW                       1
LIGHT SNOW                6     SLEET                      1
FOG                      11     FOG W/VIS <= 1/4 MILE      2
HAZE                      3

-  INDICATES NEGATIVE NUMBERS.
R  INDICATES RECORD WAS SET OR TIED.
MM INDICATES DATA IS MISSING.
T  INDICATES TRACE AMOUNT.

$$

CARICO
