000
CXUS53 KJKL 011221
CLMJKL

CLIMATE REPORT
NATIONAL WEATHER SERVICE JACKSON KY
821 AM EDT FRI JUL 1 2016

...................................

...THE JACKSON KY CLIMATE SUMMARY FOR THE MONTH OF JUNE 2016...

CLIMATE NORMAL PERIOD 1981 TO 2010
CLIMATE RECORD PERIOD 1981 TO 2016

WEATHER         OBSERVED          NORMAL  DEPART  LAST YEAR`S
                 VALUE   DATE(S)  VALUE   FROM    VALUE  DATE(S)
                                          NORMAL
................................................................
TEMPERATURE (F)
RECORD
 HIGH             104   06/29/2012
 LOW               44   06/07/1998
                        06/01/1993
                        06/10/1988
HIGHEST            91   06/16        90       1       90  06/23
                                                          06/15
LOWEST             51   06/09        50       1       53  06/02
AVG. MAXIMUM     84.5              81.6     2.9     82.9
AVG. MINIMUM     64.7              62.5     2.2     64.4
MEAN             74.6              72.0     2.6     73.7
DAYS MAX >= 90      4               1.4     2.6        2
DAYS MAX <= 32      0               0.0     0.0        0
DAYS MIN <= 32      0               0.0     0.0        0
DAYS MIN <= 0       0               0.0     0.0        0

PRECIPITATION (INCHES)
RECORD
 MAXIMUM         9.15   1997
 MINIMUM         1.37   1988
TOTALS           5.01              4.70    0.31     7.42
DAILY AVG.       0.17              0.16    0.01     0.25
DAYS >= .01         9              12.3    -3.3       14
DAYS >= .10         6               8.5    -2.5       11
DAYS >= .50         3               3.4    -0.4        7
DAYS >= 1.00        2               1.1     0.9        1
GREATEST
 24 HR. TOTAL    1.87   06/27 TO 06/27              2.10

SNOWFALL (INCHES)
RECORDS
 TOTAL             MM   MM
TOTALS            0.0               0.0     0.0      0.0
SINCE 7/1        32.5              23.5     9.0     29.1
SNOWDEPTH AVG.      0                MM      MM        0
DAYS >= 1.0         0               0.0     0.0        0
GREATEST
 SNOW DEPTH         0   MM                             0
 24 HR TOTAL      0.0   MM                           0.0

DEGREE_DAYS
HEATING TOTAL       1                12     -11        9
 SINCE 7/1       3455              4234    -779     4575
COOLING TOTAL     296               223      73      274
 SINCE 1/1        437               359      78      478
.................................................................

WIND (MPH)
AVERAGE WIND SPEED              1.9
HIGHEST WIND SPEED/DIRECTION    20/350    DATE  06/22
HIGHEST GUST SPEED/DIRECTION    32/330    DATE  06/22

SKY COVER
POSSIBLE SUNSHINE (PERCENT)   MM
AVERAGE SKY COVER           0.30
NUMBER OF DAYS FAIR           18
NUMBER OF DAYS PC             12
NUMBER OF DAYS CLOUDY          0

AVERAGE RH (PERCENT)     68

WEATHER CONDITIONS. NUMBER OF DAYS WITH
THUNDERSTORM              9     MIXED PRECIP               0
HEAVY RAIN                5     RAIN                       6
LIGHT RAIN               11     FREEZING RAIN              0
LT FREEZING RAIN          0     HAIL                       0
HEAVY SNOW                0     SNOW                       0
LIGHT SNOW                0     SLEET                      0
FOG                      12     FOG W/VIS <= 1/4 MILE      4
HAZE                      1

-  INDICATES NEGATIVE NUMBERS.
R  INDICATES RECORD WAS SET OR TIED.
MM INDICATES DATA IS MISSING.
T  INDICATES TRACE AMOUNT.

$$

CARICO
