000
CXUS53 KJKL 011435
CLMJKL

CLIMATE REPORT
NATIONAL WEATHER SERVICE JACKSON KY
1035 AM EDT MON AUG 1 2016
...................................

...THE JACKSON KY CLIMATE SUMMARY FOR THE MONTH OF JULY 2016...

CLIMATE NORMAL PERIOD 1981 TO 2010
CLIMATE RECORD PERIOD 1981 TO 2016

WEATHER         OBSERVED          NORMAL  DEPART  LAST YEAR`S
                 VALUE   DATE(S)  VALUE   FROM    VALUE  DATE(S)
                                          NORMAL
................................................................
TEMPERATURE (F)
RECORD
 HIGH             101   07/08/1988
 LOW               52   07/30/2014
                        07/07/1983
                        01/03/2000
HIGHEST            94   07/25        93       1       90  07/19
                                                          07/18
LOWEST             61   07/01        57       4       60  07/01
AVG. MAXIMUM     86.4              84.6     1.8     83.3
AVG. MINIMUM     68.3              66.1     2.2     67.3
MEAN             77.3              75.4     1.9     75.3
DAYS MAX >= 90      7               4.8     2.2        2
DAYS MAX <= 32      0               0.0     0.0        0
DAYS MIN <= 32      0               0.0     0.0        0
DAYS MIN <= 0       0               0.0     0.0        0

PRECIPITATION (INCHES)
RECORD
 MAXIMUM         9.74   1985
 MINIMUM         1.77   1995
TOTALS           6.35              4.65    1.70     8.87
DAILY AVG.       0.20              0.15    0.05     0.29
DAYS >= .01        14              12.4     1.6       16
DAYS >= .10        11               8.3     2.7       13
DAYS >= .50         5               3.4     1.6        6
DAYS >= 1.00        2               1.0     1.0        1
GREATEST
 24 HR. TOTAL    1.65   07/08 TO 07/08              3.04

SNOWFALL (INCHES)
RECORDS
 TOTAL             MM   MM
TOTALS            0.0               0.0     0.0      0.0
SINCE 7/1         0.0               0.0     0.0      0.0
SNOWDEPTH AVG.      0                MM      MM        0
DAYS >= 1.0         0               0.0     0.0        0
GREATEST
 SNOW DEPTH         0   MM                             0
 24 HR TOTAL      0.0                                0.0

DEGREE_DAYS
HEATING TOTAL       0                 0       0        0
 SINCE 7/1          0                 0       0        0
COOLING TOTAL     391               321      70      325
 SINCE 1/1        828               680     148      803
.................................................................

WIND (MPH)
AVERAGE WIND SPEED              1.2
HIGHEST WIND SPEED/DIRECTION    22/310    DATE  07/25
HIGHEST GUST SPEED/DIRECTION    34/340    DATE  07/25

SKY COVER
POSSIBLE SUNSHINE (PERCENT)   MM
AVERAGE SKY COVER           0.30
NUMBER OF DAYS FAIR           18
NUMBER OF DAYS PC              9
NUMBER OF DAYS CLOUDY          4

AVERAGE RH (PERCENT)     76

WEATHER CONDITIONS. NUMBER OF DAYS WITH
THUNDERSTORM             12     MIXED PRECIP               0
HEAVY RAIN               10     RAIN                       8
LIGHT RAIN               16     FREEZING RAIN              0
LT FREEZING RAIN          0     HAIL                       0
HEAVY SNOW                0     SNOW                       0
LIGHT SNOW                0     SLEET                      0
FOG                      23     FOG W/VIS <= 1/4 MILE      9
HAZE                      2

-  INDICATES NEGATIVE NUMBERS.
R  INDICATES RECORD WAS SET OR TIED.
MM INDICATES DATA IS MISSING.
T  INDICATES TRACE AMOUNT.

$$

CARICO
