000
CXUS53 KJKL 011841
CLMJKL

CLIMATE REPORT
NATIONAL WEATHER SERVICE JACKSON KY
240 PM EDT SUN MAY 1 2016

...................................

...THE JACKSON KY CLIMATE SUMMARY FOR THE MONTH OF APRIL 2016...

CLIMATE NORMAL PERIOD 1981 TO 2010
CLIMATE RECORD PERIOD 1981 TO 2016

WEATHER         OBSERVED          NORMAL  DEPART  LAST YEAR`S
                 VALUE   DATE(S)  VALUE   FROM    VALUE  DATE(S)
                                          NORMAL
................................................................
TEMPERATURE (F)
RECORD
 HIGH              92   04/27/1986
 LOW               20   04/07/1982
HIGHEST            86   04/20        86       0       84  04/09
                        04/18
LOWEST             29   04/10        29       0       36  04/23
AVG. MAXIMUM     70.2              68.0     2.2     69.0
AVG. MINIMUM     47.5              46.7     0.8     48.3
MEAN             58.8              57.4     1.4     58.7
DAYS MAX >= 90      0               0.2    -0.2        0
DAYS MAX <= 32      0               0.1    -0.1        0
DAYS MIN <= 32      4               1.9     2.1        0
DAYS MIN <= 0       0               0.0     0.0        0

PRECIPITATION (INCHES)
RECORD
 MAXIMUM        10.29   2015
 MINIMUM         0.78   1985
TOTALS           3.82              3.83   -0.01    10.29
DAILY AVG.       0.13              0.13    0.00     0.34
DAYS >= .01        12              12.4    -0.4       16
DAYS >= .10         8               8.2    -0.2       11
DAYS >= .50         3               2.7     0.3        4
DAYS >= 1.00        0               0.7    -0.7        3
GREATEST
 24 HR. TOTAL    1.24   04/27 TO 04/28              4.45

SNOWFALL (INCHES)
RECORDS
 TOTAL           17.8   1987
TOTALS            0.1               1.0    -0.9      0.0
SINCE 7/1        32.5              23.5     9.0     29.1
SNOWDEPTH AVG.      0                MM      MM        0
DAYS >= 1.0         0               0.3    -0.3        0
GREATEST
 SNOW DEPTH         T   04/09                          0
 24 HR TOTAL      0.1   MM                           0.0

DEGREE_DAYS
HEATING TOTAL     224               268     -44      209
 SINCE 7/1       3317              4121    -804     4522
COOLING TOTAL      46                39       7       25
 SINCE 1/1         54                46       8       25
.................................................................

WIND (MPH)
AVERAGE WIND SPEED              4.4
HIGHEST WIND SPEED/DIRECTION    29/250    DATE  04/02
HIGHEST GUST SPEED/DIRECTION    53/260    DATE  04/02

SKY COVER
POSSIBLE SUNSHINE (PERCENT)   MM
AVERAGE SKY COVER           0.40
NUMBER OF DAYS FAIR           16
NUMBER OF DAYS PC             11
NUMBER OF DAYS CLOUDY          3

AVERAGE RH (PERCENT)     52

WEATHER CONDITIONS. NUMBER OF DAYS WITH
THUNDERSTORM              5     MIXED PRECIP               0
HEAVY RAIN                8     RAIN                       9
LIGHT RAIN               15     FREEZING RAIN              0
LT FREEZING RAIN          0     HAIL                       0
HEAVY SNOW                0     SNOW                       0
LIGHT SNOW                2     SLEET                      0
FOG                      12     FOG W/VIS <= 1/4 MILE      4
HAZE                      4

-  INDICATES NEGATIVE NUMBERS.
R  INDICATES RECORD WAS SET OR TIED.
MM INDICATES DATA IS MISSING.
T  INDICATES TRACE AMOUNT.

$$

TAB
