162
CXUS53 KJKL 011425
CLMJKL

CLIMATE REPORT
NATIONAL WEATHER SERVICE JACKSON KY
1025 AM EDT TUE NOV 1 2016

...................................

...THE JACKSON KY CLIMATE SUMMARY FOR THE MONTH OF OCTOBER 2016...

CLIMATE NORMAL PERIOD 1981 TO 2010
CLIMATE RECORD PERIOD 1981 TO 2016

WEATHER         OBSERVED          NORMAL  DEPART  LAST YEAR`S
                 VALUE   DATE(S)  VALUE   FROM    VALUE  DATE(S)
                                          NORMAL
................................................................
TEMPERATURE (F)
RECORD
 HIGH              89   10/08/2007
 LOW               26   10/22/1987
                        10/24/1981
HIGHEST            87   10/19        82       5       82  10/08
                        10/18
LOWEST             40   10/23        32       8       31  10/18
                        10/22
AVG. MAXIMUM     74.6              68.1     6.5     68.0
AVG. MINIMUM     53.1              48.0     5.1     48.5
MEAN             63.8              58.1     5.7     58.3
DAYS MAX >= 90      0               0.0     0.0        0
DAYS MAX <= 32      0               0.0     0.0        0
DAYS MIN <= 32      0               0.9    -0.9        1
DAYS MIN <= 0       0               0.0     0.0        0

PRECIPITATION (INCHES)
RECORD
 MAXIMUM         7.77   2014
 MINIMUM         0.51   1987
TOTALS           1.51              3.19   -1.68     2.40
DAILY AVG.       0.05              0.10   -0.05     0.08
DAYS >= .01         4               8.8    -4.8        9
DAYS >= .10         3               5.7    -2.7        7
DAYS >= .50         2               2.1    -0.1        1
DAYS >= 1.00        0               0.8    -0.8        0
GREATEST
 24 HR. TOTAL    1.32   10/20 TO 10/21              0.55

SNOWFALL (INCHES)
RECORDS
 TOTAL            2.3   1993
TOTALS            0.0               0.1    -0.1      0.0
SINCE 7/1         0.0               0.1    -0.1      0.0
SNOWDEPTH AVG.      0                MM      MM        0
DAYS >= 1.0         0               0.0     0.0        0
GREATEST
 SNOW DEPTH         0   MM                             0
 24 HR TOTAL      0.0   MM                           0.0

DEGREE_DAYS
HEATING TOTAL     106               245    -139      221
 SINCE 7/1        122               297    -175      241
COOLING TOTAL      78                29      49       17
 SINCE 1/1       1558              1150     408     1248
.................................................................

WIND (MPH)
AVERAGE WIND SPEED              2.5
HIGHEST WIND SPEED/DIRECTION    16/290    DATE  10/20
HIGHEST GUST SPEED/DIRECTION    26/340    DATE  10/21

SKY COVER
POSSIBLE SUNSHINE (PERCENT)   MM
AVERAGE SKY COVER           0.30
NUMBER OF DAYS FAIR           18
NUMBER OF DAYS PC              9
NUMBER OF DAYS CLOUDY          4

AVERAGE RH (PERCENT)     65

WEATHER CONDITIONS. NUMBER OF DAYS WITH
THUNDERSTORM              1     MIXED PRECIP               0
HEAVY RAIN                3     RAIN                       3
LIGHT RAIN                7     FREEZING RAIN              0
LT FREEZING RAIN          0     HAIL                       0
HEAVY SNOW                0     SNOW                       0
LIGHT SNOW                0     SLEET                      0
FOG                       8     FOG W/VIS <= 1/4 MILE      5
HAZE                      0

-  INDICATES NEGATIVE NUMBERS.
R  INDICATES RECORD WAS SET OR TIED.
MM INDICATES DATA IS MISSING.
T  INDICATES TRACE AMOUNT.

$$

CARICO
