000
CXUS53 KJKL 031746
CLMJKL

CLIMATE REPORT
NATIONAL WEATHER SERVICE JACKSON KY
146 PM EDT WED JUN 3 2015

...................................

...THE JACKSON KY CLIMATE SUMMARY FOR THE MONTH OF MAY 2015...

CLIMATE NORMAL PERIOD 1981 TO 2010
CLIMATE RECORD PERIOD 1981 TO 2015

WEATHER         OBSERVED          NORMAL  DEPART  LAST YEAR`S
                 VALUE   DATE(S)  VALUE   FROM    VALUE  DATE(S)
                                          NORMAL
................................................................
TEMPERATURE (F)
RECORD
 HIGH              91   05/31/2006
 LOW               32   05/03/2004
                        05/16/1997
                        05/07/1989
HIGHEST            89   05/11        86       3       87  05/13
LOWEST             43   05/22        41       2       38  05/17
                        05/01
AVG. MAXIMUM     80.1              74.6     5.5     78.2
AVG. MINIMUM     58.3              54.7     3.6     56.1
MEAN             69.2              64.6     4.6     67.2
DAYS MAX >= 90      0               0.0     0.0        0
DAYS MAX <= 32      0               0.0     0.0        0
DAYS MIN <= 32      0               0.0     0.0        0
DAYS MIN <= 0       0               0.0     0.0        0

PRECIPITATION (INCHES)
RECORD
 MAXIMUM        10.78   2004
 MINIMUM         1.74   2015
TOTALS           1.74R             5.20   -3.46     2.30
DAILY AVG.       0.06              0.17   -0.11     0.07
DAYS >= .01         9              13.8    -4.8       10
DAYS >= .10         7               9.7    -2.7        8
DAYS >= .50         0               3.4    -3.4        1
DAYS >= 1.00        0               1.4    -1.4        0
GREATEST
 24 HR. TOTAL    0.41   05/16 TO 05/16              0.86

SNOWFALL (INCHES)
RECORDS
 TOTAL            1.0   1989
TOTALS            0.0                 T     0.0      0.0
SINCE 7/1        29.1              23.5     5.6     38.9
SNOWDEPTH AVG.      0                MM      MM        0
DAYS >= 1.0         0               0.0     0.0        0
GREATEST
 SNOW DEPTH         0                                  0
 24 HR TOTAL      0.0                                0.0

DEGREE_DAYS
HEATING TOTAL      44               101     -57       79
 SINCE 7/1       4566              4222     344     4509
COOLING TOTAL     179                90      89      152
 SINCE 1/1        204               136      68      191
.................................................................

WIND (MPH)
AVERAGE WIND SPEED              1.9
HIGHEST WIND SPEED/DIRECTION    17/260    DATE  05/11
HIGHEST GUST SPEED/DIRECTION    34/250    DATE  05/11

SKY COVER
POSSIBLE SUNSHINE (PERCENT)   MM
AVERAGE SKY COVER           0.30
NUMBER OF DAYS FAIR           21
NUMBER OF DAYS PC              9
NUMBER OF DAYS CLOUDY          1

AVERAGE RH (PERCENT)     65

WEATHER CONDITIONS. NUMBER OF DAYS WITH
THUNDERSTORM              8     MIXED PRECIP               0
HEAVY RAIN                5     RAIN                       4
LIGHT RAIN               13     FREEZING RAIN              0
LT FREEZING RAIN          0     HAIL                       1
HEAVY SNOW                0     SNOW                       0
LIGHT SNOW                0     SLEET                      0
FOG                      10     FOG W/VIS <= 1/4 MILE      3
HAZE                      4

-  INDICATES NEGATIVE NUMBERS.
R  INDICATES RECORD WAS SET OR TIED.
MM INDICATES DATA IS MISSING.
T  INDICATES TRACE AMOUNT.

$$

CARICO
