000
CXUS53 KJKL 010730
CLMJKL

CLIMATE REPORT
NATIONAL WEATHER SERVICE JACKSON KY
330 AM EDT SUN JUN 1 2014

...................................

...THE JACKSON KY CLIMATE SUMMARY FOR THE MONTH OF MAY 2014...

CLIMATE NORMAL PERIOD 1981 TO 2010
CLIMATE RECORD PERIOD 1981 TO 2014

WEATHER         OBSERVED          NORMAL  DEPART  LAST YEAR`S
                 VALUE   DATE(S)  VALUE   FROM    VALUE  DATE(S)
                                          NORMAL
................................................................
TEMPERATURE (F)
RECORD
 HIGH              91   05/31/2006
 LOW               32   05/03/2004
                        05/16/1997
                        05/07/1989
HIGHEST            87   05/13        86       1       87  05/31
                                                          05/30
LOWEST             38   05/17        41      -3       37  05/13
AVG. MAXIMUM     78.2              74.6     3.6     74.7
AVG. MINIMUM     56.1              54.7     1.4     55.0
MEAN             67.2              64.6     2.6     64.9
DAYS MAX >= 90      0               0.0     0.0        0
DAYS MAX <= 32      0               0.0     0.0        0
DAYS MIN <= 32      0               0.0     0.0        0
DAYS MIN <= 0       0               0.0     0.0        0

PRECIPITATION (INCHES)
RECORD
 MAXIMUM        10.78   2004
 MINIMUM         1.82   2007
TOTALS           2.30              5.20   -2.90     4.23
DAILY AVG.       0.07              0.17   -0.10     0.14
DAYS >= .01        10              13.8    -3.8       15
DAYS >= .10         8               9.7    -1.7        8
DAYS >= .50         1               3.4    -2.4        4
DAYS >= 1.00        0               1.4    -1.4        1
GREATEST
 24 HR. TOTAL    0.86   05/21 TO 05/22              1.10

SNOWFALL (INCHES)
RECORDS
 TOTAL            1.0   1989
TOTALS            0.0                 T     0.0      0.0
SINCE 7/1        38.9              23.5    15.4     20.0
SNOWDEPTH AVG.      0                MM      MM        0
DAYS >= 1.0         0               0.0     0.0        0
GREATEST
 SNOW DEPTH         0   MM                             0
 24 HR TOTAL      0.0   MM                           0.0

DEGREE_DAYS
HEATING TOTAL      79               101     -22      102
 SINCE 7/1       4509              4222     287     4364
COOLING TOTAL     152                90      62      108
 SINCE 1/1        191               136      55      148
.................................................................

WIND (MPH)
AVERAGE WIND SPEED              2.4
HIGHEST WIND SPEED/DIRECTION    18/300    DATE  05/04
HIGHEST GUST SPEED/DIRECTION    28/270    DATE  05/04

SKY COVER
POSSIBLE SUNSHINE (PERCENT)   MM
AVERAGE SKY COVER           0.30
NUMBER OF DAYS FAIR           22
NUMBER OF DAYS PC              7
NUMBER OF DAYS CLOUDY          2

AVERAGE RH (PERCENT)     62

WEATHER CONDITIONS. NUMBER OF DAYS WITH
THUNDERSTORM              9     MIXED PRECIP               0
HEAVY RAIN                6     RAIN                       6
LIGHT RAIN               12     FREEZING RAIN              0
LT FREEZING RAIN          0     HAIL                       0
HEAVY SNOW                0     SNOW                       0
LIGHT SNOW                0     SLEET                      0
FOG                      13     FOG W/VIS <= 1/4 MILE      4
HAZE                      3

-  INDICATES NEGATIVE NUMBERS.
R  INDICATES RECORD WAS SET OR TIED.
MM INDICATES DATA IS MISSING.
T  INDICATES TRACE AMOUNT.

&&

RECORDS...

NEW MAXIMUM RECORDS...

86 ON THE 5TH

TIED MAXIMUM LOW RECORDS...

65 ON THE 13TH

$$

CARICO
