000
CXUS53 KJKL 011210
CLMJKL

CLIMATE REPORT
NATIONAL WEATHER SERVICE JACKSON KY
810 AM EDT WED APR 1 2015

...................................

...THE JACKSON KY CLIMATE SUMMARY FOR THE MONTH OF MARCH 2015...

CLIMATE NORMAL PERIOD 1981 TO 2010
CLIMATE RECORD PERIOD 1981 TO 2015

WEATHER         OBSERVED          NORMAL  DEPART  LAST YEAR`S
                 VALUE   DATE(S)  VALUE   FROM    VALUE  DATE(S)
                                          NORMAL
................................................................
TEMPERATURE (F)
RECORD
 HIGH              87   03/28/1989
 LOW                7   03/09/1996
HIGHEST            78   03/25        79      -1       77  03/11
                        03/16
LOWEST              8   03/06        18     -10        8  03/04
AVG. MAXIMUM     57.5              57.5     0.0     55.1
AVG. MINIMUM     36.6              37.3    -0.7     31.4
MEAN             47.1              47.4    -0.3     43.3
DAYS MAX >= 90      0               0.0     0.0        0
DAYS MAX <= 32      1               0.6     0.4        1
DAYS MIN <= 32      9              10.8    -1.8       17
DAYS MIN <= 0       0               0.0     0.0        0

PRECIPITATION (INCHES)
RECORD
 MAXIMUM        11.78   1994
 MINIMUM         1.47   2003
TOTALS           6.26              4.12    2.14     5.51
DAILY AVG.       0.20              0.13    0.07     0.18
DAYS >= .01        14              14.0     0.0        9
DAYS >= .10         9               8.5     0.5        7
DAYS >= .50         4               2.7     1.3        4
DAYS >= 1.00        1               0.9     0.1        3
GREATEST
 24 HR. TOTAL    2.36   03/04 TO 03/04              2.44

SNOWFALL (INCHES)
RECORDS
 TOTAL           21.9   1993
TOTALS            3.7               2.9     0.8     10.9
SINCE 7/1        29.1              22.5     6.6     37.9
SNOWDEPTH AVG.      0                MM      MM        0
DAYS >= 1.0         1               0.7     0.3        3
GREATEST
 SNOW DEPTH         3   03/07                          4
                        03/06
                        03/01
 24 HR TOTAL      3.7   03/05 TO 03/05               6.4

DEGREE_DAYS
HEATING TOTAL     548               553      -5      667
 SINCE 7/1       4313              3853     460     4268
COOLING TOTAL       0                 7      -7        0
 SINCE 1/1          0                 7      -7        0
.................................................................

WIND (MPH)
AVERAGE WIND SPEED              4.4
HIGHEST WIND SPEED/DIRECTION    20/290    DATE  03/26
HIGHEST GUST SPEED/DIRECTION    37/290    DATE  03/31

SKY COVER
POSSIBLE SUNSHINE (PERCENT)   MM
AVERAGE SKY COVER           0.50
NUMBER OF DAYS FAIR           13
NUMBER OF DAYS PC              6
NUMBER OF DAYS CLOUDY         12

AVERAGE RH (PERCENT)     60

WEATHER CONDITIONS. NUMBER OF DAYS WITH
THUNDERSTORM              0     MIXED PRECIP               0
HEAVY RAIN                5     RAIN                       6
LIGHT RAIN               17     FREEZING RAIN              1
LT FREEZING RAIN          2     HAIL                       0
HEAVY SNOW                1     SNOW                       1
LIGHT SNOW                3     SLEET                      1
FOG                      16     FOG W/VIS <= 1/4 MILE      8
HAZE                      1

-  INDICATES NEGATIVE NUMBERS.
R  INDICATES RECORD WAS SET OR TIED.
MM INDICATES DATA IS MISSING.
T  INDICATES TRACE AMOUNT.

$$

CARICO
