000
CXUS53 KJKL 011659
CLMJKL

CLIMATE REPORT
NATIONAL WEATHER SERVICE JACKSON KY
1259 PM EDT FRI APR 1 2016
...................................

...THE JACKSON KY CLIMATE SUMMARY FOR THE MONTH OF MARCH 2016...

CLIMATE NORMAL PERIOD 1981 TO 2010
CLIMATE RECORD PERIOD 1981 TO 2016

WEATHER         OBSERVED          NORMAL  DEPART  LAST YEAR`S
                 VALUE   DATE(S)  VALUE   FROM    VALUE  DATE(S)
                                          NORMAL
................................................................
TEMPERATURE (F)
RECORD
 HIGH              87   03/28/1989
 LOW                7   03/09/1996
HIGHEST            80   03/15        79       1       78  03/25
                                                          03/16
LOWEST             27   03/03        18       9        8  03/06
                        03/02
AVG. MAXIMUM     64.2              57.5     6.7     57.5
AVG. MINIMUM     43.9              37.3     6.6     36.6
MEAN             54.1              47.4     6.7     47.1
DAYS MAX >= 90      0               0.0     0.0        0
DAYS MAX <= 32      0               0.6    -0.6        1
DAYS MIN <= 32      5              10.8    -5.8        9
DAYS MIN <= 0       0               0.0     0.0        0

PRECIPITATION (INCHES)
RECORD
 MAXIMUM        11.78   1994
 MINIMUM         1.47   2003
TOTALS           2.38              4.12   -1.74     6.26
DAILY AVG.       0.08              0.13   -0.05     0.20
DAYS >= .01        12              14.0    -2.0       14
DAYS >= .10         9               8.5     0.5        9
DAYS >= .50         0               2.7    -2.7        4
DAYS >= 1.00        0               0.9    -0.9        1
GREATEST
 24 HR. TOTAL    0.49   03/01 TO 03/01              2.36
                        02/29 TO 03/01
                        03/01 TO 03/01

SNOWFALL (INCHES)
RECORDS
 TOTAL           21.9   1993
TOTALS            2.8               2.9    -0.1      3.7
SINCE 7/1        32.4              22.5     9.9     29.1
SNOWDEPTH AVG.      0                MM      MM        0
DAYS >= 1.0         1               0.7     0.3        1
GREATEST
 SNOW DEPTH         1   03/04                          3
 24 HR TOTAL      2.8   03/03 TO 03/03               3.7

DEGREE_DAYS
HEATING TOTAL     339               553    -214      548
 SINCE 7/1       3093              3853    -760     4313
COOLING TOTAL       8                 7       1        0
 SINCE 1/1          8                 7       1        0
.................................................................

WIND (MPH)
AVERAGE WIND SPEED              4.6
HIGHEST WIND SPEED/DIRECTION    23/260    DATE  03/01
HIGHEST GUST SPEED/DIRECTION    43/170    DATE  03/31

SKY COVER
POSSIBLE SUNSHINE (PERCENT)   MM
AVERAGE SKY COVER           0.40
NUMBER OF DAYS FAIR           13
NUMBER OF DAYS PC             12
NUMBER OF DAYS CLOUDY          6

AVERAGE RH (PERCENT)     58

WEATHER CONDITIONS. NUMBER OF DAYS WITH
THUNDERSTORM              2     MIXED PRECIP               0
HEAVY RAIN                4     RAIN                       9
LIGHT RAIN               13     FREEZING RAIN              0
LT FREEZING RAIN          0     HAIL                       0
HEAVY SNOW                1     SNOW                       1
LIGHT SNOW                3     SLEET                      0
FOG                      14     FOG W/VIS <= 1/4 MILE      4
HAZE                      0

-  INDICATES NEGATIVE NUMBERS.
R  INDICATES RECORD WAS SET OR TIED.
MM INDICATES DATA IS MISSING.
T  INDICATES TRACE AMOUNT.

$$

TAB
