000
CXUS53 KJKL 011437
CLMJKL

CLIMATE REPORT
NATIONAL WEATHER SERVICE JACKSON KY
937 AM EST TUE MAR 1 2016

...................................

...THE JACKSON KY CLIMATE SUMMARY FOR THE MONTH OF FEBRUARY 2016...

CLIMATE NORMAL PERIOD 1981 TO 2010
CLIMATE RECORD PERIOD 1981 TO 2016

WEATHER         OBSERVED          NORMAL  DEPART  LAST YEAR`S
                 VALUE   DATE(S)  VALUE   FROM    VALUE  DATE(S)
                                          NORMAL
................................................................
TEMPERATURE (F)
RECORD
 HIGH              79   02/23/1996
 LOW               -8   02/04/1996
HIGHEST            74   02/02        71       3       62  02/07
LOWEST             12   02/14        10       2       -7  02/20
AVG. MAXIMUM     47.2              47.7    -0.5     36.8
AVG. MINIMUM     31.0              29.9     1.1     17.8
MEAN             39.1              38.8     0.3     27.3
DAYS MAX >= 90      0               0.0     0.0        0
DAYS MAX <= 32      5               3.1     1.9       10
DAYS MIN <= 32     18              16.6     1.4       25
DAYS MIN <= 0       0               0.1    -0.1        2

PRECIPITATION (INCHES)
RECORD
 MAXIMUM         7.89   2003
 MINIMUM         1.20   2007
TOTALS           6.27              3.75    2.52     4.06
DAILY AVG.       0.22                MM      MM     0.14
DAYS >= .01        16              13.1     2.9       12
DAYS >= .10        11               7.8     3.2        6
DAYS >= .50         5               2.4     2.6        2
DAYS >= 1.00        2               0.8     1.2        2
GREATEST
 24 HR. TOTAL    2.28   02/15 TO 02/16              1.66

SNOWFALL (INCHES)
RECORDS
 TOTAL           21.5   2015
TOTALS            8.2               7.0     1.2     21.5
SINCE 7/1        29.6              19.6    10.0     25.4
SNOWDEPTH AVG.      0                MM      MM        3
DAYS >= 1.0         2               2.2    -0.2        4
GREATEST
 SNOW DEPTH         3   02/15                         11
 24 HR TOTAL      3.2   02/14 TO 02/15              11.8

DEGREE_DAYS
HEATING TOTAL     742               734       8     1051
 SINCE 7/1       2754              3323    -569     3765
COOLING TOTAL       0                 0       0        0
 SINCE 1/1          0                 0       0        0
.................................................................

WIND (MPH)
AVERAGE WIND SPEED              4.7
HIGHEST WIND SPEED/DIRECTION    23/290    DATE  02/29
HIGHEST GUST SPEED/DIRECTION    42/250    DATE  02/24

SKY COVER
POSSIBLE SUNSHINE (PERCENT)   MM
AVERAGE SKY COVER           0.70
NUMBER OF DAYS FAIR            6
NUMBER OF DAYS PC              7
NUMBER OF DAYS CLOUDY         16

AVERAGE RH (PERCENT)     66

WEATHER CONDITIONS. NUMBER OF DAYS WITH
THUNDERSTORM              1     MIXED PRECIP               0
HEAVY RAIN                6     RAIN                       8
LIGHT RAIN               11     FREEZING RAIN              0
LT FREEZING RAIN          1     HAIL                       0
HEAVY SNOW                1     SNOW                       4
LIGHT SNOW               13     SLEET                      1
FOG                      16     FOG W/VIS <= 1/4 MILE      6
HAZE                      0

-  INDICATES NEGATIVE NUMBERS.
R  INDICATES RECORD WAS SET OR TIED.
MM INDICATES DATA IS MISSING.
T  INDICATES TRACE AMOUNT.

$$

CARICO
