000
CXUS53 KJKL 010759 CCA
CLSJKL

CLIMATE REPORT...CORRECTION
NATIONAL WEATHER SERVICE JACKSON KY
346 AM EDT WED SEP 1 2010

...................................

...THE JACKSON KY CLIMATE SUMMARY FOR THE SEASON, FROM
6/1/2010 TO 8/31/2010...

CLIMATE NORMAL PERIOD 1971 TO 2000
CLIMATE RECORD PERIOD 1981 TO 2010

WEATHER         OBSERVED          NORMAL  DEPART  LAST YEAR`S
                 VALUE   DATE(S)  VALUE   FROM    VALUE  DATE(S)
                                          NORMAL
................................................................
TEMPERATURE (F)
RECORD
 HIGH             101   08/18/1988
                        08/17/1988
                        07/08/1988
 LOW               44   06/07/1998
                        06/01/1993
                        06/10/1988
HIGHEST            97   08/11        MM      MM       89  08/09
                                                          06/19
LOWEST             57   07/02        MM      MM       52  08/31
                        07/01                             06/06
AVG. MAXIMUM     85.6              82.8     2.8     80.3
AVG. MINIMUM     67.2              63.8     3.4     63.5
MEAN             76.4              73.4     3.0     71.9
DAYS MAX >= 90     18              13.3     4.7        0
DAYS MAX <= 32      0               0.0     0.0        0
DAYS MIN <= 32      0               0.0     0.0        0
DAYS MIN <= 0       0               0.0     0.0        0

PRECIPITATION (INCHES)
RECORD
 MAXIMUM        19.17   1985
 MINIMUM         7.37   1986
TOTALS          12.45             13.39   -0.94    16.98
DAILY AVG.       0.14              0.15   -0.01     0.18
DAYS >= .01        31              33.7    -2.7       39
DAYS >= .10        23              22.9     0.1       25
DAYS >= .50         9               9.0     0.0       16
DAYS >= 1.00        3               3.3    -0.3        5
GREATEST
 24 HR. TOTAL    1.50   06/21 TO 06/21              2.02

SNOWFALL (INCHES)
RECORDS
 TOTAL             MM   MM
 24 HR TOTAL       MM
TOTALS            0.0               0.0     0.0      0.0
SINCE 7/1         0.0               0.0     0.0      0.0
SNOWDEPTH AVG.      0                MM      MM        0
DAYS >= 1.0         0               0.0     0.0        0
GREATEST
 24 HR TOTAL      0.0   MM                           0.0

DEGREE_DAYS
HEATING TOTAL       0                14     -14       17
 SINCE 7/1          0                 4      -4       11
COOLING TOTAL    1074               788     286      680
 SINCE 1/1       1287               899     388      840
.................................................................

WIND (MPH)
AVERAGE WIND SPEED              1.3
RESULTANT WIND SPEED/DIRECTION   1/103
HIGHEST WIND SPEED/DIRECTION    26/300    DATE  08/14
HIGHEST GUST SPEED/DIRECTION    51/260    DATE  06/22

SKY COVER
POSSIBLE SUNSHINE (PERCENT)   MM
NUMBER OF DAYS FAIR           61
NUMBER OF DAYS PC             26
NUMBER OF DAYS CLOUDY          5

AVERAGE RH (PERCENT)     74

WEATHER CONDITIONS. NUMBER OF DAYS WITH
THUNDERSTORM             31     MIXED PRECIP               0
HEAVY RAIN               23     RAIN                      19
LIGHT RAIN               36     FREEZING RAIN              0
LT FREEZING RAIN          0     HAIL                       0
HEAVY SNOW                0     SNOW                       0
LIGHT SNOW                0     SLEET                      0
FOG                      73     FOG W/VIS <= 1/4 MILE     22
HAZE                     26

-  INDICATES NEGATIVE NUMBERS.
R  INDICATES RECORD WAS SET OR TIED.
MM INDICATES DATA IS MISSING.
T  INDICATES TRACE AMOUNT.

$$

CARICO

...CORRECTED FOR INCORRECT NORMAL DATA...
