000
CXUS53 KJKL 011535
CLSJKL

CLIMATE REPORT
NATIONAL WEATHER SERVICE JACKSON KY
1035 AM EST WED MAR 1 2017

...................................

...THE JACKSON KY CLIMATE SUMMARY FOR THE SEASON, FROM
12/1/2016 TO 2/28/2017...

CLIMATE NORMAL PERIOD 1981 TO 2010
CLIMATE RECORD PERIOD 1981 TO 2017

WEATHER         OBSERVED          NORMAL  DEPART  LAST YEAR`S
                 VALUE   DATE(S)  VALUE   FROM    VALUE  DATE(S)
                                          NORMAL
................................................................
TEMPERATURE (F)
RECORD
 HIGH              79   02/24/2017
                        02/23/1996
                        12/03/1982
 LOW              -18   01/19/1994
                        01/21/1985
                        01/20/1985
HIGHEST            79R  02/24        MM      MM       77  12/27
LOWEST              8   01/07        MM      MM        6  01/18
AVG. MAXIMUM     51.5              45.5     6.0     49.3
AVG. MINIMUM     34.3              28.9     5.4     32.7
MEAN             42.9              37.2     5.7     41.1
DAYS MAX >= 90      0               0.0     0.0        0
DAYS MAX <= 32      8              13.3    -5.3       13
DAYS MIN <= 32     40              55.2   -15.2       52
DAYS MIN <= 0       0               1.0    -1.0        0

PRECIPITATION (INCHES)
RECORD
 MAXIMUM        20.59   1991
 MINIMUM         6.06   2007
TOTALS          13.73             11.54    2.19    14.20
DAILY AVG.       0.15              0.13    0.02     0.16
DAYS >= .01        42              41.2     0.8       42
DAYS >= .10        27              23.3     3.7       28
DAYS >= .50        11               7.5     3.5        9
DAYS >= 1.00        3               2.6     0.4        4
GREATEST
 24 HR. TOTAL    1.74   12/18 TO 12/18              2.28

SNOWFALL (INCHES)
RECORDS
 TOTAL           50.3   2010
 24 HR TOTAL     15.7   01/22/2016 TO 01/22/2016
TOTALS            4.6              19.0   -14.4     29.6
SINCE 7/1         4.6              19.6   -15.0     29.6
SNOWDEPTH AVG.      0                MM      MM        1
DAYS >= 1.0         2               6.2    -4.2        5
GREATEST
 24 HR TOTAL      2.3   01/05 TO 01/06              15.7

DEGREE_DAYS
HEATING TOTAL    1966              2500    -534     2156
 SINCE 7/1       2492              3300    -808     2740
COOLING TOTAL       2                 1       1        2
 SINCE 1/1          2                 0       2        0
.................................................................

WIND (MPH)
AVERAGE WIND SPEED              4.5
RESULTANT WIND SPEED/DIRECTION   1/190
HIGHEST WIND SPEED/DIRECTION    24/320    DATE  02/08
HIGHEST GUST SPEED/DIRECTION    37/320    DATE  02/08

SKY COVER
POSSIBLE SUNSHINE (PERCENT)   MM
NUMBER OF DAYS FAIR           20
NUMBER OF DAYS PC             37
NUMBER OF DAYS CLOUDY         33

AVERAGE RH (PERCENT)     67

WEATHER CONDITIONS. NUMBER OF DAYS WITH
THUNDERSTORM              4     MIXED PRECIP               0
HEAVY RAIN               19     RAIN                      25
LIGHT RAIN               40     FREEZING RAIN              0
LT FREEZING RAIN          1     HAIL                       1
HEAVY SNOW                1     SNOW                       2
LIGHT SNOW               16     SLEET                      2
FOG                      45     FOG W/VIS <= 1/4 MILE     19
HAZE                      1

-  INDICATES NEGATIVE NUMBERS.
R  INDICATES RECORD WAS SET OR TIED.
MM INDICATES DATA IS MISSING.
T  INDICATES TRACE AMOUNT.

$$

CARICO
