000
CXUS53 KJKL 010746
CLSJKL

CLIMATE REPORT
NATIONAL WEATHER SERVICE JACKSON KY
346 AM EDT SUN JUN 1 2014

...................................

...THE JACKSON KY CLIMATE SUMMARY FOR THE SEASON, FROM
3/1/2014 TO 5/31/2014...

CLIMATE NORMAL PERIOD 1981 TO 2010
CLIMATE RECORD PERIOD 1981 TO 2014

WEATHER         OBSERVED          NORMAL  DEPART  LAST YEAR`S
                 VALUE   DATE(S)  VALUE   FROM    VALUE  DATE(S)
                                          NORMAL
................................................................
TEMPERATURE (F)
RECORD
 HIGH              92   04/27/1986
 LOW                7   03/09/1996
HIGHEST            87   05/13        MM      MM       87  05/31
                                                          05/30
LOWEST              8   03/04        MM      MM       17  03/22
AVG. MAXIMUM     68.6              66.7     1.9     63.8
AVG. MINIMUM     45.4              46.2    -0.8     44.1
MEAN             57.0              56.4     0.6     53.9
DAYS MAX >= 90      0               0.2    -0.2        0
DAYS MAX <= 32      1               0.6     0.4        4
DAYS MIN <= 32     19              12.7     6.3       22
DAYS MIN <= 0       0               0.0     0.0        0

PRECIPITATION (INCHES)
RECORD
 MAXIMUM        21.63   2011
 MINIMUM         4.93   1986
TOTALS          13.24             13.15    0.09    12.56
DAILY AVG.       0.14              0.14    0.00     0.14
DAYS >= .01        33              40.2    -7.2       42
DAYS >= .10        22              26.4    -4.4       25
DAYS >= .50         9               8.8     0.2       10
DAYS >= 1.00        4               3.0     1.0        2
GREATEST
 24 HR. TOTAL    2.44   03/02 TO 03/03              1.46

SNOWFALL (INCHES)
RECORDS
 TOTAL           22.1   1993
 24 HR TOTAL     19.8   03/13/1993 TO 03/13/1993
TOTALS           11.9               3.9     8.0     10.7
SINCE 7/1        38.9              23.5    15.4     20.0
SNOWDEPTH AVG.      0                MM      MM        0
DAYS >= 1.0         4               1.0     3.0        5
GREATEST
 24 HR TOTAL      6.4   03/03 TO 03/03               3.6

DEGREE_DAYS
HEATING TOTAL     908               923     -15     1138
 SINCE 7/1       4509              4222     287     4364
COOLING TOTAL     191               137      54      148
 SINCE 1/1        191               136      55      148
.................................................................

WIND (MPH)
AVERAGE WIND SPEED              4.0
RESULTANT WIND SPEED/DIRECTION   1/118
HIGHEST WIND SPEED/DIRECTION    29/280    DATE  03/12
HIGHEST GUST SPEED/DIRECTION    46/270    DATE  03/12

SKY COVER
POSSIBLE SUNSHINE (PERCENT)   MM
NUMBER OF DAYS FAIR           53
NUMBER OF DAYS PC             25
NUMBER OF DAYS CLOUDY         14

AVERAGE RH (PERCENT)     56

WEATHER CONDITIONS. NUMBER OF DAYS WITH
THUNDERSTORM             16     MIXED PRECIP               0
HEAVY RAIN               16     RAIN                      20
LIGHT RAIN               32     FREEZING RAIN              2
LT FREEZING RAIN          4     HAIL                       0
HEAVY SNOW                2     SNOW                       4
LIGHT SNOW                9     SLEET                      4
FOG                      36     FOG W/VIS <= 1/4 MILE      9
HAZE                     10

-  INDICATES NEGATIVE NUMBERS.
R  INDICATES RECORD WAS SET OR TIED.
MM INDICATES DATA IS MISSING.
T  INDICATES TRACE AMOUNT.

$$

CARICO
