000
CXUS53 KJKL 011353
CLSJKL
CLIMATE REPORT
NATIONAL WEATHER SERVICE JACKSON KY
853 AM EST THU DEC 01 2022
...................................
...THE JACKSON KY CLIMATE SUMMARY FOR THE SEASON, FROM
9/1/2022 TO 11/30/2022...
CLIMATE NORMAL PERIOD 1991 TO 2020
CLIMATE RECORD PERIOD 1981 TO 2022
WEATHER OBSERVED NORMAL DEPART LAST YEAR`S
VALUE DATE(S) VALUE FROM VALUE DATE(S)
NORMAL
................................................................
TEMPERATURE (F)
RECORD
HIGH 98 09/10/2019
LOW 13 11/13/2019
11/14/1986
HIGHEST 91 09/21 MM MM 86 09/14
09/19
LOWEST 21 11/19 MM MM 22 11/23
11/20
AVG. MAXIMUM 67.8 68.4 -0.6 68.7
AVG. MINIMUM 48.3 48.8 -0.5 50.2
MEAN 58.1 58.6 -0.5 59.4
DAYS MAX >= 90 1 2.2 -1.2 0
DAYS MAX <= 32 0 0.5 -0.5 0
DAYS MIN <= 32 11 9.6 1.4 15
DAYS MIN <= 0 0 0.0 0.0 0
PRECIPITATION (INCHES)
RECORD
MAXIMUM 19.20 2018
MINIMUM 4.32 2001
TOTALS 4.95 10.37 -5.42 6.90
DAILY AVG. 0.05 0.11 -0.06 0.08
DAYS >= .01 31 28.7 2.3 28
DAYS >= .10 13 18.2 -5.2 17
DAYS >= .50 3 7.1 -4.1 4
DAYS >= 1.00 0 2.5 -2.5 0
GREATEST
24 HR. TOTAL 0.99 11/29 TO 11/30 0.90
SNOWFALL (INCHES)
RECORDS
TOTAL 5.1 1995
24 HR TOTAL 4.3 11/28/1995 TO 11/28/1995
TOTALS T 0.8 -0.8 T
SINCE 7/1 T 0.8 -0.8 T
SNOWDEPTH AVG. 0 0
DAYS >= 1.0 0 0.4 -0.4 0
GREATEST
24 HR TOTAL T 11/12 TO 11/12 T
11/13 TO 11/13
11/16 TO 11/16
DEGREE DAYS
HEATING TOTAL 778 783 -5 739
SINCE 7/1 778 784 -6 739
COOLING TOTAL 171 201 -30 257
SINCE 1/1 1385 1235 150 1379
................................................................
WIND (MPH)
AVERAGE WIND SPEED 2.9
RESULTANT WIND SPEED/DIRECTION 1/150
HIGHEST WIND SPEED/DIRECTION 24/300 DATE 11/30
HIGHEST GUST SPEED/DIRECTION 44/210 DATE 11/27
SKY COVER
POSSIBLE SUNSHINE (PERCENT) MM
NUMBER OF DAYS FAIR 59
NUMBER OF DAYS PC 17
NUMBER OF DAYS CLOUDY 15
AVERAGE RH (PERCENT) 65
WEATHER CONDITIONS. NUMBER OF DAYS WITH
THUNDERSTORM 7 MIXED PRECIP 0
HEAVY RAIN 6 RAIN 12
LIGHT RAIN 35 FREEZING RAIN 0
LT FREEZING RAIN 2 HAIL 0
HEAVY SNOW 0 SNOW 0
LIGHT SNOW 4 SLEET 2
FOG 35 FOG W/VIS <= 1/4 MILE 13
HAZE 4
- INDICATES NEGATIVE NUMBERS.
R INDICATES RECORD WAS SET OR TIED.
MM INDICATES DATA IS MISSING.
T INDICATES TRACE AMOUNT.
$$
CARICO