000
CXUS53 KJKL 010730
CLSJKL

CLIMATE REPORT
NATIONAL WEATHER SERVICE JACKSON KY
330 AM EDT SUN SEP 1 2013

...................................

...THE JACKSON KY CLIMATE SUMMARY FOR THE SEASON, FROM
6/1/2013 TO 8/31/2013...

CLIMATE NORMAL PERIOD 1981 TO 2010
CLIMATE RECORD PERIOD 1981 TO 2013

WEATHER         OBSERVED          NORMAL  DEPART  LAST YEAR`S
                 VALUE   DATE(S)  VALUE   FROM    VALUE  DATE(S)
                                          NORMAL
................................................................
TEMPERATURE (F)
RECORD
 HIGH             104   06/29/2012
 LOW               44   06/07/1998
                        06/01/1993
                        06/10/1988
HIGHEST            91   06/12        MM      MM      104  06/29
LOWEST             52   08/15        MM      MM       48  06/02
AVG. MAXIMUM     81.4              83.4    -2.0     85.0
AVG. MINIMUM     64.2              64.6    -0.4     64.4
MEAN             72.8              74.0    -1.2     74.7
DAYS MAX >= 90      1              10.5    -9.5       17
DAYS MAX <= 32      0               0.0     0.0        0
DAYS MIN <= 32      0               0.0     0.0        0
DAYS MIN <= 0       0               0.0     0.0        0

PRECIPITATION (INCHES)
RECORD
 MAXIMUM        19.17   1985
 MINIMUM         7.37   1986
TOTALS          23.02R            13.04    9.98    14.05
DAILY AVG.       0.25              0.14    0.11     0.15
DAYS >= .01        41              34.3     6.7       36
DAYS >= .10        32              22.8     9.2       26
DAYS >= .50        23               9.3    13.7       12
DAYS >= 1.00        5               3.3     1.7        4
GREATEST
 24 HR. TOTAL    3.55   08/12 TO 08/13              1.78

SNOWFALL (INCHES)
RECORDS
 TOTAL             MM   MM
 24 HR TOTAL       MM
TOTALS            0.0               0.0     0.0      0.0
SINCE 7/1         0.0               0.0     0.0      0.0
SNOWDEPTH AVG.      0                MM      MM        0
DAYS >= 1.0         0               0.0     0.0        0
GREATEST
 24 HR TOTAL      0.0   MM                           0.0

DEGREE_DAYS
HEATING TOTAL       2                14     -12       12
 SINCE 7/1          2                 2       0        0
COOLING TOTAL     747               842     -95      927
 SINCE 1/1        895               978     -83     1178
.................................................................

WIND (MPH)
AVERAGE WIND SPEED              1.1
RESULTANT WIND SPEED/DIRECTION   1/100
HIGHEST WIND SPEED/DIRECTION    26/330    DATE  08/21
HIGHEST GUST SPEED/DIRECTION    43/330    DATE  08/21

SKY COVER
POSSIBLE SUNSHINE (PERCENT)   MM
NUMBER OF DAYS FAIR           42
NUMBER OF DAYS PC             40
NUMBER OF DAYS CLOUDY         10

AVERAGE RH (PERCENT)     78

WEATHER CONDITIONS. NUMBER OF DAYS WITH
THUNDERSTORM             33     MIXED PRECIP               0
HEAVY RAIN               30     RAIN                      30
LIGHT RAIN               49     FREEZING RAIN              0
LT FREEZING RAIN          0     HAIL                       0
HEAVY SNOW                0     SNOW                       0
LIGHT SNOW                0     SLEET                      0
FOG                      65     FOG W/VIS <= 1/4 MILE     33
HAZE                     14

-  INDICATES NEGATIVE NUMBERS.
R  INDICATES RECORD WAS SET OR TIED.
MM INDICATES DATA IS MISSING.
T  INDICATES TRACE AMOUNT.

$$

CARICO
