000
CXUS53 KJKL 010736
CLSJKL

CLIMATE REPORT
NATIONAL WEATHER SERVICE JACKSON KY
236 AM EST SAT MAR 1 2014

...................................

...THE JACKSON KY CLIMATE SUMMARY FOR THE SEASON, FROM
12/1/2013 TO 2/28/2014...

CLIMATE NORMAL PERIOD 1981 TO 2010
CLIMATE RECORD PERIOD 1981 TO 2014

WEATHER         OBSERVED          NORMAL  DEPART  LAST YEAR`S
                 VALUE   DATE(S)  VALUE   FROM    VALUE  DATE(S)
                                          NORMAL
................................................................
TEMPERATURE (F)
RECORD
 HIGH              79   02/23/1996
                        12/03/1982
 LOW              -18   01/19/1994
                        01/21/1985
                        01/20/1985
HIGHEST            73   12/21        MM      MM       72  12/03
LOWEST             -7   01/07        MM      MM        9  02/01
AVG. MAXIMUM     43.7              45.5    -1.8     47.5
AVG. MINIMUM     25.4              28.9    -3.5     31.6
MEAN             34.6              37.2    -2.6     39.6
DAYS MAX >= 90      0               0.0     0.0        0
DAYS MAX <= 32     16              13.3     2.7        9
DAYS MIN <= 32     64              55.2     8.8       58
DAYS MIN <= 0       5               1.0     4.0        0

PRECIPITATION (INCHES)
RECORD
 MAXIMUM        20.59   1991
 MINIMUM         6.06   2007
TOTALS          14.71             11.54    3.17    14.03
DAILY AVG.       0.16              0.13    0.03     0.15
DAYS >= .01        47              41.2     5.8       48
DAYS >= .10        29              23.3     5.7       33
DAYS >= .50        10               7.5     2.5        9
DAYS >= 1.00        4               2.6     1.4        3
GREATEST
 24 HR. TOTAL    2.87   12/05 TO 12/06              2.22

SNOWFALL (INCHES)
RECORDS
 TOTAL           50.3   2010
 24 HR TOTAL     15.1   01/17/1994 TO 01/17/1994
TOTALS           24.1              19.0     5.1      8.2
SINCE 7/1        27.0              19.6     7.4      9.3
SNOWDEPTH AVG.      0                MM      MM        0
DAYS >= 1.0         8               6.2     1.8        3
GREATEST
 24 HR TOTAL      5.4   01/21 TO 01/21               2.4

DEGREE_DAYS
HEATING TOTAL    2714              2500     214     2274
 SINCE 7/1       3601              3300     301     3226
COOLING TOTAL       0                 1      -1        0
 SINCE 1/1          0                 0       0        0
.................................................................

WIND (MPH)
AVERAGE WIND SPEED              4.9
RESULTANT WIND SPEED/DIRECTION   1/179
HIGHEST WIND SPEED/DIRECTION    25/270    DATE  12/22
HIGHEST GUST SPEED/DIRECTION    42/270    DATE  12/22

SKY COVER
POSSIBLE SUNSHINE (PERCENT)   MM
NUMBER OF DAYS FAIR           26
NUMBER OF DAYS PC             31
NUMBER OF DAYS CLOUDY         33

AVERAGE RH (PERCENT)     65

WEATHER CONDITIONS. NUMBER OF DAYS WITH
THUNDERSTORM              4     MIXED PRECIP               0
HEAVY RAIN                7     RAIN                      14
LIGHT RAIN               33     FREEZING RAIN              5
LT FREEZING RAIN          5     HAIL                       0
HEAVY SNOW                1     SNOW                       7
LIGHT SNOW               37     SLEET                      2
FOG                      48     FOG W/VIS <= 1/4 MILE     13
HAZE                     13

-  INDICATES NEGATIVE NUMBERS.
R  INDICATES RECORD WAS SET OR TIED.
MM INDICATES DATA IS MISSING.
T  INDICATES TRACE AMOUNT.

$$

CARICO
