000
CXUS53 KJKL 010735
CLSJKL

CLIMATE REPORT
NATIONAL WEATHER SERVICE JACKSON KY
235 AM EST SAT DEC 1 2012

...................................

...THE JACKSON KY CLIMATE SUMMARY FOR THE SEASON, FROM
9/1/2012 TO 11/30/2012...

CLIMATE NORMAL PERIOD 1981 TO 2010
CLIMATE RECORD PERIOD 1981 TO 2012

WEATHER         OBSERVED          NORMAL  DEPART  LAST YEAR`S
                 VALUE   DATE(S)  VALUE   FROM    VALUE  DATE(S)
                                          NORMAL
................................................................
TEMPERATURE (F)
RECORD
 HIGH              96   09/03/2011
 LOW               13   11/14/1986
HIGHEST            88   09/07        MM      MM       96  09/03
LOWEST             23   11/25        MM      MM       26  11/18
AVG. MAXIMUM     65.1              67.8    -2.7     67.4
AVG. MINIMUM     46.4              48.6    -2.2     49.0
MEAN             55.8              58.2    -2.4     58.2
DAYS MAX >= 90      0               1.5    -1.5        3
DAYS MAX <= 32      0               0.3    -0.3        0
DAYS MIN <= 32     13               8.5     4.5        4
DAYS MIN <= 0       0               0.0     0.0        0

PRECIPITATION (INCHES)
RECORD
 MAXIMUM        19.01   1989
 MINIMUM         4.32   2001
TOTALS          11.85             10.61    1.24    12.93
DAILY AVG.       0.13              0.12    0.01     0.14
DAYS >= .01        25              28.7    -3.7       35
DAYS >= .10        19              18.6     0.4       23
DAYS >= .50         7               7.1    -0.1       10
DAYS >= 1.00        3               2.7     0.3        2
GREATEST
 24 HR. TOTAL    3.66   09/17 TO 09/18              1.90

SNOWFALL (INCHES)
RECORDS
 TOTAL            5.1   1995
 24 HR TOTAL      4.3   11/28/1995 TO 11/28/1995
TOTALS            1.1               0.6     0.5        T
SINCE 7/1         1.1               0.6     0.5        T
SNOWDEPTH AVG.      0                MM      MM        0
DAYS >= 1.0         1               0.2     0.8        0
GREATEST
 24 HR TOTAL      1.1   10/30 TO 10/30                 T

DEGREE_DAYS
HEATING TOTAL     952               798     154      716
 SINCE 7/1        952               800     152      716
COOLING TOTAL     140               176     -36      121
 SINCE 1/1       1318              1154     164     1255
.................................................................

WIND (MPH)
AVERAGE WIND SPEED              2.3
RESULTANT WIND SPEED/DIRECTION   1/113
HIGHEST WIND SPEED/DIRECTION    18/300    DATE  10/29
HIGHEST GUST SPEED/DIRECTION    33/160    DATE  10/14

SKY COVER
POSSIBLE SUNSHINE (PERCENT)   MM
NUMBER OF DAYS FAIR           48
NUMBER OF DAYS PC             29
NUMBER OF DAYS CLOUDY         14

AVERAGE RH (PERCENT)     67

WEATHER CONDITIONS. NUMBER OF DAYS WITH
THUNDERSTORM              6     MIXED PRECIP               0
HEAVY RAIN               14     RAIN                      14
LIGHT RAIN               33     FREEZING RAIN              0
LT FREEZING RAIN          0     HAIL                       0
HEAVY SNOW                0     SNOW                       1
LIGHT SNOW                2     SLEET                      1
FOG                      36     FOG W/VIS <= 1/4 MILE     11
HAZE                      2

-  INDICATES NEGATIVE NUMBERS.
R  INDICATES RECORD WAS SET OR TIED.
MM INDICATES DATA IS MISSING.
T  INDICATES TRACE AMOUNT.

$$

CARICO
