000
CXUS53 KJKL 011927
CLSJKL

CLIMATE REPORT
NATIONAL WEATHER SERVICE JACKSON KY
322 PM EDT FRI SEP 1 2017
...................................

...THE LONDON KY CLIMATE SUMMARY FOR THE SEASON, FROM
6/1/2017 TO 8/31/2017...

CLIMATE NORMAL PERIOD 1981 TO 2010
CLIMATE RECORD PERIOD 1954 TO 2017

WEATHER         OBSERVED          NORMAL  DEPART  LAST YEAR`S
                 VALUE   DATE(S)  VALUE   FROM    VALUE  DATE(S)
                                          NORMAL
................................................................
TEMPERATURE (F)
RECORD
 HIGH             105   06/29/2012
 LOW               34   06/01/1966
HIGHEST            95   07/22        MM      MM       94  07/25
LOWEST             51   06/28        MM      MM       48  06/09
                        06/09
AVG. MAXIMUM     83.7              85.2    -1.5     87.2
AVG. MINIMUM     63.4              64.3    -0.9     66.7
MEAN             73.5              74.8    -1.3     76.9
DAYS MAX >= 90     11              17.1    -6.1       25
DAYS MAX <= 32      0               0.0     0.0        0
DAYS MIN <= 32      0               0.0     0.0        0
DAYS MIN <= 0       0               0.0     0.0        0

PRECIPITATION (INCHES)
RECORD
 MAXIMUM        21.68   2003
 MINIMUM         6.37   1980
TOTALS          17.93             12.15    5.78    15.74
DAILY AVG.       0.20              0.13    0.07     0.17
DAYS >= .01        34              33.2     0.8       43
DAYS >= .10        26              21.9     4.1       22
DAYS >= .50        11               9.0     2.0       13
DAYS >= 1.00        7               2.8     4.2        5
GREATEST
 24 HR. TOTAL    2.20   MM                          1.74

SNOWFALL (INCHES)
RECORDS
 TOTAL             MM   MM
TOTALS             MM               0.0      MM       MM
SINCE 7/1          MM               0.0      MM       MM
SNOWDEPTH AVG.     MM                MM      MM       MM
DAYS >= 1.0         0               0.0     0.0        0
GREATEST
 24 HR TOTAL       MM                                 MM

DEGREE_DAYS
HEATING TOTAL       3                11      -8        2
 SINCE 7/1          0                 1      -1        0
COOLING TOTAL     818               911     -93     1121
 SINCE 1/1        969              1024     -55     1223
.................................................................

WIND (MPH)
AVERAGE WIND SPEED              4.0
RESULTANT WIND SPEED/DIRECTION   1/241
HIGHEST WIND SPEED/DIRECTION    35/260    DATE  07/06
HIGHEST GUST SPEED/DIRECTION    45/200    DATE  07/03

SKY COVER
POSSIBLE SUNSHINE (PERCENT)   MM
NUMBER OF DAYS FAIR           53
NUMBER OF DAYS PC             36
NUMBER OF DAYS CLOUDY          3

AVERAGE RH (PERCENT)     71

WEATHER CONDITIONS. NUMBER OF DAYS WITH
THUNDERSTORM              0     MIXED PRECIP               0
HEAVY RAIN               19     RAIN                      26
LIGHT RAIN               41     FREEZING RAIN              0
LT FREEZING RAIN          0     HAIL                       0
HEAVY SNOW                0     SNOW                       0
LIGHT SNOW                0     SLEET                      0
FOG                      53     FOG W/VIS <= 1/4 MILE      5
HAZE                      9

-  INDICATES NEGATIVE NUMBERS.
R  INDICATES RECORD WAS SET OR TIED.
MM INDICATES DATA IS MISSING.
T  INDICATES TRACE AMOUNT.

$$

TAB
