000
CXUS53 KJKL 011610
CLSJKL

CLIMATE REPORT
NATIONAL WEATHER SERVICE JACKSON KY
1110 AM EST TUE DEC 1 2015

...................................

...THE JACKSON KY CLIMATE SUMMARY FOR THE SEASON, FROM
9/1/2015 TO 11/30/2015...

CLIMATE NORMAL PERIOD 1981 TO 2010
CLIMATE RECORD PERIOD 1981 TO 2015

WEATHER         OBSERVED          NORMAL  DEPART  LAST YEAR`S
                 VALUE   DATE(S)  VALUE   FROM    VALUE  DATE(S)
                                          NORMAL
................................................................
TEMPERATURE (F)
RECORD
 HIGH              96   09/03/2011
 LOW               13   11/14/1986
HIGHEST            89   09/08        MM      MM       87  09/06
                        09/02                             09/01
                        09/07
LOWEST             21   11/23        MM      MM       15  11/18
AVG. MAXIMUM     69.9              67.8     2.1     64.5
AVG. MINIMUM     51.2              48.6     2.6     46.9
MEAN             60.5              58.2     2.3     55.7
DAYS MAX >= 90      0               1.5    -1.5        0
DAYS MAX <= 32      0               0.3    -0.3        2
DAYS MIN <= 32      3               8.5    -5.5       15
DAYS MIN <= 0       0               0.0     0.0        0

PRECIPITATION (INCHES)
RECORD
 MAXIMUM        19.01   1989
 MINIMUM         4.32   2001
TOTALS           6.90             10.61   -3.71    13.09
DAILY AVG.       0.08              0.12   -0.04     0.14
DAYS >= .01        29              28.7     0.3       35
DAYS >= .10        20              18.6     1.4       20
DAYS >= .50         4               7.1    -3.1       10
DAYS >= 1.00        0               2.7    -2.7        3
GREATEST
 24 HR. TOTAL    0.67   11/29 TO 11/30              2.10

SNOWFALL (INCHES)
RECORDS
 TOTAL            5.1   1995
 24 HR TOTAL      4.3   11/28/1995 TO 11/28/1995
TOTALS              T               0.6    -0.6      1.2
SINCE 7/1           T               0.6    -0.6      1.2
SNOWDEPTH AVG.      0                MM      MM        0
DAYS >= 1.0         0               0.2    -0.2        0
GREATEST
 24 HR TOTAL        T   11/22 TO 11/22               0.8

DEGREE_DAYS
HEATING TOTAL     598               798    -200      987
 SINCE 7/1        598               800    -202       MM
COOLING TOTAL     212               176      36      164
 SINCE 1/1       1263              1154     109     1165
.................................................................

WIND (MPH)
AVERAGE WIND SPEED              2.4
RESULTANT WIND SPEED/DIRECTION   1/119
HIGHEST WIND SPEED/DIRECTION    23/290    DATE  11/21
HIGHEST GUST SPEED/DIRECTION    39/220    DATE  11/12

SKY COVER
POSSIBLE SUNSHINE (PERCENT)   MM
NUMBER OF DAYS FAIR           51
NUMBER OF DAYS PC             25
NUMBER OF DAYS CLOUDY         14

AVERAGE RH (PERCENT)     68

WEATHER CONDITIONS. NUMBER OF DAYS WITH
THUNDERSTORM              6     MIXED PRECIP               0
HEAVY RAIN                9     RAIN                      15
LIGHT RAIN               36     FREEZING RAIN              0
LT FREEZING RAIN          0     HAIL                       0
HEAVY SNOW                0     SNOW                       0
LIGHT SNOW                2     SLEET                      0
FOG                      39     FOG W/VIS <= 1/4 MILE     11
HAZE                      4

-  INDICATES NEGATIVE NUMBERS.
R  INDICATES RECORD WAS SET OR TIED.
MM INDICATES DATA IS MISSING.
T  INDICATES TRACE AMOUNT.

$$

CARICO
