000
CXUS53 KJKL 011543
CLSJKL

CLIMATE REPORT
NATIONAL WEATHER SERVICE JACKSON KY
1143 AM EDT THU JUN 1 2017

...................................

...THE JACKSON KY CLIMATE SUMMARY FOR THE SEASON, FROM
3/1/2017 TO 5/31/2017...

CLIMATE NORMAL PERIOD 1981 TO 2010
CLIMATE RECORD PERIOD 1981 TO 2017

WEATHER         OBSERVED          NORMAL  DEPART  LAST YEAR`S
                 VALUE   DATE(S)  VALUE   FROM    VALUE  DATE(S)
                                          NORMAL
................................................................
TEMPERATURE (F)
RECORD
 HIGH              92   04/27/1986
 LOW                7   03/09/1996
HIGHEST            88   04/29        MM      MM       87  05/27
LOWEST             16   03/15        MM      MM       27  03/03
                                                          03/02
AVG. MAXIMUM     69.1              66.7     2.4     69.0
AVG. MINIMUM     49.1              46.2     2.9     48.3
MEAN             59.1              56.4     2.7     58.7
DAYS MAX >= 90      0               0.2    -0.2        0
DAYS MAX <= 32      1               0.6     0.4        0
DAYS MIN <= 32     13              12.7     0.3        9
DAYS MIN <= 0       0               0.0     0.0        0

PRECIPITATION (INCHES)
RECORD
 MAXIMUM        21.63   2011
 MINIMUM         4.93   1986
TOTALS          15.85             13.15    2.70    13.24
DAILY AVG.       0.17              0.14    0.03     0.15
DAYS >= .01        43              40.2     2.8       42
DAYS >= .10        30              26.4     3.6       30
DAYS >= .50        12               8.8     3.2        7
DAYS >= 1.00        3               3.0     0.0        2
GREATEST
 24 HR. TOTAL    1.85   05/19 TO 05/19              2.08

SNOWFALL (INCHES)
RECORDS
 TOTAL           22.1   1993
 24 HR TOTAL     19.8   03/13/1993 TO 03/13/1993
TOTALS            0.2               3.9    -3.7      2.9
SINCE 7/1         4.8              23.5   -18.7     32.5
SNOWDEPTH AVG.      0                MM      MM        0
DAYS >= 1.0         0               1.0    -1.0        1
GREATEST
 24 HR TOTAL      0.2   03/15 TO 03/15               2.8

DEGREE_DAYS
HEATING TOTAL     717               923    -206      700
 SINCE 7/1       3209              4222   -1013       MM
COOLING TOTAL     197               137      60      141
 SINCE 1/1        199               136      63      141
.................................................................

WIND (MPH)
AVERAGE WIND SPEED              3.7
RESULTANT WIND SPEED/DIRECTION   1/121
HIGHEST WIND SPEED/DIRECTION    37/290    DATE  03/01
HIGHEST GUST SPEED/DIRECTION    56/320    DATE  03/01

SKY COVER
POSSIBLE SUNSHINE (PERCENT)   MM
NUMBER OF DAYS FAIR           41
NUMBER OF DAYS PC             29
NUMBER OF DAYS CLOUDY         22

AVERAGE RH (PERCENT)     64

WEATHER CONDITIONS. NUMBER OF DAYS WITH
THUNDERSTORM             15     MIXED PRECIP               0
HEAVY RAIN               16     RAIN                      27
LIGHT RAIN               48     FREEZING RAIN              0
LT FREEZING RAIN          0     HAIL                       0
HEAVY SNOW                0     SNOW                       0
LIGHT SNOW                3     SLEET                      0
FOG                      47     FOG W/VIS <= 1/4 MILE     12
HAZE                      0

-  INDICATES NEGATIVE NUMBERS.
R  INDICATES RECORD WAS SET OR TIED.
MM INDICATES DATA IS MISSING.
T  INDICATES TRACE AMOUNT.

$$

CARICO
