000
CXUS53 KJKL 041359
CLSJKL

CLIMATE REPORT
NATIONAL WEATHER SERVICE JACKSON KY
959 AM EDT THU JUN 4 2015

...................................

...THE JACKSON KY CLIMATE SUMMARY FOR THE SEASON, FROM
3/1/2015 TO 5/31/2015...

CLIMATE NORMAL PERIOD 1981 TO 2010
CLIMATE RECORD PERIOD 1981 TO 2015

WEATHER         OBSERVED          NORMAL  DEPART  LAST YEAR`S
                 VALUE   DATE(S)  VALUE   FROM    VALUE  DATE(S)
                                          NORMAL
................................................................
TEMPERATURE (F)
RECORD
 HIGH              92   04/27/1986
 LOW                7   03/09/1996
HIGHEST            89   05/11        MM      MM       87  05/13
LOWEST              8   03/06        MM      MM        8  03/04
AVG. MAXIMUM     68.9              66.7     2.2     68.6
AVG. MINIMUM     47.7              46.2     1.5     45.4
MEAN             58.3              56.4     1.9     57.0
DAYS MAX >= 90      0               0.2    -0.2        0
DAYS MAX <= 32      1               0.6     0.4        1
DAYS MIN <= 32      9              12.7    -3.7       19
DAYS MIN <= 0       0               0.0     0.0        0

PRECIPITATION (INCHES)
RECORD
 MAXIMUM        21.63   2011
 MINIMUM         4.93   1986
TOTALS          18.29             13.15    5.14    13.24
DAILY AVG.       0.20              0.14    0.06     0.14
DAYS >= .01        39              40.2    -1.2       33
DAYS >= .10        27              26.4     0.6       22
DAYS >= .50         8               8.8    -0.8        9
DAYS >= 1.00        4               3.0     1.0        4
GREATEST
 24 HR. TOTAL    4.45   04/02 TO 04/03              2.44

SNOWFALL (INCHES)
RECORDS
 TOTAL           22.1   1993
 24 HR TOTAL     19.8   03/13/1993 TO 03/13/1993
TOTALS            3.7               3.9    -0.2     11.9
SINCE 7/1        29.1              23.5     5.6     38.9
SNOWDEPTH AVG.      0                MM      MM        0
DAYS >= 1.0         1               1.0     0.0        4
GREATEST
 24 HR TOTAL      3.7   03/05 TO 03/05               6.4

DEGREE_DAYS
HEATING TOTAL     801               923    -122      908
 SINCE 7/1       4566              4222     344     4509

COOLING TOTAL     204               137      67      191
 SINCE 1/1        204               136      68      191
.................................................................

WIND (MPH)
AVERAGE WIND SPEED              3.4
RESULTANT WIND SPEED/DIRECTION   1/111
HIGHEST WIND SPEED/DIRECTION    23/280    DATE  03/31
HIGHEST GUST SPEED/DIRECTION    37/290    DATE  03/31

SKY COVER
POSSIBLE SUNSHINE (PERCENT)   MM
NUMBER OF DAYS FAIR           45
NUMBER OF DAYS PC             27
NUMBER OF DAYS CLOUDY         20

AVERAGE RH (PERCENT)     62

WEATHER CONDITIONS. NUMBER OF DAYS WITH
THUNDERSTORM             17     MIXED PRECIP               0
HEAVY RAIN               17     RAIN                      22
LIGHT RAIN               48     FREEZING RAIN              1
LT FREEZING RAIN          2     HAIL                       1
HEAVY SNOW                1     SNOW                       1
LIGHT SNOW                3     SLEET                      1
FOG                      40     FOG W/VIS <= 1/4 MILE     17
HAZE                      6

-  INDICATES NEGATIVE NUMBERS.
R  INDICATES RECORD WAS SET OR TIED.
MM INDICATES DATA IS MISSING.
T  INDICATES TRACE AMOUNT.

$$

CARICO
