000
CXUS53 KJKL 011330
CLSJKL

CLIMATE REPORT
NATIONAL WEATHER SERVICE JACKSON KY
930 AM EDT TUE SEP 1 2015

...................................

...THE JACKSON KY CLIMATE SUMMARY FOR THE SEASON, FROM
6/1/2015 TO 8/31/2015...

CLIMATE NORMAL PERIOD 1981 TO 2010
CLIMATE RECORD PERIOD 1981 TO 2015

WEATHER         OBSERVED          NORMAL  DEPART  LAST YEAR`S
                 VALUE   DATE(S)  VALUE   FROM    VALUE  DATE(S)
                                          NORMAL
................................................................
TEMPERATURE (F)
RECORD
 HIGH             104   06/29/2012
 LOW               44   06/07/1998
                        06/01/1993
                        06/10/1988
HIGHEST            90   07/19        MM      MM       94  07/13
                        07/18
                        06/23
LOWEST             53   06/02        MM      MM       52  07/30
AVG. MAXIMUM     82.8              83.4    -0.6     82.5
AVG. MINIMUM     65.1              64.6     0.5     64.4
MEAN             73.9              74.0    -0.1     73.5
DAYS MAX >= 90      4              10.5    -6.5        7
DAYS MAX <= 32      0               0.0     0.0        0
DAYS MIN <= 32      0               0.0     0.0        0
DAYS MIN <= 0       0               0.0     0.0        0

PRECIPITATION (INCHES)
RECORD
 MAXIMUM        23.02   2013
 MINIMUM         7.37   1986
TOTALS          21.31             13.04    8.27    17.44
DAILY AVG.       0.23              0.14    0.09     0.19
DAYS >= .01        44              34.3     9.7       39
DAYS >= .10        34              22.8    11.2       26
DAYS >= .50        17               9.3     7.7       13
DAYS >= 1.00        3               3.3    -0.3        6
GREATEST
 24 HR. TOTAL    3.04   07/14 TO 07/14              2.16

SNOWFALL (INCHES)
RECORDS
 TOTAL             MM   MM
 24 HR TOTAL       MM
TOTALS            0.0               0.0     0.0      0.0
SINCE 7/1         0.0               0.0     0.0      0.0
SNOWDEPTH AVG.      0                MM      MM        0
DAYS >= 1.0         0               0.0     0.0        0
GREATEST
 24 HR TOTAL      0.0   MM                           0.0

DEGREE_DAYS
HEATING TOTAL       9                14      -5        3
 SINCE 7/1          0                 2      -2        3
COOLING TOTAL     847               842       5      810
 SINCE 1/1       1051               978      73     1001
.................................................................

WIND (MPH)
AVERAGE WIND SPEED              1.4
RESULTANT WIND SPEED/DIRECTION   1/095
HIGHEST WIND SPEED/DIRECTION    23/350    DATE  06/18
HIGHEST GUST SPEED/DIRECTION    46/340    DATE  06/18

SKY COVER
POSSIBLE SUNSHINE (PERCENT)   MM
NUMBER OF DAYS FAIR           45
NUMBER OF DAYS PC             36
NUMBER OF DAYS CLOUDY         11

AVERAGE RH (PERCENT)     76

WEATHER CONDITIONS. NUMBER OF DAYS WITH
THUNDERSTORM             37     MIXED PRECIP               0
HEAVY RAIN               37     RAIN                      32
LIGHT RAIN               46     FREEZING RAIN              0
LT FREEZING RAIN          0     HAIL                       0
HEAVY SNOW                0     SNOW                       0
LIGHT SNOW                0     SLEET                      0
FOG                      63     FOG W/VIS <= 1/4 MILE     32
HAZE                     17

-  INDICATES NEGATIVE NUMBERS.
R  INDICATES RECORD WAS SET OR TIED.
MM INDICATES DATA IS MISSING.
T  INDICATES TRACE AMOUNT.

$$

CARICO
