000
CXUS53 KJKL 011630
CLSJKL
CLIMATE REPORT
NATIONAL WEATHER SERVICE JACKSON KY
1130 AM EST WED DEC 01 2021
...................................
...THE JACKSON KY CLIMATE SUMMARY FOR THE SEASON, FROM
9/1/2021 TO 11/30/2021...
CLIMATE NORMAL PERIOD 1991 TO 2020
CLIMATE RECORD PERIOD 1981 TO 2021
WEATHER OBSERVED NORMAL DEPART LAST YEAR`S
VALUE DATE(S) VALUE FROM VALUE DATE(S)
NORMAL
................................................................
TEMPERATURE (F)
RECORD
HIGH 98 09/10/2019
LOW 13 11/13/2019
11/14/1986
HIGHEST 86 09/14 MM MM 87 09/02
09/19
09/01
LOWEST 22 11/23 MM MM 28 11/30
11/02
AVG. MAXIMUM 68.7 68.4 0.3 69.8
AVG. MINIMUM 50.2 48.8 1.4 50.8
MEAN 59.4 58.6 0.8 60.3
DAYS MAX >= 90 0 2.2 -2.2 0
DAYS MAX <= 32 0 0.5 -0.5 0
DAYS MIN <= 32 15 9.6 5.4 3
DAYS MIN <= 0 0 0.0 0.0 0
PRECIPITATION (INCHES)
RECORD
MAXIMUM 19.20 2018
MINIMUM 4.32 2001
TOTALS 6.90 10.37 -3.47 9.91
DAILY AVG. 0.08 0.11 -0.03 0.11
DAYS >= .01 28 28.7 -0.7 26
DAYS >= .10 17 18.2 -1.2 15
DAYS >= .50 4 7.1 -3.1 10
DAYS >= 1.00 0 2.5 -2.5 2
GREATEST
24 HR. TOTAL 0.90 09/22 TO 09/23 1.51
SNOWFALL (INCHES)
RECORDS
TOTAL 5.1 1995
24 HR TOTAL 4.3 11/28/1995 TO 11/28/1995
TOTALS T 0.8 -0.8 1.4
SINCE 7/1 T 0.8 -0.8 1.4
SNOWDEPTH AVG. 0 0
DAYS >= 1.0 0 0.4 -0.4 1
GREATEST
24 HR TOTAL T 11/13 TO 11/13 1.4
11/15 TO 11/15
11/26 TO 11/26
DEGREE DAYS
HEATING TOTAL 739 783 -44 603
SINCE 7/1 739 784 -45 603
COOLING TOTAL 257 201 56 199
SINCE 1/1 1379 1235 144 1362
................................................................
WIND (MPH)
AVERAGE WIND SPEED 2.6
RESULTANT WIND SPEED/DIRECTION 1/170
HIGHEST WIND SPEED/DIRECTION 20/180 DATE 11/11
HIGHEST GUST SPEED/DIRECTION 37/170 DATE 11/11
SKY COVER
POSSIBLE SUNSHINE (PERCENT) MM
NUMBER OF DAYS FAIR 48
NUMBER OF DAYS PC 30
NUMBER OF DAYS CLOUDY 13
AVERAGE RH (PERCENT) 68
WEATHER CONDITIONS. NUMBER OF DAYS WITH
THUNDERSTORM 2 MIXED PRECIP 0
HEAVY RAIN 7 RAIN 22
LIGHT RAIN 34 FREEZING RAIN 0
LT FREEZING RAIN 0 HAIL 0
HEAVY SNOW 0 SNOW 0
LIGHT SNOW 3 SLEET 0
FOG 48 FOG W/VIS <= 1/4 MILE 16
HAZE 4
- INDICATES NEGATIVE NUMBERS.
R INDICATES RECORD WAS SET OR TIED.
MM INDICATES DATA IS MISSING.
T INDICATES TRACE AMOUNT.
$$
CARICO