000
CXUS53 KJKL 010731
CLSJKL

CLIMATE REPORT
NATIONAL WEATHER SERVICE JACKSON KY
331 AM EDT SAT SEP 1 2012

...................................

...THE JACKSON KY CLIMATE SUMMARY FOR THE SEASON, FROM
6/1/2012 TO 8/31/2012...

CLIMATE NORMAL PERIOD 1981 TO 2010
CLIMATE RECORD PERIOD 1981 TO 2012

WEATHER         OBSERVED          NORMAL  DEPART  LAST YEAR`S
                 VALUE   DATE(S)  VALUE   FROM    VALUE  DATE(S)
                                          NORMAL
................................................................
TEMPERATURE (F)
RECORD
 HIGH             104   06/29/2012
 LOW               44   06/07/1998
                        06/01/1993
                        06/10/1988
HIGHEST           104R  06/29        MM      MM       92  07/28
                                                          06/08
LOWEST             48   06/02        MM      MM       55  06/14
AVG. MAXIMUM     85.0              83.4     1.6     84.2
AVG. MINIMUM     64.4              64.6    -0.2     66.0
MEAN             74.7              74.0     0.7     75.1
DAYS MAX >= 90     17              10.5     6.5       10
DAYS MAX <= 32      0               0.0     0.0        0
DAYS MIN <= 32      0               0.0     0.0        0
DAYS MIN <= 0       0               0.0     0.0        0

PRECIPITATION (INCHES)
RECORD
 MAXIMUM        19.17   1985
 MINIMUM         7.37   1986
TOTALS          14.05             13.04    1.01    14.58
DAILY AVG.       0.15              0.14    0.01     0.16
DAYS >= .01        36              34.3     1.7       33
DAYS >= .10        26              22.8     3.2       23
DAYS >= .50        12               9.3     2.7        8
DAYS >= 1.00        4               3.3     0.7        4
GREATEST
 24 HR. TOTAL    1.78   08/05 TO 08/06              2.34

SNOWFALL (INCHES)
RECORDS
 TOTAL             MM   MM
 24 HR TOTAL       MM
TOTALS            0.0               0.0     0.0        T
SINCE 7/1         0.0               0.0     0.0      0.0
SNOWDEPTH AVG.      0                MM      MM        0
DAYS >= 1.0         0               0.0     0.0        0
GREATEST
 24 HR TOTAL      0.0   MM                           0.0

DEGREE_DAYS
HEATING TOTAL      12                14      -2        2
 SINCE 7/1          0                 2      -2        0
COOLING TOTAL     927               842      85      950
 SINCE 1/1       1178               978     200     1134
.................................................................

WIND (MPH)
AVERAGE WIND SPEED              1.3
RESULTANT WIND SPEED/DIRECTION   1/106
HIGHEST WIND SPEED/DIRECTION    20/260    DATE  06/28
HIGHEST GUST SPEED/DIRECTION    37/020    DATE  06/29

SKY COVER
POSSIBLE SUNSHINE (PERCENT)   MM
NUMBER OF DAYS FAIR           64
NUMBER OF DAYS PC             25
NUMBER OF DAYS CLOUDY          3

AVERAGE RH (PERCENT)     70

WEATHER CONDITIONS. NUMBER OF DAYS WITH
THUNDERSTORM             26     MIXED PRECIP               0
HEAVY RAIN               24     RAIN                      25
LIGHT RAIN               39     FREEZING RAIN              0
LT FREEZING RAIN          0     HAIL                       0
HEAVY SNOW                0     SNOW                       0
LIGHT SNOW                0     SLEET                      0
FOG                      56     FOG W/VIS <= 1/4 MILE     22
HAZE                      7

-  INDICATES NEGATIVE NUMBERS.
R  INDICATES RECORD WAS SET OR TIED.
MM INDICATES DATA IS MISSING.
T  INDICATES TRACE AMOUNT.

$$

CARICO
