000
CXUS53 KJKL 010755
CLSJKL

CLIMATE REPORT
NATIONAL WEATHER SERVICE JACKSON KY
255 AM EST WED DEC 1 2010

...................................

...THE JACKSON KY CLIMATE SUMMARY FOR THE SEASON, FROM
9/1/2010 TO 11/30/2010...

CLIMATE NORMAL PERIOD 1971 TO 2000
CLIMATE RECORD PERIOD 1981 TO 2010

WEATHER         OBSERVED          NORMAL  DEPART  LAST YEAR`S
                 VALUE   DATE(S)  VALUE   FROM    VALUE  DATE(S)
                                          NORMAL
................................................................
TEMPERATURE (F)
RECORD
 HIGH              95   09/05/2007
                        09/14/1998
                        09/06/1998
 LOW               13   11/14/1986
HIGHEST            92   09/23        MM      MM       83  09/22
                        09/07
                        09/02
LOWEST             27   11/28        MM      MM       29  11/28
                        11/26                             10/19
                        11/07
AVG. MAXIMUM     70.5              67.1     3.4     66.5
AVG. MINIMUM     48.6              48.2     0.4     49.5
MEAN             59.6              57.7     1.9     58.0
DAYS MAX >= 90      5               1.1     3.9        0
DAYS MAX <= 32      0               0.4    -0.4        0
DAYS MIN <= 32      6              10.0    -4.0        3
DAYS MIN <= 0       0               0.0     0.0        0

PRECIPITATION (INCHES)
RECORD
 MAXIMUM        19.01   1989
 MINIMUM         4.32   2001
TOTALS           9.50             11.15   -1.65     9.22
DAILY AVG.       0.10              0.12   -0.02     0.10
DAYS >= .01        25              28.8    -3.8       31
DAYS >= .10        16              18.9    -2.9       15
DAYS >= .50         6               7.5    -1.5        6
DAYS >= 1.00        1               3.0    -2.0        1
GREATEST
 24 HR. TOTAL    2.55   11/29 TO 11/30              2.79

SNOWFALL (INCHES)
RECORDS
 TOTAL            5.1   1995
 24 HR TOTAL      4.3   11/28/1995 TO 11/28/1995
TOTALS              T               0.8    -0.8        T
SINCE 7/1           T               0.8    -0.8        T
SNOWDEPTH AVG.      0                MM      MM        0
DAYS >= 1.0         0               0.3    -0.3        0
GREATEST
 24 HR TOTAL        T   11/26 TO 11/26                 T
                        11/06 TO 11/06
                        11/05 TO 11/05

DEGREE_DAYS
HEATING TOTAL     687               829    -142      761
 SINCE 7/1        687               833    -146      772
COOLING TOTAL     217               160      57      147
 SINCE 1/1       1504              1059     445      987
.................................................................

WIND (MPH)
AVERAGE WIND SPEED              2.8
RESULTANT WIND SPEED/DIRECTION   1/135
HIGHEST WIND SPEED/DIRECTION    26/220    DATE  11/16
HIGHEST GUST SPEED/DIRECTION    45/230    DATE  11/16

SKY COVER
POSSIBLE SUNSHINE (PERCENT)   MM
NUMBER OF DAYS FAIR           58
NUMBER OF DAYS PC             22
NUMBER OF DAYS CLOUDY         11

AVERAGE RH (PERCENT)     61

WEATHER CONDITIONS. NUMBER OF DAYS WITH
THUNDERSTORM              6     MIXED PRECIP               0
HEAVY RAIN                9     RAIN                      18
LIGHT RAIN               34     FREEZING RAIN              0
LT FREEZING RAIN          0     HAIL                       0
HEAVY SNOW                0     SNOW                       0
LIGHT SNOW                2     SLEET                      0
FOG                      34     FOG W/VIS <= 1/4 MILE     14
HAZE                      9

-  INDICATES NEGATIVE NUMBERS.
R  INDICATES RECORD WAS SET OR TIED.
MM INDICATES DATA IS MISSING.
T  INDICATES TRACE AMOUNT.

$$

CARICO
